66.249.79.34 - - [18/Mar/2024:05:11:13 -0700] "GET /sample-menus HTTP/1.1" 200 21269 "-" "Mozilla/5.0 (Linux; Android 6.0.1; Nexus 5X Build/MMB29P) AppleWebKit/537.36 (KHTML, like Gecko) Chrome/122.0.6261.94 Mobile Safari/537.36 (compatible; Googlebot/2.1; +http://www.google.com/bot.html)"
66.249.79.33 - - [18/Mar/2024:05:11:16 -0700] "GET /css/sea-green.css HTTP/1.1" 200 19802 "https://ceruleanvilla.com/sample-menus" "Mozilla/5.0 (Linux; Android 6.0.1; Nexus 5X Build/MMB29P) AppleWebKit/537.36 (KHTML, like Gecko) Chrome/122.0.6261.94 Mobile Safari/537.36 (compatible; Googlebot/2.1; +http://www.google.com/bot.html)"
66.249.79.35 - - [18/Mar/2024:05:11:17 -0700] "GET /js-plugin/appear/nekoAnim.css HTTP/1.1" 200 15312 "https://ceruleanvilla.com/sample-menus" "Mozilla/5.0 (Linux; Android 6.0.1; Nexus 5X Build/MMB29P) AppleWebKit/537.36 (KHTML, like Gecko) Chrome/122.0.6261.94 Mobile Safari/537.36 (compatible; Googlebot/2.1; +http://www.google.com/bot.html)"
66.249.79.34 - - [18/Mar/2024:05:11:17 -0700] "GET /js-plugin/appear/jquery.appear.js HTTP/1.1" 200 4202 "https://ceruleanvilla.com/sample-menus" "Mozilla/5.0 (Linux; Android 6.0.1; Nexus 5X Build/MMB29P) AppleWebKit/537.36 (KHTML, like Gecko) Chrome/122.0.6261.94 Mobile Safari/537.36 (compatible; Googlebot/2.1; +http://www.google.com/bot.html)"
216.244.66.243 - - [18/Mar/2024:05:12:32 -0700] "GET /sample-menus/178 HTTP/1.1" 200 20863 "-" "Mozilla/5.0 (compatible; DotBot/1.2; +https://opensiteexplorer.org/dotbot; help@moz.com)"
216.244.66.243 - - [18/Mar/2024:05:12:55 -0700] "GET /wp HTTP/1.1" 500 4319 "-" "Mozilla/5.0 (compatible; DotBot/1.2; +https://opensiteexplorer.org/dotbot; help@moz.com)"
103.131.71.41 - - [18/Mar/2024:05:16:15 -0700] "GET /robots.txt HTTP/1.1" 404 - "-" "Mozilla/5.0 (compatible; coccocbot-image/1.0; +http://help.coccoc.com/searchengine)"
103.131.71.19 - - [18/Mar/2024:05:16:18 -0700] "GET /uploads/h2t6KU_iStock_21197280_WEB.jpg HTTP/1.1" 200 77594 "-" "Mozilla/5.0 (compatible; coccocbot-image/1.0; +http://help.coccoc.com/searchengine)"
45.79.215.51 - - [18/Mar/2024:05:27:17 -0700] "GET /?sucurianticache=268577567 HTTP/1.1" 301 409 "-" "Sucuri Uptime Monitor"
45.79.215.51 - - [18/Mar/2024:05:27:17 -0700] "GET /home HTTP/1.1" 200 29743 "-" "Sucuri Uptime Monitor"
44.235.221.120 - - [18/Mar/2024:05:27:18 -0700] "GET /?sucurianticache=292578133 HTTP/1.1" 301 409 "-" "Sucuri Uptime Monitor"
44.235.221.120 - - [18/Mar/2024:05:27:18 -0700] "GET /home HTTP/1.1" 200 29743 "-" "Sucuri Uptime Monitor"
49.51.204.252 - - [18/Mar/2024:05:38:42 -0700] "GET /uploads/58YMeD_ANG_8378_gb_2.jpg HTTP/1.1" 200 766010 "-" "python-httpx/0.26.0"
61.173.72.79 - - [18/Mar/2024:05:40:22 -0700] "GET /uploads/H1GBRQ_home_SQ11.jpg HTTP/1.1" 200 58692 "-" "Mozilla/5.0 (X11; Ubuntu; Linux x86_64; rv:72.0) Gecko/20100101 Firefox/72.0"
100.92.38.241 - - [18/Mar/2024:06:08:44 -0700] "HEAD / HTTP/1.1" 301 - "-" "Go-http-client/1.1"
100.92.38.241 - - [18/Mar/2024:06:08:44 -0700] "HEAD /home HTTP/1.1" 200 - "https://ceruleanvilla.com" "Go-http-client/1.1"
72.14.187.58 - - [18/Mar/2024:06:27:38 -0700] "GET /?sucurianticache=1734578400 HTTP/1.1" 301 409 "-" "Sucuri Uptime Monitor"
72.14.187.58 - - [18/Mar/2024:06:27:38 -0700] "GET /home HTTP/1.1" 200 29743 "-" "Sucuri Uptime Monitor"
50.116.47.181 - - [18/Mar/2024:06:27:39 -0700] "GET /?sucurianticache=1986945155 HTTP/1.1" 301 409 "-" "Sucuri Uptime Monitor"
50.116.47.181 - - [18/Mar/2024:06:27:39 -0700] "GET /home HTTP/1.1" 200 29743 "-" "Sucuri Uptime Monitor"
101.44.248.161 - - [18/Mar/2024:06:38:23 -0700] "GET /sample-menus/170 HTTP/1.1" 200 22004 "https://www.ceruleanvilla.com/sample-menus/170" "Mozilla/5.0 (Macintosh; Intel Mac OS X 10_15_7) AppleWebKit/537.36 (KHTML, like Gecko) Chrome/114.0.0.0 Safari/537.36"
66.249.79.35 - - [18/Mar/2024:06:40:10 -0700] "GET /ads.txt HTTP/1.1" 500 4319 "-" "Mozilla/5.0 (compatible; Googlebot/2.1; +http://www.google.com/bot.html)"
142.93.126.239 - - [18/Mar/2024:06:43:21 -0700] "GET / HTTP/1.1" 301 409 "-" "Mozilla/5.0 (Macintosh; Intel Mac OS X 10_15_7) AppleWebKit/537.36 (KHTML, like Gecko) Chrome/121.0.0.0 Safari/537.36"
142.93.126.239 - - [18/Mar/2024:06:43:22 -0700] "GET /home HTTP/1.1" 200 29743 "https://ceruleanvilla.com/" "Mozilla/5.0 (Macintosh; Intel Mac OS X 10_15_7) AppleWebKit/537.36 (KHTML, like Gecko) Chrome/121.0.0.0 Safari/537.36"
5.42.80.235 - - [18/Mar/2024:06:51:48 -0700] "GET / HTTP/1.0" 301 409 "https://ceruleanvilla.com/" "Mozilla/5.0 (Windows NT 6.1; Win64; x64) AppleWebKit/537.36 (KHTML, like Gecko) Chrome/103.0.5060.66 Safari/537.36"
5.42.80.235 - - [18/Mar/2024:06:51:50 -0700] "GET /home HTTP/1.0" 200 29743 "https://ceruleanvilla.com/home" "Mozilla/5.0 (Windows NT 6.1; Win64; x64) AppleWebKit/537.36 (KHTML, like Gecko) Chrome/103.0.5060.66 Safari/537.36"
5.42.80.235 - - [18/Mar/2024:06:51:53 -0700] "GET /js-plugin/neko-contact-ajax-plugin/php/image.php HTTP/1.0" 200 6036 "https://ceruleanvilla.com/home" "Mozilla/5.0 (Windows NT 6.1; Win64; x64) AppleWebKit/537.36 (KHTML, like Gecko) Chrome/103.0.5060.66 Safari/537.36"
5.42.80.235 - - [18/Mar/2024:06:51:56 -0700] "POST /js-plugin/neko-contact-ajax-plugin/php/form-handler.php HTTP/1.0" 200 132 "https://ceruleanvilla.com/home" "Mozilla/5.0 (Windows NT 6.1; Win64; x64) AppleWebKit/537.36 (KHTML, like Gecko) Chrome/103.0.5060.66 Safari/537.36"
196.198.211.203 - - [18/Mar/2024:06:53:48 -0700] "GET /home HTTP/1.1" 200 29743 "https://ceruleanvilla.com/" "Mozilla/5.0 (Macintosh; Intel Mac OS X 12.5; rv:114.0) Gecko/20100101 Firefox/114.0"
196.198.211.203 - - [18/Mar/2024:06:53:54 -0700] "GET /template-site-map.html HTTP/1.1" 500 4319 "https://ceruleanvilla.com/" "Mozilla/5.0 (Macintosh; Intel Mac OS X 12.5; rv:114.0) Gecko/20100101 Firefox/114.0"
66.249.79.35 - - [18/Mar/2024:07:10:08 -0700] "GET /ads.txt HTTP/1.1" 500 4319 "-" "Mozilla/5.0 (compatible; Googlebot/2.1; +http://www.google.com/bot.html)"
123.126.50.46 - - [18/Mar/2024:07:10:42 -0700] "GET / HTTP/1.1" 301 409 "-" "Sogou web spider/4.0(+http://www.sogou.com/docs/help/webmasters.htm#07)"
123.126.50.54 - - [18/Mar/2024:07:10:43 -0700] "GET /home HTTP/1.1" 200 29743 "-" "Sogou web spider/4.0(+http://www.sogou.com/docs/help/webmasters.htm#07)"
120.33.229.164 - - [18/Mar/2024:07:18:56 -0700] "GET /home HTTP/1.1" 200 29743 "https://www.jearyblog.online/" "Mozilla/5.0 (iPhone; CPU iPhone OS 16_6 like Mac OS X) AppleWebKit/605.1.15 (KHTML, like Gecko) Version/16.6 Mobile/15E148 Safari/604.1"
123.126.68.126 - - [18/Mar/2024:07:28:03 -0700] "GET / HTTP/1.1" 301 409 "-" "Sogou web spider/4.0(+http://www.sogou.com/docs/help/webmasters.htm#07)"
123.126.68.92 - - [18/Mar/2024:07:28:06 -0700] "GET /home HTTP/1.1" 200 29743 "-" "Sogou web spider/4.0(+http://www.sogou.com/docs/help/webmasters.htm#07)"
35.84.130.69 - - [18/Mar/2024:07:28:14 -0700] "GET /?sucurianticache=1174307953 HTTP/1.1" 301 409 "-" "Sucuri Uptime Monitor"
35.84.130.69 - - [18/Mar/2024:07:28:14 -0700] "GET /home HTTP/1.1" 200 29743 "-" "Sucuri Uptime Monitor"
35.84.117.23 - - [18/Mar/2024:07:28:15 -0700] "GET /?sucurianticache=935708252 HTTP/1.1" 301 409 "-" "Sucuri Uptime Monitor"
35.84.117.23 - - [18/Mar/2024:07:28:15 -0700] "GET /home HTTP/1.1" 200 29743 "-" "Sucuri Uptime Monitor"
46.148.206.226 - - [18/Mar/2024:07:32:22 -0700] "GET / HTTP/1.0" 301 409 "https://ceruleanvilla.com/" "Mozilla/5.0 (Windows NT 6.3; Win64; x64) AppleWebKit/537.36 (KHTML, like Gecko) Chrome/103.0.5060.66 Safari/537.36"
46.148.206.226 - - [18/Mar/2024:07:32:23 -0700] "GET /home HTTP/1.0" 200 29743 "https://ceruleanvilla.com/home" "Mozilla/5.0 (Windows NT 6.3; Win64; x64) AppleWebKit/537.36 (KHTML, like Gecko) Chrome/103.0.5060.66 Safari/537.36"
46.148.206.226 - - [18/Mar/2024:07:32:24 -0700] "GET /js-plugin/neko-contact-ajax-plugin/php/image.php HTTP/1.0" 200 6094 "https://ceruleanvilla.com/home" "Mozilla/5.0 (Windows NT 6.3; Win64; x64) AppleWebKit/537.36 (KHTML, like Gecko) Chrome/103.0.5060.66 Safari/537.36"
46.148.206.226 - - [18/Mar/2024:07:32:25 -0700] "POST /js-plugin/neko-contact-ajax-plugin/php/form-handler.php HTTP/1.0" 200 132 "https://ceruleanvilla.com/home" "Mozilla/5.0 (Windows NT 6.3; Win64; x64) AppleWebKit/537.36 (KHTML, like Gecko) Chrome/103.0.5060.66 Safari/537.36"
46.148.206.226 - - [18/Mar/2024:07:32:26 -0700] "GET /home HTTP/1.0" 200 29743 "https://ceruleanvilla.com/home" "Mozilla/5.0 (Windows NT 6.3; Win64; x64) AppleWebKit/537.36 (KHTML, like Gecko) Chrome/103.0.5060.66 Safari/537.36"
8.130.95.189 - - [18/Mar/2024:07:35:37 -0700] "GET /uploads/RxNFmG_ANG_5078_1.jpg HTTP/1.1" 200 472071 "-" "Mozilla/5.0 (X11; Ubuntu; Linux x86_64; rv:72.0) Gecko/20100101 Firefox/72.0"
54.236.1.11 - - [18/Mar/2024:07:37:30 -0700] "GET /robots.txt HTTP/1.1" 404 - "-" "Mozilla/5.0 (compatible; Pinterestbot/1.0; +http://www.pinterest.com/bot.html)"
54.236.1.11 - - [18/Mar/2024:07:37:30 -0700] "GET /robots.txt HTTP/1.1" 404 - "-" "Mozilla/5.0 (compatible; Pinterestbot/1.0; +http://www.pinterest.com/bot.html)"
54.236.1.11 - - [18/Mar/2024:07:37:30 -0700] "GET / HTTP/1.1" 301 409 "-" "Mozilla/5.0 (compatible; Pinterestbot/1.0; +http://www.pinterest.com/bot.html)"
54.236.1.11 - - [18/Mar/2024:07:37:30 -0700] "GET /home HTTP/1.1" 200 29743 "-" "Mozilla/5.0 (compatible; Pinterestbot/1.0; +http://www.pinterest.com/bot.html)"
100.92.36.119 - - [18/Mar/2024:07:41:54 -0700] "GET /?rnd=1710772909486 HTTP/1.1" 301 409 "http://ceruleanvilla.com/?rnd=1710772909486" "GoDaddy Uptime Monitor"
100.92.36.119 - - [18/Mar/2024:07:41:54 -0700] "GET /home HTTP/1.1" 200 29743 "https://ceruleanvilla.com/?rnd=1710772909486" "GoDaddy Uptime Monitor"
8.130.95.189 - - [18/Mar/2024:08:02:36 -0700] "GET /uploads/KEn4C5_JEWEL_28_1.jpg HTTP/1.1" 200 234672 "-" "Mozilla/5.0 (X11; Ubuntu; Linux x86_64; rv:72.0) Gecko/20100101 Firefox/72.0"
216.244.66.243 - - [18/Mar/2024:08:07:17 -0700] "GET /robots.txt HTTP/1.1" 404 - "-" "Mozilla/5.0 (compatible; DotBot/1.2; +https://opensiteexplorer.org/dotbot; help@moz.com)"
216.244.66.243 - - [18/Mar/2024:08:20:25 -0700] "GET /index.php/template-site-map.html HTTP/1.1" 500 4319 "-" "Mozilla/5.0 (compatible; DotBot/1.2; +https://opensiteexplorer.org/dotbot; help@moz.com)"
66.249.79.35 - - [18/Mar/2024:08:25:26 -0700] "GET / HTTP/1.1" 301 409 "-" "Mozilla/5.0 (compatible; Googlebot/2.1; +http://www.google.com/bot.html)"
66.249.79.34 - - [18/Mar/2024:08:25:26 -0700] "GET /home HTTP/1.1" 200 29743 "-" "Mozilla/5.0 (compatible; Googlebot/2.1; +http://www.google.com/bot.html)"
66.249.79.33 - - [18/Mar/2024:08:25:30 -0700] "GET /css/layout.css HTTP/1.1" 200 45288 "https://ceruleanvilla.com/home" "Mozilla/5.0 AppleWebKit/537.36 (KHTML, like Gecko; compatible; Googlebot/2.1; +http://www.google.com/bot.html) Chrome/122.0.6261.94 Safari/537.36"
66.249.79.34 - - [18/Mar/2024:08:25:30 -0700] "GET /js-plugin/magnific-popup/jquery.magnific-popup.min.js HTTP/1.1" 200 20748 "https://ceruleanvilla.com/home" "Mozilla/5.0 AppleWebKit/537.36 (KHTML, like Gecko; compatible; Googlebot/2.1; +http://www.google.com/bot.html) Chrome/122.0.6261.94 Safari/537.36"
66.249.79.33 - - [18/Mar/2024:08:25:30 -0700] "GET /js-plugin/svgeezy/svgeezy.min.js HTTP/1.1" 200 1173 "https://ceruleanvilla.com/home" "Mozilla/5.0 AppleWebKit/537.36 (KHTML, like Gecko; compatible; Googlebot/2.1; +http://www.google.com/bot.html) Chrome/122.0.6261.94 Safari/537.36"
66.249.79.34 - - [18/Mar/2024:08:25:33 -0700] "GET /images/favicon.ico HTTP/1.1" 200 - "-" "Googlebot-Image/1.0"
66.249.79.33 - - [18/Mar/2024:08:25:34 -0700] "GET /favicon.ico HTTP/1.1" 200 - "-" "Googlebot-Image/1.0"
216.244.66.243 - - [18/Mar/2024:08:29:07 -0700] "GET /FCKeditor/editor/filemanager/connectors/asp/connector.asp HTTP/1.1" 302 421 "-" "Mozilla/5.0 (compatible; DotBot/1.2; +https://opensiteexplorer.org/dotbot; help@moz.com)"
54.68.112.93 - - [18/Mar/2024:08:29:10 -0700] "GET /?sucurianticache=231562751 HTTP/1.1" 301 409 "-" "Sucuri Uptime Monitor"
54.68.112.93 - - [18/Mar/2024:08:29:10 -0700] "GET /home HTTP/1.1" 200 29743 "-" "Sucuri Uptime Monitor"
35.155.61.186 - - [18/Mar/2024:08:29:11 -0700] "GET /?sucurianticache=2026040448 HTTP/1.1" 301 409 "-" "Sucuri Uptime Monitor"
35.155.61.186 - - [18/Mar/2024:08:29:11 -0700] "GET /home HTTP/1.1" 200 29743 "-" "Sucuri Uptime Monitor"
46.29.235.68 - - [18/Mar/2024:08:44:47 -0700] "GET /contact HTTP/1.1" 200 18228 "-" "Mozilla/5.0 (Windows NT 10.0; Win64; x64) AppleWebKit/537.36 (KHTML, like Gecko) Chrome/114.0.0.0 Safari/537.36"
100.92.36.119 - - [18/Mar/2024:08:45:22 -0700] "GET /?rnd=1710776722342 HTTP/1.1" 301 409 "http://ceruleanvilla.com/?rnd=1710776722342" "GoDaddy Uptime Monitor"
100.92.36.119 - - [18/Mar/2024:08:45:22 -0700] "GET /home HTTP/1.1" 200 29743 "https://ceruleanvilla.com/?rnd=1710776722342" "GoDaddy Uptime Monitor"
185.181.230.151 - - [18/Mar/2024:08:59:07 -0700] "GET / HTTP/1.0" 301 409 "https://ceruleanvilla.com/" "Mozilla/5.0 (Windows NT 10.0; Win64; x64) AppleWebKit/537.36 (KHTML, like Gecko) Chrome/120.0.6099.71 Safari/537.36"
185.181.230.151 - - [18/Mar/2024:08:59:08 -0700] "GET /home HTTP/1.0" 200 29743 "https://ceruleanvilla.com/home" "Mozilla/5.0 (Windows NT 10.0; Win64; x64) AppleWebKit/537.36 (KHTML, like Gecko) Chrome/120.0.6099.71 Safari/537.36"
185.181.230.151 - - [18/Mar/2024:08:59:09 -0700] "GET /js-plugin/neko-contact-ajax-plugin/php/image.php HTTP/1.0" 200 6202 "https://ceruleanvilla.com/home" "Mozilla/5.0 (Windows NT 10.0; Win64; x64) AppleWebKit/537.36 (KHTML, like Gecko) Chrome/120.0.6099.71 Safari/537.36"
185.181.230.151 - - [18/Mar/2024:08:59:10 -0700] "POST /js-plugin/neko-contact-ajax-plugin/php/form-handler.php HTTP/1.0" 200 132 "https://ceruleanvilla.com/home" "Mozilla/5.0 (Windows NT 10.0; Win64; x64) AppleWebKit/537.36 (KHTML, like Gecko) Chrome/120.0.6099.71 Safari/537.36"
185.181.230.151 - - [18/Mar/2024:08:59:11 -0700] "GET /home HTTP/1.0" 200 29743 "https://ceruleanvilla.com/home" "Mozilla/5.0 (Windows NT 10.0; Win64; x64) AppleWebKit/537.36 (KHTML, like Gecko) Chrome/120.0.6099.71 Safari/537.36"
185.117.120.180 - - [18/Mar/2024:09:03:04 -0700] "GET / HTTP/1.0" 301 409 "https://ceruleanvilla.com/" "Mozilla/5.0 (Windows NT 10.0; Win64; x64) AppleWebKit/537.36 (KHTML, like Gecko) Chrome/120.0.6099.71 Safari/537.36"
185.117.120.180 - - [18/Mar/2024:09:03:05 -0700] "GET /home HTTP/1.0" 200 29743 "https://ceruleanvilla.com/home" "Mozilla/5.0 (Windows NT 10.0; Win64; x64) AppleWebKit/537.36 (KHTML, like Gecko) Chrome/120.0.6099.71 Safari/537.36"
185.117.120.180 - - [18/Mar/2024:09:03:06 -0700] "GET /js-plugin/neko-contact-ajax-plugin/php/image.php HTTP/1.0" 200 7263 "https://ceruleanvilla.com/home" "Mozilla/5.0 (Windows NT 10.0; Win64; x64) AppleWebKit/537.36 (KHTML, like Gecko) Chrome/120.0.6099.71 Safari/537.36"
185.117.120.180 - - [18/Mar/2024:09:03:07 -0700] "POST /js-plugin/neko-contact-ajax-plugin/php/form-handler.php HTTP/1.0" 200 132 "https://ceruleanvilla.com/home" "Mozilla/5.0 (Windows NT 10.0; Win64; x64) AppleWebKit/537.36 (KHTML, like Gecko) Chrome/120.0.6099.71 Safari/537.36"
216.244.66.243 - - [18/Mar/2024:09:06:32 -0700] "GET /robots.txt HTTP/1.1" 404 - "-" "Mozilla/5.0 (compatible; DotBot/1.2; +https://opensiteexplorer.org/dotbot; help@moz.com)"
216.244.66.243 - - [18/Mar/2024:09:06:32 -0700] "GET /robots.txt HTTP/1.1" 404 - "-" "Mozilla/5.0 (compatible; DotBot/1.2; +https://opensiteexplorer.org/dotbot; help@moz.com)"
129.158.41.190 - - [18/Mar/2024:09:07:30 -0700] "GET /contact HTTP/1.1" 200 18228 "-" "Mozilla/5.0 (Windows NT 10.0; Win64; x64) AppleWebKit/537.36 (KHTML, like Gecko) Chrome/114.0.0.0 Safari/537.36"
129.158.41.190 - - [18/Mar/2024:09:07:30 -0700] "GET /js-plugin/neko-contact-ajax-plugin/php/image.php HTTP/1.1" 200 7180 "https://ceruleanvilla.com/js-plugin/neko-contact-ajax-plugin/php/form-handler.php" "Mozilla/5.0 (Windows NT 10.0; Win64; x64) AppleWebKit/537.36 (KHTML, like Gecko) Chrome/114.0.0.0 Safari/537.36"
129.158.41.190 - - [18/Mar/2024:09:07:31 -0700] "POST /js-plugin/neko-contact-ajax-plugin/php/form-handler.php HTTP/1.1" 200 132 "https://ceruleanvilla.com/contact" "Mozilla/5.0 (Windows NT 10.0; Win64; x64) AppleWebKit/537.36 (KHTML, like Gecko) Chrome/114.0.0.0 Safari/537.36"
51.222.253.2 - - [18/Mar/2024:09:12:36 -0700] "GET /activities HTTP/1.1" 200 18017 "-" "Mozilla/5.0 (compatible; AhrefsBot/7.0; +http://ahrefs.com/robot/)"
51.222.253.15 - - [18/Mar/2024:09:12:39 -0700] "GET /uploads/XciSFI_ACTIV_9783_1.jpg HTTP/1.1" 200 262578 "-" "Mozilla/5.0 (compatible; AhrefsBot/7.0; +http://ahrefs.com/robot/)"
51.222.253.14 - - [18/Mar/2024:09:12:40 -0700] "GET /uploads/dZfn5d_ACTIVE_6407_2.jpg HTTP/1.1" 200 254627 "-" "Mozilla/5.0 (compatible; AhrefsBot/7.0; +http://ahrefs.com/robot/)"
216.244.66.243 - - [18/Mar/2024:09:15:17 -0700] "GET /2019 HTTP/1.1" 500 4319 "-" "Mozilla/5.0 (compatible; DotBot/1.2; +https://opensiteexplorer.org/dotbot; help@moz.com)"
216.244.66.243 - - [18/Mar/2024:09:16:56 -0700] "GET /Config_Shell.php HTTP/1.1" 500 4319 "-" "Mozilla/5.0 (compatible; DotBot/1.2; +https://opensiteexplorer.org/dotbot; help@moz.com)"
66.249.79.33 - - [18/Mar/2024:09:17:21 -0700] "GET /robots.txt HTTP/1.1" 404 - "-" "Mozilla/5.0 (compatible; Googlebot/2.1; +http://www.google.com/bot.html)"
66.249.79.34 - - [18/Mar/2024:09:17:21 -0700] "GET / HTTP/1.1" 301 409 "-" "Mozilla/5.0 (compatible; Googlebot/2.1; +http://www.google.com/bot.html)"
66.249.79.33 - - [18/Mar/2024:09:17:22 -0700] "GET /home HTTP/1.1" 200 29743 "-" "Mozilla/5.0 (compatible; Googlebot/2.1; +http://www.google.com/bot.html)"
157.55.39.61 - - [18/Mar/2024:09:24:56 -0700] "GET /home HTTP/1.1" 200 29743 "-" "Mozilla/5.0 AppleWebKit/537.36 (KHTML, like Gecko; compatible; bingbot/2.0; +http://www.bing.com/bingbot.htm) Chrome/116.0.1938.76 Safari/537.36"
100.92.38.155 - - [18/Mar/2024:09:26:25 -0700] "GET /?rnd=1710779185401 HTTP/1.1" 301 409 "http://ceruleanvilla.com/?rnd=1710779185401" "GoDaddy Uptime Monitor"
100.92.38.155 - - [18/Mar/2024:09:26:25 -0700] "GET /home HTTP/1.1" 200 29743 "https://ceruleanvilla.com/?rnd=1710779185401" "GoDaddy Uptime Monitor"
45.79.199.76 - - [18/Mar/2024:09:29:29 -0700] "GET /?sucurianticache=1047226565 HTTP/1.1" 301 409 "-" "Sucuri Uptime Monitor"
45.79.199.76 - - [18/Mar/2024:09:29:29 -0700] "GET /home HTTP/1.1" 200 29743 "-" "Sucuri Uptime Monitor"
34.208.80.94 - - [18/Mar/2024:09:29:33 -0700] "GET /?sucurianticache=1424621228 HTTP/1.1" 301 409 "-" "Sucuri Uptime Monitor"
34.208.80.94 - - [18/Mar/2024:09:29:33 -0700] "GET /home HTTP/1.1" 200 29743 "-" "Sucuri Uptime Monitor"
172.241.234.121 - - [18/Mar/2024:09:29:40 -0700] "GET /contact HTTP/1.1" 200 18228 "-" "Mozilla/5.0 (Windows NT 10.0; Win64; x64) AppleWebKit/537.36 (KHTML, like Gecko) Chrome/114.0.0.0 Safari/537.36"
173.178.63.64 - - [18/Mar/2024:09:41:09 -0700] "GET /uploads/RxNFmG_ANG_5078_1.jpg HTTP/1.1" 200 472071 "https://www.google.com/" "Mozilla/5.0 (Windows NT 10.0; Win64; x64) AppleWebKit/537.36 (KHTML, like Gecko) Chrome/122.0.0.0 Safari/537.36"
173.178.63.64 - - [18/Mar/2024:09:41:14 -0700] "GET /uploads/RxNFmG_ANG_5078_1.jpg HTTP/1.1" 200 472071 "https://www.google.com/" "Mozilla/5.0 (Windows NT 10.0; Win64; x64) AppleWebKit/537.36 (KHTML, like Gecko) Chrome/122.0.0.0 Safari/537.36"
66.249.79.34 - - [18/Mar/2024:09:46:22 -0700] "GET / HTTP/1.1" 301 409 "-" "Mozilla/5.0 (compatible; Googlebot/2.1; +http://www.google.com/bot.html)"
66.249.79.33 - - [18/Mar/2024:09:46:23 -0700] "GET /home HTTP/1.1" 200 29743 "-" "Mozilla/5.0 (compatible; Googlebot/2.1; +http://www.google.com/bot.html)"
192.0.101.11 - - [18/Mar/2024:09:47:36 -0700] "GET /uploads/RxNFmG_ANG_5078_1.jpg HTTP/1.1" 200 472071 "-" "Photon/1.0"
66.249.79.35 - - [18/Mar/2024:09:52:21 -0700] "GET / HTTP/1.1" 301 409 "-" "Mozilla/5.0 (compatible; Googlebot/2.1; +http://www.google.com/bot.html)"
66.249.79.35 - - [18/Mar/2024:09:52:22 -0700] "GET /home HTTP/1.1" 200 29743 "-" "Mozilla/5.0 (compatible; Googlebot/2.1; +http://www.google.com/bot.html)"
106.227.49.113 - - [18/Mar/2024:09:53:39 -0700] "GET / HTTP/1.1" 301 409 "http://ceruleanvilla.com" "Mozilla/5.0 (iPhone; CPU iPhone OS 13_2_3 like Mac OS X) AppleWebKit/605.1.15 (KHTML, like Gecko) Version/13.0.3 Mobile/15E148 Safari/604.1"
106.227.49.113 - - [18/Mar/2024:09:53:46 -0700] "GET /home HTTP/1.1" 200 29743 "https://ceruleanvilla.com/" "Mozilla/5.0 (iPhone; CPU iPhone OS 13_2_3 like Mac OS X) AppleWebKit/605.1.15 (KHTML, like Gecko) Version/13.0.3 Mobile/15E148 Safari/604.1"
66.249.79.32 - - [18/Mar/2024:09:55:27 -0700] "GET / HTTP/1.1" 301 425 "-" "Mozilla/5.0 (compatible; Googlebot/2.1; +http://www.google.com/bot.html)"
66.249.79.37 - - [18/Mar/2024:09:55:27 -0700] "GET /home HTTP/1.1" 200 29743 "-" "Mozilla/5.0 (compatible; Googlebot/2.1; +http://www.google.com/bot.html)"
66.249.79.36 - - [18/Mar/2024:09:55:29 -0700] "GET /bootstrap/js/bootstrap.js HTTP/1.1" 200 58470 "https://www.ceruleanvilla.com/home" "Mozilla/5.0 AppleWebKit/537.36 (KHTML, like Gecko; compatible; Googlebot/2.1; +http://www.google.com/bot.html) Chrome/122.0.6261.94 Safari/537.36"
100.92.38.155 - - [18/Mar/2024:09:58:22 -0700] "GET /?rnd=1710781102201 HTTP/1.1" 301 409 "http://ceruleanvilla.com/?rnd=1710781102201" "GoDaddy Uptime Monitor"
100.92.38.155 - - [18/Mar/2024:09:58:22 -0700] "GET /home HTTP/1.1" 200 29743 "https://ceruleanvilla.com/?rnd=1710781102201" "GoDaddy Uptime Monitor"
24.83.27.62 - - [18/Mar/2024:10:00:26 -0700] "GET /uploads/RxNFmG_ANG_5078_1.jpg HTTP/1.1" 200 472071 "-" "Mozilla/5.0 (X11; Ubuntu; Linux x86_64; rv:72.0) Gecko/20100101 Firefox/72.0"
59.46.93.145 - - [18/Mar/2024:10:04:00 -0700] "GET /uploads/RxNFmG_ANG_5078_1.jpg HTTP/1.1" 200 472071 "-" "python-requests/2.31.0"
216.244.66.243 - - [18/Mar/2024:10:05:21 -0700] "GET /robots.txt HTTP/1.1" 404 - "-" "Mozilla/5.0 (compatible; DotBot/1.2; +https://opensiteexplorer.org/dotbot; help@moz.com)"
216.244.66.243 - - [18/Mar/2024:10:05:21 -0700] "GET /robots.txt HTTP/1.1" 404 - "-" "Mozilla/5.0 (compatible; DotBot/1.2; +https://opensiteexplorer.org/dotbot; help@moz.com)"
24.83.27.62 - - [18/Mar/2024:10:05:49 -0700] "GET /uploads/KEn4C5_JEWEL_28_1.jpg HTTP/1.1" 200 234672 "-" "Mozilla/5.0 (X11; Ubuntu; Linux x86_64; rv:72.0) Gecko/20100101 Firefox/72.0"
216.244.66.243 - - [18/Mar/2024:10:13:17 -0700] "GET /bk HTTP/1.1" 500 4319 "-" "Mozilla/5.0 (compatible; DotBot/1.2; +https://opensiteexplorer.org/dotbot; help@moz.com)"
216.244.66.243 - - [18/Mar/2024:10:13:25 -0700] "GET /wp2/ HTTP/1.1" 301 241 "-" "Mozilla/5.0 (compatible; DotBot/1.2; +https://opensiteexplorer.org/dotbot; help@moz.com)"
216.244.66.243 - - [18/Mar/2024:10:13:36 -0700] "GET /old/ HTTP/1.1" 301 237 "-" "Mozilla/5.0 (compatible; DotBot/1.2; +https://opensiteexplorer.org/dotbot; help@moz.com)"
66.249.79.33 - - [18/Mar/2024:10:15:37 -0700] "GET / HTTP/1.1" 301 409 "-" "Mozilla/5.0 (compatible; Googlebot/2.1; +http://www.google.com/bot.html)"
66.249.79.34 - - [18/Mar/2024:10:15:37 -0700] "GET /home HTTP/1.1" 200 29743 "-" "Mozilla/5.0 (compatible; Googlebot/2.1; +http://www.google.com/bot.html)"
59.46.93.145 - - [18/Mar/2024:10:28:19 -0700] "GET /uploads/KEn4C5_JEWEL_28_1.jpg HTTP/1.1" 200 234672 "-" "python-requests/2.31.0"
45.33.99.88 - - [18/Mar/2024:10:30:15 -0700] "GET /?sucurianticache=637711914 HTTP/1.1" 301 409 "-" "Sucuri Uptime Monitor"
45.33.99.88 - - [18/Mar/2024:10:30:15 -0700] "GET /home HTTP/1.1" 200 29743 "-" "Sucuri Uptime Monitor"
45.79.207.127 - - [18/Mar/2024:10:30:17 -0700] "GET /?sucurianticache=504050741 HTTP/1.1" 301 409 "-" "Sucuri Uptime Monitor"
45.79.207.127 - - [18/Mar/2024:10:30:17 -0700] "GET /home HTTP/1.1" 200 29743 "-" "Sucuri Uptime Monitor"
173.252.107.116 - - [18/Mar/2024:10:35:40 -0700] "GET /robots.txt HTTP/1.1" 404 - "-" "facebookexternalhit/1.1 (+http://www.facebook.com/externalhit_uatext.php)"
173.252.127.118 - - [18/Mar/2024:10:35:40 -0700] "GET /uploads/6YXIky_home_MAIN_update_2016.jpg HTTP/1.1" 200 979341 "-" "facebookexternalhit/1.1 (+http://www.facebook.com/externalhit_uatext.php)"
173.252.107.3 - - [18/Mar/2024:10:35:40 -0700] "GET /uploads/6YXIky_home_MAIN_update_2016.jpg HTTP/1.1" 200 979341 "-" "facebookexternalhit/1.1 (+http://www.facebook.com/externalhit_uatext.php)"
100.92.36.119 - - [18/Mar/2024:10:36:10 -0700] "GET /?rnd=1710783370717 HTTP/1.1" 301 409 "http://ceruleanvilla.com/?rnd=1710783370717" "GoDaddy Uptime Monitor"
100.92.36.119 - - [18/Mar/2024:10:36:11 -0700] "GET /home HTTP/1.1" 200 29743 "https://ceruleanvilla.com/?rnd=1710783370717" "GoDaddy Uptime Monitor"
17.241.227.246 - - [18/Mar/2024:11:02:48 -0700] "GET /uploads HTTP/1.1" 200 - "-" "Mozilla/5.0 (Macintosh; Intel Mac OS X 10_15_5) AppleWebKit/605.1.15 (KHTML, like Gecko) Version/13.1.1 Safari/605.1.15 (Applebot/0.1; +http://www.apple.com/go/applebot)"
216.244.66.243 - - [18/Mar/2024:11:04:59 -0700] "GET /robots.txt HTTP/1.1" 404 - "-" "Mozilla/5.0 (compatible; DotBot/1.2; +https://opensiteexplorer.org/dotbot; help@moz.com)"
51.222.253.3 - - [18/Mar/2024:11:10:05 -0700] "GET /press-releases HTTP/1.1" 200 19797 "-" "Mozilla/5.0 (compatible; AhrefsBot/7.0; +http://ahrefs.com/robot/)"
100.92.36.119 - - [18/Mar/2024:11:11:33 -0700] "GET /?rnd=1710785493265 HTTP/1.1" 301 409 "http://ceruleanvilla.com/?rnd=1710785493265" "GoDaddy Uptime Monitor"
100.92.36.119 - - [18/Mar/2024:11:11:33 -0700] "GET /home HTTP/1.1" 200 29743 "https://ceruleanvilla.com/?rnd=1710785493265" "GoDaddy Uptime Monitor"
164.152.28.33 - - [18/Mar/2024:11:13:22 -0700] "GET /uploads/RxNFmG_ANG_5078_1.jpg HTTP/1.1" 200 472071 "-" "Mozilla/5.0 (X11; Ubuntu; Linux x86_64; rv:72.0) Gecko/20100101 Firefox/72.0"
216.244.66.243 - - [18/Mar/2024:11:13:46 -0700] "GET /utility/convert/data/config.inc.php HTTP/1.1" 302 421 "-" "Mozilla/5.0 (compatible; DotBot/1.2; +https://opensiteexplorer.org/dotbot; help@moz.com)"
216.244.66.243 - - [18/Mar/2024:11:15:53 -0700] "GET /diguo/index.php HTTP/1.1" 302 421 "-" "Mozilla/5.0 (compatible; DotBot/1.2; +https://opensiteexplorer.org/dotbot; help@moz.com)"
31.13.103.9 - - [18/Mar/2024:11:17:45 -0700] "GET / HTTP/1.1" 301 409 "-" "facebookexternalhit/1.1 (+http://www.facebook.com/externalhit_uatext.php)"
31.13.103.9 - - [18/Mar/2024:11:17:46 -0700] "GET /home HTTP/1.1" 200 29743 "-" "facebookexternalhit/1.1 (+http://www.facebook.com/externalhit_uatext.php)"
31.13.103.5 - - [18/Mar/2024:11:17:47 -0700] "GET /js-plugin/respond/respond.min.js HTTP/1.1" 200 4069 "-" "facebookexternalhit/1.1 (+http://www.facebook.com/externalhit_uatext.php)"
31.13.103.4 - - [18/Mar/2024:11:17:48 -0700] "GET /js-plugin/easing/jquery.easing.1.3.js HTTP/1.1" 200 8103 "-" "facebookexternalhit/1.1 (+http://www.facebook.com/externalhit_uatext.php)"
31.13.103.116 - - [18/Mar/2024:11:17:48 -0700] "GET /js-plugin/svgeezy/svgeezy.min.js HTTP/1.1" 200 1173 "-" "facebookexternalhit/1.1 (+http://www.facebook.com/externalhit_uatext.php)"
31.13.103.117 - - [18/Mar/2024:11:17:48 -0700] "GET /js-plugin/appear/jquery.appear.js HTTP/1.1" 200 4202 "-" "facebookexternalhit/1.1 (+http://www.facebook.com/externalhit_uatext.php)"
31.13.103.8 - - [18/Mar/2024:11:17:48 -0700] "GET /js-plugin/neko-contact-ajax-plugin/js/jquery.validate.min.js HTTP/1.1" 200 21493 "-" "facebookexternalhit/1.1 (+http://www.facebook.com/externalhit_uatext.php)"
31.13.103.113 - - [18/Mar/2024:11:17:48 -0700] "GET /js-plugin/jquery/jquery-1.10.2.min.js HTTP/1.1" 200 93107 "-" "facebookexternalhit/1.1 (+http://www.facebook.com/externalhit_uatext.php)"
31.13.103.1 - - [18/Mar/2024:11:17:49 -0700] "GET /js/modernizr-2.6.1.min.js HTTP/1.1" 200 15367 "-" "facebookexternalhit/1.1 (+http://www.facebook.com/externalhit_uatext.php)"
31.13.103.120 - - [18/Mar/2024:11:17:49 -0700] "GET /js-plugin/owl.carousel/owl-carousel/owl.carousel.min.js HTTP/1.1" 200 23033 "-" "facebookexternalhit/1.1 (+http://www.facebook.com/externalhit_uatext.php)"
31.13.103.3 - - [18/Mar/2024:11:17:49 -0700] "GET /js-plugin/jquery.sharrre-1.3.4/jquery.sharrre-1.3.4.min.js HTTP/1.1" 200 10301 "-" "facebookexternalhit/1.1 (+http://www.facebook.com/externalhit_uatext.php)"
31.13.103.7 - - [18/Mar/2024:11:17:49 -0700] "GET /js-plugin/jquery-ui/jquery-ui-1.8.23.custom.min.js HTTP/1.1" 200 15546 "-" "facebookexternalhit/1.1 (+http://www.facebook.com/externalhit_uatext.php)"
31.13.103.118 - - [18/Mar/2024:11:17:49 -0700] "GET /bootstrap/js/bootstrap.js HTTP/1.1" 200 58470 "-" "facebookexternalhit/1.1 (+http://www.facebook.com/externalhit_uatext.php)"
31.13.103.4 - - [18/Mar/2024:11:17:49 -0700] "GET /js-plugin/neko-contact-ajax-plugin/js/jquery.form.js HTTP/1.1" 200 43790 "-" "facebookexternalhit/1.1 (+http://www.facebook.com/externalhit_uatext.php)"
31.13.103.7 - - [18/Mar/2024:11:17:49 -0700] "GET /js-plugin/parallax/js/jquery.stellar.min.js HTTP/1.1" 200 12636 "-" "facebookexternalhit/1.1 (+http://www.facebook.com/externalhit_uatext.php)"
31.13.103.2 - - [18/Mar/2024:11:17:49 -0700] "GET /js-plugin/magnific-popup/jquery.magnific-popup.min.js HTTP/1.1" 200 20748 "-" "facebookexternalhit/1.1 (+http://www.facebook.com/externalhit_uatext.php)"
31.13.103.120 - - [18/Mar/2024:11:17:49 -0700] "GET /js-plugin/toucheeffect/toucheffects.js HTTP/1.1" 200 421 "-" "facebookexternalhit/1.1 (+http://www.facebook.com/externalhit_uatext.php)"
31.13.103.8 - - [18/Mar/2024:11:17:49 -0700] "GET /js/custom.js HTTP/1.1" 200 44327 "-" "facebookexternalhit/1.1 (+http://www.facebook.com/externalhit_uatext.php)"
31.13.103.6 - - [18/Mar/2024:11:17:49 -0700] "GET /js-plugin/ytplayer/jquery.mb.YTPlayer_modifed.js HTTP/1.1" 200 36480 "-" "facebookexternalhit/1.1 (+http://www.facebook.com/externalhit_uatext.php)"
164.152.28.33 - - [18/Mar/2024:11:20:04 -0700] "GET /uploads/KEn4C5_JEWEL_28_1.jpg HTTP/1.1" 200 234672 "-" "Mozilla/5.0 (X11; Ubuntu; Linux x86_64; rv:72.0) Gecko/20100101 Firefox/72.0"
52.13.49.107 - - [18/Mar/2024:11:25:05 -0700] "GET /uploads/L4ZJM1_CERDIFF_1.jpg HTTP/1.1" 200 371776 "-" "Mozilla/5.0 (X11; Ubuntu; Linux x86_64; rv:72.0) Gecko/20100101 Firefox/72.0"
66.249.79.35 - - [18/Mar/2024:11:28:10 -0700] "GET / HTTP/1.1" 301 409 "-" "Mozilla/5.0 (compatible; Googlebot/2.1; +http://www.google.com/bot.html)"
66.249.79.35 - - [18/Mar/2024:11:28:11 -0700] "GET /home HTTP/1.1" 200 29743 "-" "Mozilla/5.0 (compatible; Googlebot/2.1; +http://www.google.com/bot.html)"
66.249.79.33 - - [18/Mar/2024:11:28:30 -0700] "GET / HTTP/1.1" 301 409 "-" "Mozilla/5.0 (compatible; Googlebot/2.1; +http://www.google.com/bot.html)"
66.249.79.33 - - [18/Mar/2024:11:28:32 -0700] "GET /home HTTP/1.1" 200 29743 "-" "Mozilla/5.0 (compatible; Googlebot/2.1; +http://www.google.com/bot.html)"
66.249.79.37 - - [18/Mar/2024:11:28:33 -0700] "GET / HTTP/1.1" 301 425 "-" "Mozilla/5.0 (compatible; Googlebot/2.1; +http://www.google.com/bot.html)"
66.249.79.37 - - [18/Mar/2024:11:28:35 -0700] "GET /home HTTP/1.1" 200 29743 "-" "Mozilla/5.0 (compatible; Googlebot/2.1; +http://www.google.com/bot.html)"
44.235.221.120 - - [18/Mar/2024:11:30:34 -0700] "GET /?sucurianticache=361722181 HTTP/1.1" 301 409 "-" "Sucuri Uptime Monitor"
44.235.221.120 - - [18/Mar/2024:11:30:35 -0700] "GET /home HTTP/1.1" 200 29743 "-" "Sucuri Uptime Monitor"
44.240.169.92 - - [18/Mar/2024:11:30:35 -0700] "GET /?sucurianticache=2004141808 HTTP/1.1" 301 409 "-" "Sucuri Uptime Monitor"
44.240.169.92 - - [18/Mar/2024:11:30:35 -0700] "GET /home HTTP/1.1" 200 29743 "-" "Sucuri Uptime Monitor"
178.176.77.141 - - [18/Mar/2024:11:33:55 -0700] "GET / HTTP/1.0" 301 409 "https://ceruleanvilla.com/" "Mozilla/5.0 (Windows NT 10.0; Win64; x64) AppleWebKit/537.36 (KHTML, like Gecko) Chrome/121.0.0.0 Safari/537.36"
178.176.77.141 - - [18/Mar/2024:11:33:56 -0700] "GET /home HTTP/1.0" 200 29743 "https://ceruleanvilla.com/home" "Mozilla/5.0 (Windows NT 10.0; Win64; x64) AppleWebKit/537.36 (KHTML, like Gecko) Chrome/121.0.0.0 Safari/537.36"
178.176.77.141 - - [18/Mar/2024:11:33:57 -0700] "GET /js-plugin/neko-contact-ajax-plugin/php/image.php HTTP/1.0" 200 7126 "https://ceruleanvilla.com/home" "Mozilla/5.0 (Windows NT 10.0; Win64; x64) AppleWebKit/537.36 (KHTML, like Gecko) Chrome/121.0.0.0 Safari/537.36"
178.176.77.141 - - [18/Mar/2024:11:33:58 -0700] "POST /js-plugin/neko-contact-ajax-plugin/php/form-handler.php HTTP/1.0" 200 132 "https://ceruleanvilla.com/home" "Mozilla/5.0 (Windows NT 10.0; Win64; x64) AppleWebKit/537.36 (KHTML, like Gecko) Chrome/121.0.0.0 Safari/537.36"
46.148.206.226 - - [18/Mar/2024:11:37:23 -0700] "GET / HTTP/1.0" 301 409 "https://ceruleanvilla.com/" "Mozilla/5.0 (Windows NT 10.0) AppleWebKit/537.36 (KHTML, like Gecko) Chrome/103.0.0.0 Safari/537.36"
46.148.206.226 - - [18/Mar/2024:11:37:24 -0700] "GET /home HTTP/1.0" 200 29743 "https://ceruleanvilla.com/home" "Mozilla/5.0 (Windows NT 10.0) AppleWebKit/537.36 (KHTML, like Gecko) Chrome/103.0.0.0 Safari/537.36"
46.148.206.226 - - [18/Mar/2024:11:37:25 -0700] "GET /js-plugin/neko-contact-ajax-plugin/php/image.php HTTP/1.0" 200 7311 "https://ceruleanvilla.com/home" "Mozilla/5.0 (Windows NT 10.0) AppleWebKit/537.36 (KHTML, like Gecko) Chrome/103.0.0.0 Safari/537.36"
46.148.206.226 - - [18/Mar/2024:11:37:26 -0700] "POST /js-plugin/neko-contact-ajax-plugin/php/form-handler.php HTTP/1.0" 200 132 "https://ceruleanvilla.com/home" "Mozilla/5.0 (Windows NT 10.0) AppleWebKit/537.36 (KHTML, like Gecko) Chrome/103.0.0.0 Safari/537.36"
46.148.206.226 - - [18/Mar/2024:11:37:26 -0700] "GET /home HTTP/1.0" 200 29743 "https://ceruleanvilla.com/home" "Mozilla/5.0 (Windows NT 10.0) AppleWebKit/537.36 (KHTML, like Gecko) Chrome/103.0.0.0 Safari/537.36"
47.128.34.164 - - [18/Mar/2024:11:45:40 -0700] "GET /robots.txt HTTP/1.1" 404 - "-" "Mozilla/5.0 (Linux; Android 5.0) AppleWebKit/537.36 (KHTML, like Gecko) Mobile Safari/537.36 (compatible; Bytespider; spider-feedback@bytedance.com)"
100.92.38.155 - - [18/Mar/2024:11:47:34 -0700] "GET /?rnd=1710787649180 HTTP/1.1" 301 409 "http://ceruleanvilla.com/?rnd=1710787649180" "GoDaddy Uptime Monitor"
100.92.38.155 - - [18/Mar/2024:11:47:34 -0700] "GET /home HTTP/1.1" 200 29743 "https://ceruleanvilla.com/?rnd=1710787649180" "GoDaddy Uptime Monitor"
49.51.247.84 - - [18/Mar/2024:11:48:56 -0700] "GET /uploads/fnRwGo_JEWEL_12_2.jpg HTTP/1.1" 200 228955 "-" "python-httpx/0.26.0"
122.56.76.255 - - [18/Mar/2024:11:49:51 -0700] "GET /robots.txt HTTP/1.1" 404 - "-" "Mozilla/5.0 (Linux; Android 5.0; SM-G900P Build/LRX21T) AppleWebKit/537.36 (KHTML, like Gecko) Chrome/46.0.2153.1965 Mobile Safari/537.36"
44.233.255.170 - - [18/Mar/2024:12:00:24 -0700] "GET / HTTP/1.1" 301 409 "-" "Mozilla/5.0 (X11; Linux aarch64) AppleWebKit/537.36 (KHTML, like Gecko) HeadlessChrome/120.0.6099.28 Safari/537.36"
44.233.255.170 - - [18/Mar/2024:12:00:24 -0700] "GET /home HTTP/1.1" 200 29743 "-" "Mozilla/5.0 (X11; Linux aarch64) AppleWebKit/537.36 (KHTML, like Gecko) HeadlessChrome/120.0.6099.28 Safari/537.36"
44.233.255.170 - - [18/Mar/2024:12:00:24 -0700] "GET /bootstrap/css/bootstrap.min.css HTTP/1.1" 200 97335 "https://ceruleanvilla.com/home" "Mozilla/5.0 (X11; Linux aarch64) AppleWebKit/537.36 (KHTML, like Gecko) HeadlessChrome/120.0.6099.28 Safari/537.36"
44.233.255.170 - - [18/Mar/2024:12:00:24 -0700] "GET /js-plugin/magnific-popup/magnific-popup.css HTTP/1.1" 200 8363 "https://ceruleanvilla.com/home" "Mozilla/5.0 (X11; Linux aarch64) AppleWebKit/537.36 (KHTML, like Gecko) HeadlessChrome/120.0.6099.28 Safari/537.36"
44.233.255.170 - - [18/Mar/2024:12:00:24 -0700] "GET /js-plugin/owl.carousel/owl-carousel/owl.carousel.css HTTP/1.1" 200 5600 "https://ceruleanvilla.com/home" "Mozilla/5.0 (X11; Linux aarch64) AppleWebKit/537.36 (KHTML, like Gecko) HeadlessChrome/120.0.6099.28 Safari/537.36"
44.233.255.170 - - [18/Mar/2024:12:00:24 -0700] "GET /js-plugin/owl.carousel/owl-carousel/owl.theme.css HTTP/1.1" 200 1664 "https://ceruleanvilla.com/home" "Mozilla/5.0 (X11; Linux aarch64) AppleWebKit/537.36 (KHTML, like Gecko) HeadlessChrome/120.0.6099.28 Safari/537.36"
44.233.255.170 - - [18/Mar/2024:12:00:26 -0700] "GET /js-plugin/appear/nekoAnim.css HTTP/1.1" 200 15312 "https://ceruleanvilla.com/home" "Mozilla/5.0 (X11; Linux aarch64) AppleWebKit/537.36 (KHTML, like Gecko) HeadlessChrome/120.0.6099.28 Safari/537.36"
44.233.255.170 - - [18/Mar/2024:12:00:26 -0700] "GET /js-plugin/ytplayer/YTPlayer.css HTTP/1.1" 200 9229 "https://ceruleanvilla.com/home" "Mozilla/5.0 (X11; Linux aarch64) AppleWebKit/537.36 (KHTML, like Gecko) HeadlessChrome/120.0.6099.28 Safari/537.36"
44.233.255.170 - - [18/Mar/2024:12:00:26 -0700] "GET /font-icons/custom-icons/css/custom-icons.css HTTP/1.1" 200 22820 "https://ceruleanvilla.com/home" "Mozilla/5.0 (X11; Linux aarch64) AppleWebKit/537.36 (KHTML, like Gecko) HeadlessChrome/120.0.6099.28 Safari/537.36"
44.233.255.170 - - [18/Mar/2024:12:00:26 -0700] "GET /font-icons/custom-icons/css/custom-icons-ie7.css HTTP/1.1" 200 40707 "https://ceruleanvilla.com/home" "Mozilla/5.0 (X11; Linux aarch64) AppleWebKit/537.36 (KHTML, like Gecko) HeadlessChrome/120.0.6099.28 Safari/537.36"
44.233.255.170 - - [18/Mar/2024:12:00:26 -0700] "GET /css/layout.css HTTP/1.1" 200 45288 "https://ceruleanvilla.com/home" "Mozilla/5.0 (X11; Linux aarch64) AppleWebKit/537.36 (KHTML, like Gecko) HeadlessChrome/120.0.6099.28 Safari/537.36"
44.233.255.170 - - [18/Mar/2024:12:00:26 -0700] "GET /css/sea-green.css HTTP/1.1" 200 19802 "https://ceruleanvilla.com/home" "Mozilla/5.0 (X11; Linux aarch64) AppleWebKit/537.36 (KHTML, like Gecko) HeadlessChrome/120.0.6099.28 Safari/537.36"
44.233.255.170 - - [18/Mar/2024:12:00:26 -0700] "GET /css/custom.css HTTP/1.1" 200 4401 "https://ceruleanvilla.com/home" "Mozilla/5.0 (X11; Linux aarch64) AppleWebKit/537.36 (KHTML, like Gecko) HeadlessChrome/120.0.6099.28 Safari/537.36"
44.233.255.170 - - [18/Mar/2024:12:00:26 -0700] "GET /images/global/pipBackLogoRV.svg HTTP/1.1" 200 4024 "https://ceruleanvilla.com/home" "Mozilla/5.0 (X11; Linux aarch64) AppleWebKit/537.36 (KHTML, like Gecko) HeadlessChrome/120.0.6099.28 Safari/537.36"
44.233.255.170 - - [18/Mar/2024:12:00:26 -0700] "GET /js/modernizr-2.6.1.min.js HTTP/1.1" 200 15367 "https://ceruleanvilla.com/home" "Mozilla/5.0 (X11; Linux aarch64) AppleWebKit/537.36 (KHTML, like Gecko) HeadlessChrome/120.0.6099.28 Safari/537.36"
44.233.255.170 - - [18/Mar/2024:12:00:26 -0700] "GET /images/global/cerlogo.png HTTP/1.1" 200 6371 "https://ceruleanvilla.com/home" "Mozilla/5.0 (X11; Linux aarch64) AppleWebKit/537.36 (KHTML, like Gecko) HeadlessChrome/120.0.6099.28 Safari/537.36"
44.233.255.170 - - [18/Mar/2024:12:00:27 -0700] "GET /includes/thumb.php?src=/uploads/vOVnQJ_homecirc9477_1.jpg&w=705&h=705&q=100 HTTP/1.1" 200 453353 "https://ceruleanvilla.com/home" "Mozilla/5.0 (X11; Linux aarch64) AppleWebKit/537.36 (KHTML, like Gecko) HeadlessChrome/120.0.6099.28 Safari/537.36"
44.233.255.170 - - [18/Mar/2024:12:00:27 -0700] "GET /uploads/6YXIky_home_MAIN_update_2016.jpg HTTP/1.1" 200 979341 "https://ceruleanvilla.com/home" "Mozilla/5.0 (X11; Linux aarch64) AppleWebKit/537.36 (KHTML, like Gecko) HeadlessChrome/120.0.6099.28 Safari/537.36"
44.233.255.170 - - [18/Mar/2024:12:00:30 -0700] "GET /includes/thumb.php?src=/uploads/ZDq81A_home_circ2.jpg&w=705&h=705&q=100 HTTP/1.1" 200 378431 "https://ceruleanvilla.com/home" "Mozilla/5.0 (X11; Linux aarch64) AppleWebKit/537.36 (KHTML, like Gecko) HeadlessChrome/120.0.6099.28 Safari/537.36"
44.233.255.170 - - [18/Mar/2024:12:00:34 -0700] "GET /js-plugin/respond/respond.min.js HTTP/1.1" 200 4069 "https://ceruleanvilla.com/home" "Mozilla/5.0 (X11; Linux aarch64) AppleWebKit/537.36 (KHTML, like Gecko) HeadlessChrome/120.0.6099.28 Safari/537.36"
44.233.255.170 - - [18/Mar/2024:12:00:34 -0700] "GET /js-plugin/jquery/jquery-1.10.2.min.js HTTP/1.1" 200 93107 "https://ceruleanvilla.com/home" "Mozilla/5.0 (X11; Linux aarch64) AppleWebKit/537.36 (KHTML, like Gecko) HeadlessChrome/120.0.6099.28 Safari/537.36"
44.233.255.170 - - [18/Mar/2024:12:00:36 -0700] "GET /js-plugin/jquery-ui/jquery-ui-1.8.23.custom.min.js HTTP/1.1" 200 15546 "https://ceruleanvilla.com/home" "Mozilla/5.0 (X11; Linux aarch64) AppleWebKit/537.36 (KHTML, like Gecko) HeadlessChrome/120.0.6099.28 Safari/537.36"
44.233.255.170 - - [18/Mar/2024:12:00:36 -0700] "GET /bootstrap/js/bootstrap.js HTTP/1.1" 200 58470 "https://ceruleanvilla.com/home" "Mozilla/5.0 (X11; Linux aarch64) AppleWebKit/537.36 (KHTML, like Gecko) HeadlessChrome/120.0.6099.28 Safari/537.36"
44.233.255.170 - - [18/Mar/2024:12:00:36 -0700] "GET / HTTP/1.1" 301 409 "-" "Mozilla/5.0 (X11; Linux aarch64) AppleWebKit/537.36 (KHTML, like Gecko) HeadlessChrome/120.0.6099.28 Safari/537.36"
44.233.255.170 - - [18/Mar/2024:12:00:39 -0700] "GET /js-plugin/easing/jquery.easing.1.3.js HTTP/1.1" 200 8103 "https://ceruleanvilla.com/home" "Mozilla/5.0 (X11; Linux aarch64) AppleWebKit/537.36 (KHTML, like Gecko) HeadlessChrome/120.0.6099.28 Safari/537.36"
44.233.255.170 - - [18/Mar/2024:12:00:42 -0700] "GET /js-plugin/owl.carousel/owl-carousel/owl.carousel.min.js HTTP/1.1" 200 23033 "https://ceruleanvilla.com/home" "Mozilla/5.0 (X11; Linux aarch64) AppleWebKit/537.36 (KHTML, like Gecko) HeadlessChrome/120.0.6099.28 Safari/537.36"
44.233.255.170 - - [18/Mar/2024:12:00:44 -0700] "GET /js-plugin/jquery.sharrre-1.3.4/jquery.sharrre-1.3.4.min.js HTTP/1.1" 200 10301 "https://ceruleanvilla.com/home" "Mozilla/5.0 (X11; Linux aarch64) AppleWebKit/537.36 (KHTML, like Gecko) HeadlessChrome/120.0.6099.28 Safari/537.36"
44.233.255.170 - - [18/Mar/2024:12:00:44 -0700] "GET /js-plugin/magnific-popup/jquery.magnific-popup.min.js HTTP/1.1" 200 20748 "https://ceruleanvilla.com/home" "Mozilla/5.0 (X11; Linux aarch64) AppleWebKit/537.36 (KHTML, like Gecko) HeadlessChrome/120.0.6099.28 Safari/537.36"
44.233.255.170 - - [18/Mar/2024:12:00:45 -0700] "GET /font-icons/custom-icons/font/custom-icons.woff?71446960 HTTP/1.1" 200 66376 "https://ceruleanvilla.com/font-icons/custom-icons/css/custom-icons.css" "Mozilla/5.0 (X11; Linux aarch64) AppleWebKit/537.36 (KHTML, like Gecko) HeadlessChrome/120.0.6099.28 Safari/537.36"
44.233.255.170 - - [18/Mar/2024:12:00:45 -0700] "GET /home HTTP/1.1" 200 29743 "-" "Mozilla/5.0 (X11; Linux aarch64) AppleWebKit/537.36 (KHTML, like Gecko) HeadlessChrome/120.0.6099.28 Safari/537.36"
44.233.255.170 - - [18/Mar/2024:12:00:45 -0700] "GET /includes/thumb.php?src=/uploads/NHiCJy_home_circ3.jpg&w=705&h=705&q=100 HTTP/1.1" 200 106496 "https://ceruleanvilla.com/home" "Mozilla/5.0 (X11; Linux aarch64) AppleWebKit/537.36 (KHTML, like Gecko) HeadlessChrome/120.0.6099.28 Safari/537.36"
44.233.255.170 - - [18/Mar/2024:12:00:45 -0700] "GET /js-plugin/neko-contact-ajax-plugin/js/jquery.form.js HTTP/1.1" 200 43790 "https://ceruleanvilla.com/home" "Mozilla/5.0 (X11; Linux aarch64) AppleWebKit/537.36 (KHTML, like Gecko) HeadlessChrome/120.0.6099.28 Safari/537.36"
44.233.255.170 - - [18/Mar/2024:12:00:46 -0700] "GET /js-plugin/magnific-popup/magnific-popup.css HTTP/1.1" 200 8363 "https://ceruleanvilla.com/home" "Mozilla/5.0 (X11; Linux aarch64) AppleWebKit/537.36 (KHTML, like Gecko) HeadlessChrome/120.0.6099.28 Safari/537.36"
44.233.255.170 - - [18/Mar/2024:12:00:46 -0700] "GET /bootstrap/css/bootstrap.min.css HTTP/1.1" 200 97335 "https://ceruleanvilla.com/home" "Mozilla/5.0 (X11; Linux aarch64) AppleWebKit/537.36 (KHTML, like Gecko) HeadlessChrome/120.0.6099.28 Safari/537.36"
44.233.255.170 - - [18/Mar/2024:12:00:46 -0700] "GET /js-plugin/owl.carousel/owl-carousel/owl.carousel.css HTTP/1.1" 200 5600 "https://ceruleanvilla.com/home" "Mozilla/5.0 (X11; Linux aarch64) AppleWebKit/537.36 (KHTML, like Gecko) HeadlessChrome/120.0.6099.28 Safari/537.36"
44.233.255.170 - - [18/Mar/2024:12:00:46 -0700] "GET /js-plugin/owl.carousel/owl-carousel/owl.theme.css HTTP/1.1" 200 1664 "https://ceruleanvilla.com/home" "Mozilla/5.0 (X11; Linux aarch64) AppleWebKit/537.36 (KHTML, like Gecko) HeadlessChrome/120.0.6099.28 Safari/537.36"
44.233.255.170 - - [18/Mar/2024:12:00:46 -0700] "GET /js-plugin/appear/nekoAnim.css HTTP/1.1" 200 15312 "https://ceruleanvilla.com/home" "Mozilla/5.0 (X11; Linux aarch64) AppleWebKit/537.36 (KHTML, like Gecko) HeadlessChrome/120.0.6099.28 Safari/537.36"
44.233.255.170 - - [18/Mar/2024:12:00:46 -0700] "GET /js-plugin/ytplayer/YTPlayer.css HTTP/1.1" 200 9229 "https://ceruleanvilla.com/home" "Mozilla/5.0 (X11; Linux aarch64) AppleWebKit/537.36 (KHTML, like Gecko) HeadlessChrome/120.0.6099.28 Safari/537.36"
44.233.255.170 - - [18/Mar/2024:12:00:47 -0700] "GET /font-icons/custom-icons/css/custom-icons.css HTTP/1.1" 200 22820 "https://ceruleanvilla.com/home" "Mozilla/5.0 (X11; Linux aarch64) AppleWebKit/537.36 (KHTML, like Gecko) HeadlessChrome/120.0.6099.28 Safari/537.36"
44.233.255.170 - - [18/Mar/2024:12:00:47 -0700] "GET /font-icons/custom-icons/css/custom-icons-ie7.css HTTP/1.1" 200 40707 "https://ceruleanvilla.com/home" "Mozilla/5.0 (X11; Linux aarch64) AppleWebKit/537.36 (KHTML, like Gecko) HeadlessChrome/120.0.6099.28 Safari/537.36"
44.233.255.170 - - [18/Mar/2024:12:00:48 -0700] "GET /css/layout.css HTTP/1.1" 200 45288 "https://ceruleanvilla.com/home" "Mozilla/5.0 (X11; Linux aarch64) AppleWebKit/537.36 (KHTML, like Gecko) HeadlessChrome/120.0.6099.28 Safari/537.36"
44.233.255.170 - - [18/Mar/2024:12:00:49 -0700] "GET /css/sea-green.css HTTP/1.1" 200 19802 "https://ceruleanvilla.com/home" "Mozilla/5.0 (X11; Linux aarch64) AppleWebKit/537.36 (KHTML, like Gecko) HeadlessChrome/120.0.6099.28 Safari/537.36"
44.233.255.170 - - [18/Mar/2024:12:00:49 -0700] "GET /css/custom.css HTTP/1.1" 200 4401 "https://ceruleanvilla.com/home" "Mozilla/5.0 (X11; Linux aarch64) AppleWebKit/537.36 (KHTML, like Gecko) HeadlessChrome/120.0.6099.28 Safari/537.36"
44.233.255.170 - - [18/Mar/2024:12:00:49 -0700] "GET /js/modernizr-2.6.1.min.js HTTP/1.1" 200 15367 "https://ceruleanvilla.com/home" "Mozilla/5.0 (X11; Linux aarch64) AppleWebKit/537.36 (KHTML, like Gecko) HeadlessChrome/120.0.6099.28 Safari/537.36"
44.233.255.170 - - [18/Mar/2024:12:00:52 -0700] "GET /images/global/pipBackLogoRV.svg HTTP/1.1" 200 4024 "https://ceruleanvilla.com/home" "Mozilla/5.0 (X11; Linux aarch64) AppleWebKit/537.36 (KHTML, like Gecko) HeadlessChrome/120.0.6099.28 Safari/537.36"
44.233.255.170 - - [18/Mar/2024:12:00:53 -0700] "GET /images/global/cerlogo.png HTTP/1.1" 200 6371 "https://ceruleanvilla.com/home" "Mozilla/5.0 (X11; Linux aarch64) AppleWebKit/537.36 (KHTML, like Gecko) HeadlessChrome/120.0.6099.28 Safari/537.36"
44.233.255.170 - - [18/Mar/2024:12:00:55 -0700] "GET /js-plugin/jquery-ui/jquery-ui-1.8.23.custom.min.js HTTP/1.1" 200 15546 "https://ceruleanvilla.com/home" "Mozilla/5.0 (X11; Linux aarch64) AppleWebKit/537.36 (KHTML, like Gecko) HeadlessChrome/120.0.6099.28 Safari/537.36"
44.233.255.170 - - [18/Mar/2024:12:00:55 -0700] "GET /js-plugin/jquery/jquery-1.10.2.min.js HTTP/1.1" 200 93107 "https://ceruleanvilla.com/home" "Mozilla/5.0 (X11; Linux aarch64) AppleWebKit/537.36 (KHTML, like Gecko) HeadlessChrome/120.0.6099.28 Safari/537.36"
44.233.255.170 - - [18/Mar/2024:12:00:57 -0700] "GET /js-plugin/respond/respond.min.js HTTP/1.1" 200 4069 "https://ceruleanvilla.com/home" "Mozilla/5.0 (X11; Linux aarch64) AppleWebKit/537.36 (KHTML, like Gecko) HeadlessChrome/120.0.6099.28 Safari/537.36"
44.233.255.170 - - [18/Mar/2024:12:00:57 -0700] "GET /font-icons/custom-icons/font/custom-icons.woff?71446960 HTTP/1.1" 200 66376 "https://ceruleanvilla.com/font-icons/custom-icons/css/custom-icons.css" "Mozilla/5.0 (X11; Linux aarch64) AppleWebKit/537.36 (KHTML, like Gecko) HeadlessChrome/120.0.6099.28 Safari/537.36"
44.233.255.170 - - [18/Mar/2024:12:00:57 -0700] "GET /includes/thumb.php?src=/uploads/NHiCJy_home_circ3.jpg&w=705&h=705&q=100 HTTP/1.1" 200 286460 "https://ceruleanvilla.com/home" "Mozilla/5.0 (X11; Linux aarch64) AppleWebKit/537.36 (KHTML, like Gecko) HeadlessChrome/120.0.6099.28 Safari/537.36"
44.233.255.170 - - [18/Mar/2024:12:00:59 -0700] "GET /uploads/DW3vJY_home_MAIN2.jpg HTTP/1.1" 200 226498 "https://ceruleanvilla.com/home" "Mozilla/5.0 (X11; Linux aarch64) AppleWebKit/537.36 (KHTML, like Gecko) HeadlessChrome/120.0.6099.28 Safari/537.36"
44.233.255.170 - - [18/Mar/2024:12:00:57 -0700] "GET /uploads/6YXIky_home_MAIN_update_2016.jpg HTTP/1.1" 200 979341 "https://ceruleanvilla.com/home" "Mozilla/5.0 (X11; Linux aarch64) AppleWebKit/537.36 (KHTML, like Gecko) HeadlessChrome/120.0.6099.28 Safari/537.36"
44.233.255.170 - - [18/Mar/2024:12:01:00 -0700] "GET /bootstrap/js/bootstrap.js HTTP/1.1" 200 58470 "https://ceruleanvilla.com/home" "Mozilla/5.0 (X11; Linux aarch64) AppleWebKit/537.36 (KHTML, like Gecko) HeadlessChrome/120.0.6099.28 Safari/537.36"
44.233.255.170 - - [18/Mar/2024:12:01:01 -0700] "GET /js-plugin/easing/jquery.easing.1.3.js HTTP/1.1" 200 8103 "https://ceruleanvilla.com/home" "Mozilla/5.0 (X11; Linux aarch64) AppleWebKit/537.36 (KHTML, like Gecko) HeadlessChrome/120.0.6099.28 Safari/537.36"
44.233.255.170 - - [18/Mar/2024:12:01:01 -0700] "GET /js-plugin/owl.carousel/owl-carousel/owl.carousel.min.js HTTP/1.1" 200 23033 "https://ceruleanvilla.com/home" "Mozilla/5.0 (X11; Linux aarch64) AppleWebKit/537.36 (KHTML, like Gecko) HeadlessChrome/120.0.6099.28 Safari/537.36"
44.233.255.170 - - [18/Mar/2024:12:01:30 -0700] "GET /js-plugin/jquery.sharrre-1.3.4/jquery.sharrre-1.3.4.min.js HTTP/1.1" 200 10301 "https://ceruleanvilla.com/home" "Mozilla/5.0 (X11; Linux aarch64) AppleWebKit/537.36 (KHTML, like Gecko) HeadlessChrome/120.0.6099.28 Safari/537.36"
44.233.255.170 - - [18/Mar/2024:12:01:31 -0700] "GET /js-plugin/neko-contact-ajax-plugin/js/jquery.form.js HTTP/1.1" 200 43790 "https://ceruleanvilla.com/home" "Mozilla/5.0 (X11; Linux aarch64) AppleWebKit/537.36 (KHTML, like Gecko) HeadlessChrome/120.0.6099.28 Safari/537.36"
44.233.255.170 - - [18/Mar/2024:12:01:33 -0700] "GET /js-plugin/magnific-popup/jquery.magnific-popup.min.js HTTP/1.1" 200 20748 "https://ceruleanvilla.com/home" "Mozilla/5.0 (X11; Linux aarch64) AppleWebKit/537.36 (KHTML, like Gecko) HeadlessChrome/120.0.6099.28 Safari/537.36"
