37.139.53.87 - - [18/Mar/2024:05:08:22 -0700] "GET / HTTP/1.0" 200 23389 "https://lebleuvilla.com/" "Mozilla/5.0 (Windows NT 6.1; Win64; x64) AppleWebKit/537.36 (KHTML, like Gecko) Chrome/114.0.5735.289 Safari/537.36"
216.244.66.237 - - [18/Mar/2024:05:11:45 -0700] "GET /assets/uploads/files/minisite/b741-arushivilla17_9_new.jpg HTTP/1.1" 200 1446788 "-" "Mozilla/5.0 (compatible; DotBot/1.2; +https://opensiteexplorer.org/dotbot; help@moz.com)"
216.244.66.237 - - [18/Mar/2024:05:12:11 -0700] "GET /assets/uploads/files/minisite/c43c3-triton_bottom_logo.jpg HTTP/1.1" 200 129502 "-" "Mozilla/5.0 (compatible; DotBot/1.2; +https://opensiteexplorer.org/dotbot; help@moz.com)"
216.244.66.237 - - [18/Mar/2024:05:12:31 -0700] "GET /assets/uploads/files/minisite/dba45-kishti_meads_home3.jpg HTTP/1.1" 200 94161 "-" "Mozilla/5.0 (compatible; DotBot/1.2; +https://opensiteexplorer.org/dotbot; help@moz.com)"
216.244.66.237 - - [18/Mar/2024:05:12:50 -0700] "GET /assets/uploads/files/minisite/f1b4a-arushi_favicon.png HTTP/1.1" 200 5997 "-" "Mozilla/5.0 (compatible; DotBot/1.2; +https://opensiteexplorer.org/dotbot; help@moz.com)"
216.244.66.237 - - [18/Mar/2024:05:13:07 -0700] "GET /assets/uploads/files/minisite/f9ef-beach_santosha69.jpg HTTP/1.1" 200 263958 "-" "Mozilla/5.0 (compatible; DotBot/1.2; +https://opensiteexplorer.org/dotbot; help@moz.com)"
216.244.66.237 - - [18/Mar/2024:05:13:25 -0700] "GET /assets/uploads/files/minisite/04b8-long-bay-villas-anguilla-sea-4g0a1121.jpg HTTP/1.1" 200 341088 "-" "Mozilla/5.0 (compatible; DotBot/1.2; +https://opensiteexplorer.org/dotbot; help@moz.com)"
216.244.66.237 - - [18/Mar/2024:05:13:42 -0700] "GET /assets/uploads/files/minisite/06c1-villa-kandara-poolside-living.jpg HTTP/1.1" 200 298289 "-" "Mozilla/5.0 (compatible; DotBot/1.2; +https://opensiteexplorer.org/dotbot; help@moz.com)"
216.244.66.237 - - [18/Mar/2024:05:13:57 -0700] "GET /assets/uploads/files/minisite/2634-villa-alkera-4.jpg HTTP/1.1" 200 84317 "-" "Mozilla/5.0 (compatible; DotBot/1.2; +https://opensiteexplorer.org/dotbot; help@moz.com)"
216.244.66.237 - - [18/Mar/2024:05:14:12 -0700] "GET /assets/uploads/files/minisite/32b5-limin--da-coconut-living68.jpg HTTP/1.1" 200 313714 "-" "Mozilla/5.0 (compatible; DotBot/1.2; +https://opensiteexplorer.org/dotbot; help@moz.com)"
216.244.66.237 - - [18/Mar/2024:05:14:27 -0700] "GET /assets/uploads/files/minisite/3f299-santosha-home3.jpg HTTP/1.1" 200 77873 "-" "Mozilla/5.0 (compatible; DotBot/1.2; +https://opensiteexplorer.org/dotbot; help@moz.com)"
216.244.66.237 - - [18/Mar/2024:05:14:39 -0700] "GET /assets/uploads/files/minisite/4ccb-c5a0596rt.jpg HTTP/1.1" 200 249972 "-" "Mozilla/5.0 (compatible; DotBot/1.2; +https://opensiteexplorer.org/dotbot; help@moz.com)"
216.244.66.237 - - [18/Mar/2024:05:14:50 -0700] "GET /assets/uploads/files/minisite/6709-blackpearl_cgomez-0050web.jpg HTTP/1.1" 200 179169 "-" "Mozilla/5.0 (compatible; DotBot/1.2; +https://opensiteexplorer.org/dotbot; help@moz.com)"
216.244.66.237 - - [18/Mar/2024:05:15:00 -0700] "GET /assets/uploads/files/minisite/6d1d4-indigo_3987_home3.jpg HTTP/1.1" 200 90334 "-" "Mozilla/5.0 (compatible; DotBot/1.2; +https://opensiteexplorer.org/dotbot; help@moz.com)"
216.244.66.237 - - [18/Mar/2024:05:15:09 -0700] "GET /assets/uploads/files/minisite/6d776-blackpearl_home_bedroom.jpg HTTP/1.1" 200 33682 "-" "Mozilla/5.0 (compatible; DotBot/1.2; +https://opensiteexplorer.org/dotbot; help@moz.com)"
216.244.66.237 - - [18/Mar/2024:05:15:16 -0700] "GET /assets/uploads/files/minisite/dc20-round_rock_villa_view_1900.jpg HTTP/1.1" 200 232974 "-" "Mozilla/5.0 (compatible; DotBot/1.2; +https://opensiteexplorer.org/dotbot; help@moz.com)"
216.244.66.237 - - [18/Mar/2024:05:15:25 -0700] "GET /assets/uploads/files/minisite/0a31a-mstile-150x150.png HTTP/1.1" 200 3155 "-" "Mozilla/5.0 (compatible; DotBot/1.2; +https://opensiteexplorer.org/dotbot; help@moz.com)"
216.244.66.237 - - [18/Mar/2024:05:15:30 -0700] "GET /assets/uploads/files/minisite/0d46-c5a0770rt.jpg HTTP/1.1" 200 633403 "-" "Mozilla/5.0 (compatible; DotBot/1.2; +https://opensiteexplorer.org/dotbot; help@moz.com)"
216.244.66.237 - - [18/Mar/2024:05:15:35 -0700] "GET /assets/uploads/files/minisite/24c2c-mstile-150x150.png HTTP/1.1" 200 5100 "-" "Mozilla/5.0 (compatible; DotBot/1.2; +https://opensiteexplorer.org/dotbot; help@moz.com)"
216.244.66.237 - - [18/Mar/2024:05:15:40 -0700] "GET /assets/uploads/files/minisite/24ed-pelicanbay-drone-2-.jpg HTTP/1.1" 200 280353 "-" "Mozilla/5.0 (compatible; DotBot/1.2; +https://opensiteexplorer.org/dotbot; help@moz.com)"
216.244.66.237 - - [18/Mar/2024:05:15:46 -0700] "GET /assets/uploads/files/minisite/4400-8.jpg HTTP/1.1" 200 329262 "-" "Mozilla/5.0 (compatible; DotBot/1.2; +https://opensiteexplorer.org/dotbot; help@moz.com)"
216.244.66.237 - - [18/Mar/2024:05:15:51 -0700] "GET /assets/uploads/files/minisite/59da-blackpearl_cgomez-0036web.jpg HTTP/1.1" 200 193162 "-" "Mozilla/5.0 (compatible; DotBot/1.2; +https://opensiteexplorer.org/dotbot; help@moz.com)"
37.139.53.84 - - [18/Mar/2024:05:15:50 -0700] "GET / HTTP/1.0" 200 23389 "https://lebleuvilla.com/" "Mozilla/5.0 (Windows NT 10.0; Win64; x64) AppleWebKit/537.36 (KHTML, like Gecko) Chrome/121.0.0.0 Safari/537.36"
216.244.66.237 - - [18/Mar/2024:05:15:55 -0700] "GET /assets/uploads/files/minisite/5c56-ksm05433web.jpg HTTP/1.1" 200 412400 "-" "Mozilla/5.0 (compatible; DotBot/1.2; +https://opensiteexplorer.org/dotbot; help@moz.com)"
216.244.66.237 - - [18/Mar/2024:05:16:04 -0700] "GET /assets/uploads/files/minisite/67a4-bath3-amarilla-2014-49.jpg HTTP/1.1" 200 333110 "-" "Mozilla/5.0 (compatible; DotBot/1.2; +https://opensiteexplorer.org/dotbot; help@moz.com)"
216.244.66.237 - - [18/Mar/2024:05:16:12 -0700] "GET /assets/uploads/files/minisite/7b2a-gym_santosha_114.jpg HTTP/1.1" 200 394094 "-" "Mozilla/5.0 (compatible; DotBot/1.2; +https://opensiteexplorer.org/dotbot; help@moz.com)"
216.244.66.237 - - [18/Mar/2024:05:16:19 -0700] "GET /assets/uploads/files/minisite/87596-guesthouse_web.jpg HTTP/1.1" 200 259514 "-" "Mozilla/5.0 (compatible; DotBot/1.2; +https://opensiteexplorer.org/dotbot; help@moz.com)"
216.244.66.237 - - [18/Mar/2024:05:16:24 -0700] "GET /assets/uploads/files/minisite/8cbc-rates-pano_web.jpg HTTP/1.1" 200 331917 "-" "Mozilla/5.0 (compatible; DotBot/1.2; +https://opensiteexplorer.org/dotbot; help@moz.com)"
216.244.66.237 - - [18/Mar/2024:05:16:29 -0700] "GET /assets/uploads/files/minisite/90d53-favicon-32x32.png HTTP/1.1" 200 1484 "-" "Mozilla/5.0 (compatible; DotBot/1.2; +https://opensiteexplorer.org/dotbot; help@moz.com)"
173.249.27.178 - - [18/Mar/2024:06:01:35 -0700] "GET /sftp-config.json HTTP/1.1" 500 1191 "-" "Mozilla/5.0 (Macintosh; Intel Mac OS X 10.15; rv:77.0) Gecko/20100101 Firefox/77.0"
173.249.27.178 - - [18/Mar/2024:06:01:37 -0700] "GET /.vscode/sftp.json HTTP/1.1" 500 1182 "-" "Mozilla/5.0 (Macintosh; Intel Mac OS X 10.15; rv:77.0) Gecko/20100101 Firefox/77.0"
192.42.116.194 - - [18/Mar/2024:06:15:20 -0700] "GET / HTTP/1.1" 200 23389 "http://lebleuvilla.com" "Mozilla/5.0 (Windows NT 6.1; Win64; x64) AppleWebKit/537.36 (KHTML, like Gecko) Chrome/57.0.2987.133 Safari/537.36"
114.119.139.247 - - [18/Mar/2024:06:19:23 -0700] "GET /robots.txt HTTP/1.1" 200 49 "-" "Mozilla/5.0 (compatible;PetalBot;+https://webmaster.petalsearch.com/site/petalbot)"
50.31.180.11 - - [18/Mar/2024:06:29:57 -0700] "GET /assets/uploads/files/minisite/2264-lebleu-villa-anguilla-rental-poolside.jpg HTTP/1.1" 200 472638 "-" "Mozilla/5.0 (X11; Ubuntu; Linux x86_64; rv:72.0) Gecko/20100101 Firefox/72.0"
171.8.173.53 - - [18/Mar/2024:06:33:16 -0700] "GET /robots.txt HTTP/1.1" 200 49 "-" "Mozilla/5.0 (Windows NT 10.0; WOW64) AppleWebKit/537.36 (KHTML, like Gecko) Chrome/69.0.3836.118 UBrowser/6.2.3964.2 Safari/537.36"
15.235.15.135 - - [18/Mar/2024:06:44:48 -0700] "GET / HTTP/1.1" 200 23389 "-" "-"
198.187.29.3 - - [18/Mar/2024:06:50:10 -0700] "GET /wordpress/ HTTP/1.1" 500 1188 "-" "-"
50.31.180.11 - - [18/Mar/2024:07:02:15 -0700] "GET /assets/uploads/files/minisite/634d-lebleu-villa-anguilla-rental-pooldeck-gym.jpg HTTP/1.1" 200 223324 "-" "Mozilla/5.0 (X11; Ubuntu; Linux x86_64; rv:72.0) Gecko/20100101 Firefox/72.0"
138.3.216.18 - - [18/Mar/2024:07:14:10 -0700] "GET / HTTP/1.1" 200 23389 "-" "Mozilla/5.0 (Windows NT 10.0; Win64; x64) AppleWebKit/537.36 (KHTML, like Gecko) Chrome/120.0.0.0 Safari/537.36"
138.3.216.18 - - [18/Mar/2024:07:14:13 -0700] "GET /contact HTTP/1.1" 200 19729 "-" "Mozilla/5.0 (Windows NT 10.0; Win64; x64) AppleWebKit/537.36 (KHTML, like Gecko) Chrome/120.0.0.0 Safari/537.36"
138.3.216.18 - - [18/Mar/2024:07:14:15 -0700] "GET /contact/ HTTP/1.1" 200 19729 "-" "Mozilla/5.0 (Windows NT 10.0; Win64; x64) AppleWebKit/537.36 (KHTML, like Gecko) Chrome/120.0.0.0 Safari/537.36"
138.3.216.18 - - [18/Mar/2024:07:14:21 -0700] "GET /about-santa-bogdon-designer HTTP/1.1" 500 1206 "-" "Mozilla/5.0 (Windows NT 10.0; Win64; x64) AppleWebKit/537.36 (KHTML, like Gecko) Chrome/120.0.0.0 Safari/537.36"
138.3.216.18 - - [18/Mar/2024:07:14:23 -0700] "GET /contact-santa-bogdon-design HTTP/1.1" 500 1206 "-" "Mozilla/5.0 (Windows NT 10.0; Win64; x64) AppleWebKit/537.36 (KHTML, like Gecko) Chrome/120.0.0.0 Safari/537.36"
34.23.189.159 - - [18/Mar/2024:07:23:17 -0700] "GET /robots.txt HTTP/1.0" 200 49 "-" "ZoominfoBot (zoominfobot at zoominfo dot com)"
34.23.189.159 - - [18/Mar/2024:07:23:17 -0700] "GET /assets/uploads/files/minisite/981fc-manifest.json HTTP/1.0" 200 403 "-" "ZoominfoBot (zoominfobot at zoominfo dot com)"
34.23.189.159 - - [18/Mar/2024:07:25:23 -0700] "GET /assets/uploads/files/minisite/?C=M;O=D HTTP/1.0" 200 360430 "-" "ZoominfoBot (zoominfobot at zoominfo dot com)"
34.23.189.159 - - [18/Mar/2024:07:34:34 -0700] "GET /assets/uploads/files/minisite/?C=N;O=A HTTP/1.0" 200 360385 "-" "ZoominfoBot (zoominfobot at zoominfo dot com)"
34.23.189.159 - - [18/Mar/2024:07:37:59 -0700] "GET /assets/uploads/files/minisite/35b32-sitewebmanifest.json HTTP/1.0" 200 426 "-" "ZoominfoBot (zoominfobot at zoominfo dot com)"
34.23.189.159 - - [18/Mar/2024:07:43:10 -0700] "GET /assets/uploads/files/minisite/?C=S;O=D HTTP/1.0" 200 424412 "-" "ZoominfoBot (zoominfobot at zoominfo dot com)"
34.23.189.159 - - [18/Mar/2024:07:43:41 -0700] "GET /assets/uploads/files/minisite/9d391-manifest.json HTTP/1.0" 200 403 "-" "ZoominfoBot (zoominfobot at zoominfo dot com)"
34.23.189.159 - - [18/Mar/2024:07:44:29 -0700] "GET /assets/uploads/files/minisite/?C=D;O=D HTTP/1.0" 200 352342 "-" "ZoominfoBot (zoominfobot at zoominfo dot com)"
34.23.189.159 - - [18/Mar/2024:07:44:51 -0700] "GET /assets/uploads/files/minisite/e9e09-manifest.json HTTP/1.0" 200 280 "-" "ZoominfoBot (zoominfobot at zoominfo dot com)"
34.23.189.159 - - [18/Mar/2024:07:51:45 -0700] "GET /assets/uploads/files/minisite/bd3e7-manifest.json HTTP/1.0" 200 403 "-" "ZoominfoBot (zoominfobot at zoominfo dot com)"
34.23.189.159 - - [18/Mar/2024:07:53:51 -0700] "GET /assets/uploads/files/minisite/aab18-manifest.json HTTP/1.0" 200 403 "-" "ZoominfoBot (zoominfobot at zoominfo dot com)"
34.23.189.159 - - [18/Mar/2024:07:58:52 -0700] "GET /assets/uploads/files/minisite/42dd0-manifest.json HTTP/1.0" 200 403 "-" "ZoominfoBot (zoominfobot at zoominfo dot com)"
34.23.189.159 - - [18/Mar/2024:07:59:15 -0700] "GET /assets/uploads/files/minisite/aa2e2-sitewebmanifest.json HTTP/1.0" 200 426 "-" "ZoominfoBot (zoominfobot at zoominfo dot com)"
34.23.189.159 - - [18/Mar/2024:08:00:51 -0700] "GET /assets/uploads/files/minisite/75b04-manifest.json HTTP/1.0" 200 403 "-" "ZoominfoBot (zoominfobot at zoominfo dot com)"
66.249.68.6 - - [18/Mar/2024:08:58:42 -0700] "GET /robots.txt HTTP/1.1" 200 49 "-" "Mozilla/5.0 (compatible; Googlebot/2.1; +http://www.google.com/bot.html)"
66.249.68.7 - - [18/Mar/2024:08:58:43 -0700] "GET / HTTP/1.1" 200 23389 "-" "Mozilla/5.0 (Linux; Android 6.0.1; Nexus 5X Build/MMB29P) AppleWebKit/537.36 (KHTML, like Gecko) Chrome/122.0.6261.94 Mobile Safari/537.36 (compatible; Googlebot/2.1; +http://www.google.com/bot.html)"
114.119.145.130 - - [18/Mar/2024:09:12:07 -0700] "GET /rates HTTP/1.1" 200 39004 "http://www.lebleuvilla.com/availability" "Mozilla/5.0 (Linux; Android 7.0;) AppleWebKit/537.36 (KHTML, like Gecko) Mobile Safari/537.36 (compatible; PetalBot;+https://webmaster.petalsearch.com/site/petalbot)"
114.119.137.67 - - [18/Mar/2024:09:14:38 -0700] "GET /assets/uploads/files/minisite/8ae9c-browserconfig.xml HTTP/1.1" 200 246 "https://lebleuvilla.com/assets/uploads/files/minisite/" "Mozilla/5.0 (Linux; Android 7.0;) AppleWebKit/537.36 (KHTML, like Gecko) Mobile Safari/537.36 (compatible; PetalBot;+https://webmaster.petalsearch.com/site/petalbot)"
150.109.253.34 - - [18/Mar/2024:09:24:01 -0700] "GET / HTTP/1.1" 200 23389 "http://lebleuvilla.com" "Mozilla/5.0 (iPhone; CPU iPhone OS 13_2_3 like Mac OS X) AppleWebKit/605.1.15 (KHTML, like Gecko) Version/13.0.3 Mobile/15E148 Safari/604.1"
66.249.68.8 - - [18/Mar/2024:09:39:45 -0700] "GET / HTTP/1.1" 200 23389 "-" "Mozilla/5.0 (compatible; Googlebot/2.1; +http://www.google.com/bot.html)"
66.249.68.7 - - [18/Mar/2024:09:39:49 -0700] "GET /minisite/js/plugins-min.js HTTP/1.1" 200 29285 "https://lebleuvilla.com/" "Mozilla/5.0 AppleWebKit/537.36 (KHTML, like Gecko; compatible; Googlebot/2.1; +http://www.google.com/bot.html) Chrome/122.0.6261.94 Safari/537.36"
66.249.68.6 - - [18/Mar/2024:09:39:49 -0700] "GET /minisite/quform/js/contactForm-min.js HTTP/1.1" 200 63061 "https://lebleuvilla.com/" "Mozilla/5.0 AppleWebKit/537.36 (KHTML, like Gecko; compatible; Googlebot/2.1; +http://www.google.com/bot.html) Chrome/122.0.6261.94 Safari/537.36"
66.249.68.6 - - [18/Mar/2024:09:39:49 -0700] "GET /minisite/js/vendor/modernizr-2.6.2.min.js HTTP/1.1" 200 15414 "https://lebleuvilla.com/" "Mozilla/5.0 AppleWebKit/537.36 (KHTML, like Gecko; compatible; Googlebot/2.1; +http://www.google.com/bot.html) Chrome/122.0.6261.94 Safari/537.36"
66.249.68.8 - - [18/Mar/2024:09:40:24 -0700] "GET / HTTP/1.1" 200 23389 "-" "Mozilla/5.0 (compatible; Googlebot/2.1; +http://www.google.com/bot.html)"
66.249.68.6 - - [18/Mar/2024:09:40:29 -0700] "GET /minisite/js/vendor/modernizr-2.6.2.min.js HTTP/1.1" 200 15414 "https://lebleuvilla.com/" "Mozilla/5.0 AppleWebKit/537.36 (KHTML, like Gecko; compatible; Googlebot/2.1; +http://www.google.com/bot.html) Chrome/122.0.6261.94 Safari/537.36"
66.249.68.6 - - [18/Mar/2024:09:40:29 -0700] "GET /minisite/quform/js/contactForm-min.js HTTP/1.1" 200 63061 "https://lebleuvilla.com/" "Mozilla/5.0 AppleWebKit/537.36 (KHTML, like Gecko; compatible; Googlebot/2.1; +http://www.google.com/bot.html) Chrome/122.0.6261.94 Safari/537.36"
66.249.68.6 - - [18/Mar/2024:09:40:30 -0700] "GET /minisite/js/plugins-min.js HTTP/1.1" 200 29285 "https://lebleuvilla.com/" "Mozilla/5.0 AppleWebKit/537.36 (KHTML, like Gecko; compatible; Googlebot/2.1; +http://www.google.com/bot.html) Chrome/122.0.6261.94 Safari/537.36"
217.225.58.212 - - [18/Mar/2024:09:44:32 -0700] "GET /assets/uploads/files/minisite/a31d-lb_9273_rates.jpg HTTP/1.1" 500 - "-" "python-requests/2.28.1"
164.152.28.33 - - [18/Mar/2024:09:53:24 -0700] "GET /assets/uploads/files/minisite/d24d-img_2104_gal.jpg HTTP/1.1" 200 376084 "-" "Mozilla/5.0 (X11; Ubuntu; Linux x86_64; rv:72.0) Gecko/20100101 Firefox/72.0"
114.119.152.27 - - [18/Mar/2024:10:02:15 -0700] "GET /robots.txt HTTP/1.1" 200 49 "-" "Mozilla/5.0 (compatible;PetalBot;+https://webmaster.petalsearch.com/site/petalbot)"
186.179.34.121 - - [18/Mar/2024:10:19:44 -0700] "GET /contact HTTP/1.1" 200 19729 "-" "Mozilla/5.0 (X11; Linux x86_64) AppleWebKit/537.36 (KHTML, like Gecko) Chrome/114.0.0.0 Safari/537.36 OPR/89.0.4447.51"
186.179.34.121 - - [18/Mar/2024:10:19:45 -0700] "GET /contact/ HTTP/1.1" 200 19729 "https://lebleuvilla.com/contact" "Mozilla/5.0 (X11; Linux x86_64) AppleWebKit/537.36 (KHTML, like Gecko) Chrome/114.0.0.0 Safari/537.36 OPR/89.0.4447.51"
186.179.34.121 - - [18/Mar/2024:10:19:47 -0700] "GET / HTTP/1.1" 200 23389 "-" "Mozilla/5.0 (X11; Linux x86_64) AppleWebKit/537.36 (KHTML, like Gecko) Chrome/114.0.0.0 Safari/537.36 OPR/89.0.4447.51"
186.179.34.121 - - [18/Mar/2024:10:19:48 -0700] "GET /contact HTTP/1.1" 200 19729 "https://lebleuvilla.com/contact" "Mozilla/5.0 (X11; Linux x86_64) AppleWebKit/537.36 (KHTML, like Gecko) Chrome/114.0.0.0 Safari/537.36 OPR/89.0.4447.51"
52.13.49.107 - - [18/Mar/2024:10:37:02 -0700] "GET /assets/uploads/files/minisite/d24d-img_2104_gal.jpg HTTP/1.1" 200 376084 "-" "Mozilla/5.0 (X11; Ubuntu; Linux x86_64; rv:72.0) Gecko/20100101 Firefox/72.0"
66.249.68.7 - - [18/Mar/2024:10:39:40 -0700] "GET / HTTP/1.1" 200 23389 "-" "Mozilla/5.0 (compatible; Googlebot/2.1; +http://www.google.com/bot.html)"
66.249.68.7 - - [18/Mar/2024:10:39:42 -0700] "GET /minisite/js/plugins-min.js HTTP/1.1" 200 29285 "https://lebleuvilla.com/" "Mozilla/5.0 AppleWebKit/537.36 (KHTML, like Gecko; compatible; Googlebot/2.1; +http://www.google.com/bot.html) Chrome/122.0.6261.94 Safari/537.36"
66.249.68.6 - - [18/Mar/2024:10:39:42 -0700] "GET /minisite/quform/js/contactForm-min.js HTTP/1.1" 200 63061 "https://lebleuvilla.com/" "Mozilla/5.0 AppleWebKit/537.36 (KHTML, like Gecko; compatible; Googlebot/2.1; +http://www.google.com/bot.html) Chrome/122.0.6261.94 Safari/537.36"
66.249.68.7 - - [18/Mar/2024:10:39:43 -0700] "GET /minisite/js/vendor/modernizr-2.6.2.min.js HTTP/1.1" 200 15414 "https://lebleuvilla.com/" "Mozilla/5.0 AppleWebKit/537.36 (KHTML, like Gecko; compatible; Googlebot/2.1; +http://www.google.com/bot.html) Chrome/122.0.6261.94 Safari/537.36"
66.249.68.6 - - [18/Mar/2024:10:40:35 -0700] "GET / HTTP/1.1" 200 23389 "-" "Mozilla/5.0 (compatible; Googlebot/2.1; +http://www.google.com/bot.html)"
66.249.68.6 - - [18/Mar/2024:10:40:39 -0700] "GET /minisite/js/vendor/modernizr-2.6.2.min.js HTTP/1.1" 200 15414 "https://lebleuvilla.com/" "Mozilla/5.0 AppleWebKit/537.36 (KHTML, like Gecko; compatible; Googlebot/2.1; +http://www.google.com/bot.html) Chrome/122.0.6261.94 Safari/537.36"
66.249.68.7 - - [18/Mar/2024:10:40:39 -0700] "GET /minisite/js/plugins-min.js HTTP/1.1" 200 29285 "https://lebleuvilla.com/" "Mozilla/5.0 AppleWebKit/537.36 (KHTML, like Gecko; compatible; Googlebot/2.1; +http://www.google.com/bot.html) Chrome/122.0.6261.94 Safari/537.36"
66.249.68.7 - - [18/Mar/2024:10:40:40 -0700] "GET /minisite/quform/js/contactForm-min.js HTTP/1.1" 200 63061 "https://lebleuvilla.com/" "Mozilla/5.0 AppleWebKit/537.36 (KHTML, like Gecko; compatible; Googlebot/2.1; +http://www.google.com/bot.html) Chrome/122.0.6261.94 Safari/537.36"
52.13.49.107 - - [18/Mar/2024:10:49:53 -0700] "GET /assets/uploads/files/minisite/2264-lebleu-villa-anguilla-rental-poolside.jpg HTTP/1.1" 200 472638 "-" "Mozilla/5.0 (X11; Ubuntu; Linux x86_64; rv:72.0) Gecko/20100101 Firefox/72.0"
52.13.49.107 - - [18/Mar/2024:10:57:29 -0700] "GET /assets/uploads/files/minisite/634d-lebleu-villa-anguilla-rental-pooldeck-gym.jpg HTTP/1.1" 200 223324 "-" "Mozilla/5.0 (X11; Ubuntu; Linux x86_64; rv:72.0) Gecko/20100101 Firefox/72.0"
164.152.28.33 - - [18/Mar/2024:11:22:42 -0700] "GET /assets/uploads/files/minisite/2264-lebleu-villa-anguilla-rental-poolside.jpg HTTP/1.1" 200 472638 "-" "Mozilla/5.0 (X11; Ubuntu; Linux x86_64; rv:72.0) Gecko/20100101 Firefox/72.0"
52.167.144.67 - - [18/Mar/2024:11:30:00 -0700] "GET /robots.txt HTTP/1.1" 200 49 "-" "Mozilla/5.0 AppleWebKit/537.36 (KHTML, like Gecko; compatible; bingbot/2.0; +http://www.bing.com/bingbot.htm) Chrome/116.0.1938.76 Safari/537.36"
52.167.144.224 - - [18/Mar/2024:11:30:05 -0700] "GET / HTTP/1.1" 200 23389 "-" "Mozilla/5.0 AppleWebKit/537.36 (KHTML, like Gecko; compatible; bingbot/2.0; +http://www.bing.com/bingbot.htm) Chrome/116.0.1938.76 Safari/537.36"
52.167.144.224 - - [18/Mar/2024:11:30:34 -0700] "GET /minisite/css/miniSitesIndividual.min.css HTTP/1.1" 200 94 "-" "Mozilla/5.0 AppleWebKit/537.36 (KHTML, like Gecko; compatible; bingbot/2.0; +http://www.bing.com/bingbot.htm) Chrome/116.0.1938.76 Safari/537.36"
52.167.144.224 - - [18/Mar/2024:11:30:34 -0700] "GET /minisite/img/global/aaaLogo.svg HTTP/1.1" 200 6562 "-" "Mozilla/5.0 AppleWebKit/537.36 (KHTML, like Gecko; compatible; bingbot/2.0; +http://www.bing.com/bingbot.htm) Chrome/116.0.1938.76 Safari/537.36"
52.167.144.224 - - [18/Mar/2024:11:30:35 -0700] "GET /minisite/js/jquery-1.8.2.min.js HTTP/1.1" 200 93434 "-" "Mozilla/5.0 AppleWebKit/537.36 (KHTML, like Gecko; compatible; bingbot/2.0; +http://www.bing.com/bingbot.htm) Chrome/116.0.1938.76 Safari/537.36"
52.167.144.224 - - [18/Mar/2024:11:30:35 -0700] "GET /minisite/quform/js/contactForm-min.js HTTP/1.1" 200 63061 "-" "Mozilla/5.0 AppleWebKit/537.36 (KHTML, like Gecko; compatible; bingbot/2.0; +http://www.bing.com/bingbot.htm) Chrome/116.0.1938.76 Safari/537.36"
52.167.144.184 - - [18/Mar/2024:11:30:36 -0700] "GET /minisite/css/sites/lebleu.miniSitesGlobal.min.css HTTP/1.1" 200 56520 "-" "Mozilla/5.0 AppleWebKit/537.36 (KHTML, like Gecko; compatible; bingbot/2.0; +http://www.bing.com/bingbot.htm) Chrome/116.0.1938.76 Safari/537.36"
52.167.144.181 - - [18/Mar/2024:11:30:39 -0700] "GET /minisite/js/vendor/modernizr-2.6.2.min.js HTTP/1.1" 200 15414 "-" "Mozilla/5.0 AppleWebKit/537.36 (KHTML, like Gecko; compatible; bingbot/2.0; +http://www.bing.com/bingbot.htm) Chrome/116.0.1938.76 Safari/537.36"
52.167.144.184 - - [18/Mar/2024:11:30:46 -0700] "GET /minisite/js/jquery-3.1.1.min.js HTTP/1.1" 200 86708 "-" "Mozilla/5.0 AppleWebKit/537.36 (KHTML, like Gecko; compatible; bingbot/2.0; +http://www.bing.com/bingbot.htm) Chrome/116.0.1938.76 Safari/537.36"
52.167.144.184 - - [18/Mar/2024:11:30:47 -0700] "GET /minisite/js/plugins-min.js HTTP/1.1" 200 29285 "-" "Mozilla/5.0 AppleWebKit/537.36 (KHTML, like Gecko; compatible; bingbot/2.0; +http://www.bing.com/bingbot.htm) Chrome/116.0.1938.76 Safari/537.36"
164.152.28.33 - - [18/Mar/2024:11:31:18 -0700] "GET /assets/uploads/files/minisite/634d-lebleu-villa-anguilla-rental-pooldeck-gym.jpg HTTP/1.1" 200 223324 "-" "Mozilla/5.0 (X11; Ubuntu; Linux x86_64; rv:72.0) Gecko/20100101 Firefox/72.0"
52.13.49.107 - - [18/Mar/2024:11:36:35 -0700] "GET /assets/uploads/files/minisite/a5df-lebleu-villa-anguilla-rental-caribbean-terrace-view.jpg HTTP/1.1" 200 365976 "-" "Mozilla/5.0 (X11; Ubuntu; Linux x86_64; rv:72.0) Gecko/20100101 Firefox/72.0"
94.156.64.15 - - [18/Mar/2024:11:39:05 -0700] "GET / HTTP/1.1" 200 23389 "-" "Mozilla/5.0 (Macintosh; Intel Mac OS X 10.13; rv:55.0) Gecko/20100101 Firefox/55.0"
94.156.64.15 - - [18/Mar/2024:11:39:18 -0700] "GET /minisite/js/jquery-3.1.1.min.js HTTP/1.1" 200 86708 "-" "Mozilla/5.0 (Windows; U; Windows NT 6.0; en-US) AppleWebKit/527 (KHTML, like Gecko, Safari/419.3) Arora/0.6 (Change: )"
94.156.64.15 - - [18/Mar/2024:11:39:18 -0700] "GET /minisite/js/plugins-min.js HTTP/1.1" 200 29285 "-" "Mozilla/5.0 (Symbian/3; Series60/5.2 NokiaX7-00/021.004; Profile/MIDP-2.1 Configuration/CLDC-1.1 ) AppleWebKit/533.4 (KHTML, like Gecko) NokiaBrowser/7.3.1.21 Mobile Safari/533.4 3gpp-gba"
94.156.64.15 - - [18/Mar/2024:11:39:18 -0700] "GET /minisite/js/vendor/modernizr-2.6.2.min.js HTTP/1.1" 200 15414 "-" "Mozilla/5.0 (Windows NT 6.1; Win64; x64) AppleWebKit/537.36 (KHTML, like Gecko) Chrome/73.0.3683.86 Safari/537.36"
94.156.64.15 - - [18/Mar/2024:11:39:18 -0700] "GET /minisite/quform/js/contactForm-min.js HTTP/1.1" 200 63061 "-" "TurnitinBot (https://turnitin.com/robot/crawlerinfo.html)"
94.156.64.15 - - [18/Mar/2024:11:39:19 -0700] "GET /minisite/js/jquery-1.8.2.min.js HTTP/1.1" 200 93434 "-" "Mozilla/5.0 (X11; Ubuntu; Linux x86_64; rv:35.0) Gecko/20100101 Firefox/35.0"
94.156.64.15 - - [18/Mar/2024:11:39:19 -0700] "GET //ajax.googleapis.com/ajax/libs/jquery/3.1.1/jquery.min.js HTTP/1.1" 500 1194 "-" "Mozilla/5.0 (Macintosh; Intel Mac OS X 10_14_5) AppleWebKit/537.36 (KHTML, like Gecko) Chrome/73.0.3683.103 Whale/1.5.75.9 Safari/537.36"
94.156.64.15 - - [18/Mar/2024:11:39:19 -0700] "GET //www.google-analytics.com/analytics.js HTTP/1.1" 500 1199 "-" "Mozilla/5.0 (compatible; Yahoo! Slurp China; http://misc.yahoo.com.cn/help.html)"
94.156.64.15 - - [18/Mar/2024:11:39:19 -0700] "GET //ajax.googleapis.com/ajax/libs/jquery/1.8.2/jquery.min.js HTTP/1.1" 500 1194 "-" "Mozilla/5.0 (Linux; U; Android 2.2; en-us; Sprint APA9292KT Build/FRF91) AppleWebKit/533.1 (KHTML, like Gecko) Version/4.0 Mobile Safari/533.1"
94.156.64.15 - - [18/Mar/2024:11:39:19 -0700] "GET /assets/uploads/files/minisite/c8905-manifest.js HTTP/1.1" 500 1185 "-" "Mozilla/5.0 (compatible; Yahoo! Slurp; http://help.yahoo.com/help/us/ysearch/slurp)"
94.156.64.15 - - [18/Mar/2024:11:39:19 -0700] "GET /tracking.js HTTP/1.1" 500 1186 "-" "Mozilla/5.0 (X11; U; Linux i686; en-US) AppleWebKit/532.8 (KHTML, like Gecko) Chrome/4.0.277.0 Safari/532.8"
52.13.49.107 - - [18/Mar/2024:11:40:20 -0700] "GET /assets/uploads/files/minisite/ec68-lebleu-villa-petit-anguilla-rental-lounge.jpg HTTP/1.1" 200 252289 "-" "Mozilla/5.0 (X11; Ubuntu; Linux x86_64; rv:72.0) Gecko/20100101 Firefox/72.0"
52.13.49.107 - - [18/Mar/2024:11:40:55 -0700] "GET /assets/uploads/files/minisite/9226-lebleu-villa-anguilla-rental-bedroom2.jpg HTTP/1.1" 200 210635 "-" "Mozilla/5.0 (X11; Ubuntu; Linux x86_64; rv:72.0) Gecko/20100101 Firefox/72.0"
40.77.202.165 - - [18/Mar/2024:11:46:25 -0700] "GET /minisite/fonts/toronto/2BB7D1_0_0.woff HTTP/1.1" 200 29980 "-" "Mozilla/5.0 AppleWebKit/537.36 (KHTML, like Gecko; compatible; bingbot/2.0; +http://www.bing.com/bingbot.htm) Chrome/100.0.4896.127 Safari/537.36"
34.75.79.57 - - [18/Mar/2024:11:51:05 -0700] "GET /robots.txt HTTP/1.1" 200 49 "-" "ZoominfoBot (zoominfobot at zoominfo dot com)"
52.13.49.107 - - [18/Mar/2024:11:52:57 -0700] "GET /assets/uploads/files/minisite/b1e5-exter9376rt_gal.jpg HTTP/1.1" 200 643909 "-" "Mozilla/5.0 (X11; Ubuntu; Linux x86_64; rv:72.0) Gecko/20100101 Firefox/72.0"
34.75.79.57 - - [18/Mar/2024:11:53:04 -0700] "GET /robots.txt HTTP/1.1" 200 49 "-" "ZoominfoBot (zoominfobot at zoominfo dot com)"
34.75.79.57 - - [18/Mar/2024:11:53:06 -0700] "GET /robots.txt HTTP/1.0" 200 49 "-" "ZoominfoBot (zoominfobot at zoominfo dot com)"
34.75.79.57 - - [18/Mar/2024:11:53:10 -0700] "GET / HTTP/1.0" 200 23389 "-" "ZoominfoBot (zoominfobot at zoominfo dot com)"
52.13.49.107 - - [18/Mar/2024:11:56:01 -0700] "GET /assets/uploads/files/minisite/8e75-lebleu-villa-anguilla-rental-caribbean-grounds.jpg HTTP/1.1" 200 907418 "-" "Mozilla/5.0 (X11; Ubuntu; Linux x86_64; rv:72.0) Gecko/20100101 Firefox/72.0"
52.13.49.107 - - [18/Mar/2024:11:56:58 -0700] "GET /assets/uploads/files/minisite/0e75-lebleu-villa-anguilla-rental-night-pool.jpg HTTP/1.1" 200 206925 "-" "Mozilla/5.0 (X11; Ubuntu; Linux x86_64; rv:72.0) Gecko/20100101 Firefox/72.0"
52.13.49.107 - - [18/Mar/2024:11:58:34 -0700] "GET /assets/uploads/files/minisite/21d1-lebleu-villa-anguilla-rental-gardens.jpg HTTP/1.1" 200 789545 "-" "Mozilla/5.0 (X11; Ubuntu; Linux x86_64; rv:72.0) Gecko/20100101 Firefox/72.0"
114.119.136.76 - - [18/Mar/2024:12:05:05 -0700] "GET /availability HTTP/1.1" 200 21889 "http://lebleuvilla.com/contact/%23cf" "Mozilla/5.0 (Linux; Android 7.0;) AppleWebKit/537.36 (KHTML, like Gecko) Mobile Safari/537.36 (compatible; PetalBot;+https://webmaster.petalsearch.com/site/petalbot)"
54.36.148.117 - - [18/Mar/2024:12:06:02 -0700] "GET /robots.txt HTTP/1.1" 200 49 "-" "Mozilla/5.0 (compatible; AhrefsBot/7.0; +http://ahrefs.com/robot/)"
52.13.49.107 - - [18/Mar/2024:12:06:46 -0700] "GET /assets/uploads/files/minisite/a415-0b85-lebleu-villa-anguilla-rental-exterior.jpg HTTP/1.1" 200 459234 "-" "Mozilla/5.0 (X11; Ubuntu; Linux x86_64; rv:72.0) Gecko/20100101 Firefox/72.0"
195.191.219.130 - - [18/Mar/2024:12:13:53 -0700] "GET /robots.txt HTTP/1.1" 200 49 "-" "Mozilla/5.0 (compatible; MJ12bot/v1.4.8; http://mj12bot.com/)"
195.191.219.130 - - [18/Mar/2024:12:13:56 -0700] "GET / HTTP/1.1" 200 23389 "-" "Mozilla/5.0 (compatible; MJ12bot/v1.4.8; http://mj12bot.com/)"
87.251.84.60 - - [18/Mar/2024:12:16:26 -0700] "GET /pub/health_check.php HTTP/1.1" 500 1182 "https://lebleuvilla.com/pub/health_check.php" "Mozilla/4.0 (compatible; MSIE 6.0; Windows NT 5.1; SV1)"
35.196.81.226 - - [18/Mar/2024:12:32:55 -0700] "GET /robots.txt HTTP/1.1" 200 49 "-" "ZoominfoBot (zoominfobot at zoominfo dot com)"
35.196.81.226 - - [18/Mar/2024:12:37:17 -0700] "GET /robots.txt HTTP/1.1" 200 49 "-" "ZoominfoBot (zoominfobot at zoominfo dot com)"
35.196.81.226 - - [18/Mar/2024:12:37:26 -0700] "GET /robots.txt HTTP/1.0" 200 49 "-" "ZoominfoBot (zoominfobot at zoominfo dot com)"
35.196.81.226 - - [18/Mar/2024:12:37:27 -0700] "GET / HTTP/1.0" 200 23389 "-" "ZoominfoBot (zoominfobot at zoominfo dot com)"
47.128.23.144 - - [18/Mar/2024:12:44:44 -0700] "GET /robots.txt HTTP/1.1" 200 49 "-" "Mozilla/5.0 (Linux; Android 5.0) AppleWebKit/537.36 (KHTML, like Gecko) Mobile Safari/537.36 (compatible; Bytespider; spider-feedback@bytedance.com)"
47.128.121.103 - - [18/Mar/2024:12:45:04 -0700] "GET /old HTTP/1.1" 500 1182 "-" "Mozilla/5.0 (Linux; Android 5.0) AppleWebKit/537.36 (KHTML, like Gecko) Mobile Safari/537.36 (compatible; Bytespider; spider-feedback@bytedance.com)"
114.119.155.1 - - [18/Mar/2024:12:54:10 -0700] "GET /assets/uploads/files/minisite/4bba0-browserconfig.xml HTTP/1.1" 200 246 "https://lebleuvilla.com/assets/uploads/files/minisite/" "Mozilla/5.0 (Linux; Android 7.0;) AppleWebKit/537.36 (KHTML, like Gecko) Mobile Safari/537.36 (compatible; PetalBot;+https://webmaster.petalsearch.com/site/petalbot)"
172.203.161.59 - - [18/Mar/2024:12:54:32 -0700] "GET /assets/uploads/files/minisite/490f-lebleu-villa-anguilla-rental-pool-view.jpg HTTP/1.1" 200 308954 "-" "Mozilla/5.0 (Windows NT 10.0; Win64; x64) AppleWebKit/537.36 (KHTML, like Gecko) Chrome/103.0.0.0 Safari/537.36"
42.83.147.56 - - [18/Mar/2024:13:32:12 -0700] "GET / HTTP/1.1" 200 23389 "-" "Mozilla/5.0 (Windows NT 6.1; Win64; x64) AppleWebKit/537.36 (KHTML, like Gecko)Chrome/74.0.3729.169 Safari/537.36"
92.44.190.148 - - [18/Mar/2024:13:33:05 -0700] "GET / HTTP/1.0" 200 23389 "https://lebleuvilla.com/" "Mozilla/5.0 (Windows NT 6.1) AppleWebKit/537.36 (KHTML, like Gecko) Chrome/103.0.5060.114 Safari/537.36"
185.162.130.23 - - [18/Mar/2024:13:54:21 -0700] "GET /wp-content/plugins/backup-backup/includes/backup-heart.php HTTP/1.1" 500 - "-" "python-requests/2.25.1"
185.162.130.23 - - [18/Mar/2024:13:54:22 -0700] "GET /wp-content/plugins/backup-backup/includes/P HTTP/1.1" 500 - "-" "python-requests/2.25.1"
185.162.130.23 - - [18/Mar/2024:13:54:23 -0700] "POST /wp-content/plugins/backup-backup/includes/backup-heart.php HTTP/1.1" 500 - "-" "python-requests/2.25.1"
185.162.130.23 - - [18/Mar/2024:13:54:23 -0700] "GET /wp-content/plugins/backup-backup/includes/N HTTP/1.1" 500 - "-" "python-requests/2.25.1"
164.152.28.33 - - [18/Mar/2024:14:16:59 -0700] "GET /assets/uploads/files/minisite/a5df-lebleu-villa-anguilla-rental-caribbean-terrace-view.jpg HTTP/1.1" 200 365976 "-" "Mozilla/5.0 (X11; Ubuntu; Linux x86_64; rv:72.0) Gecko/20100101 Firefox/72.0"
172.203.162.98 - - [18/Mar/2024:14:19:53 -0700] "GET /assets/uploads/files/minisite/a5df-lebleu-villa-anguilla-rental-caribbean-terrace-view.jpg HTTP/1.1" 200 365976 "-" "Mozilla/5.0 (Windows NT 10.0; Win64; x64) AppleWebKit/537.36 (KHTML, like Gecko) Chrome/103.0.0.0 Safari/537.36"
164.152.28.33 - - [18/Mar/2024:14:31:38 -0700] "GET /assets/uploads/files/minisite/ec68-lebleu-villa-petit-anguilla-rental-lounge.jpg HTTP/1.1" 200 252289 "-" "Mozilla/5.0 (X11; Ubuntu; Linux x86_64; rv:72.0) Gecko/20100101 Firefox/72.0"
164.152.28.33 - - [18/Mar/2024:14:35:52 -0700] "GET /assets/uploads/files/minisite/9226-lebleu-villa-anguilla-rental-bedroom2.jpg HTTP/1.1" 200 210635 "-" "Mozilla/5.0 (X11; Ubuntu; Linux x86_64; rv:72.0) Gecko/20100101 Firefox/72.0"
114.119.128.129 - - [18/Mar/2024:14:39:06 -0700] "GET /robots.txt HTTP/1.1" 200 49 "-" "Mozilla/5.0 (compatible;PetalBot;+https://webmaster.petalsearch.com/site/petalbot)"
93.159.230.87 - - [18/Mar/2024:14:40:54 -0700] "GET / HTTP/1.1" 200 23389 "-" "Mozilla/5.0 (Linux; arm_64; Android 12; CPH2205) AppleWebKit/537.36 (KHTML, like Gecko) Chrome/110.0.0.0 YaBrowser/23.3.3.86.00 SA/3 Mobile Safari/537.36"
164.152.28.33 - - [18/Mar/2024:15:26:07 -0700] "GET /assets/uploads/files/minisite/b1e5-exter9376rt_gal.jpg HTTP/1.1" 200 643909 "-" "Mozilla/5.0 (X11; Ubuntu; Linux x86_64; rv:72.0) Gecko/20100101 Firefox/72.0"
114.119.167.129 - - [18/Mar/2024:15:28:06 -0700] "GET /assets/uploads/files/minisite/7b623-browserconfig.xml HTTP/1.1" 200 246 "https://lebleuvilla.com/assets/uploads/files/minisite/" "Mozilla/5.0 (Linux; Android 7.0;) AppleWebKit/537.36 (KHTML, like Gecko) Mobile Safari/537.36 (compatible; PetalBot;+https://webmaster.petalsearch.com/site/petalbot)"
164.152.28.33 - - [18/Mar/2024:15:32:42 -0700] "GET /assets/uploads/files/minisite/0e75-lebleu-villa-anguilla-rental-night-pool.jpg HTTP/1.1" 200 206925 "-" "Mozilla/5.0 (X11; Ubuntu; Linux x86_64; rv:72.0) Gecko/20100101 Firefox/72.0"
164.152.28.33 - - [18/Mar/2024:15:33:59 -0700] "GET /assets/uploads/files/minisite/8e75-lebleu-villa-anguilla-rental-caribbean-grounds.jpg HTTP/1.1" 200 907418 "-" "Mozilla/5.0 (X11; Ubuntu; Linux x86_64; rv:72.0) Gecko/20100101 Firefox/72.0"
66.249.68.6 - - [18/Mar/2024:15:36:14 -0700] "GET /robots.txt HTTP/1.1" 200 49 "-" "Mozilla/5.0 (compatible; Googlebot/2.1; +http://www.google.com/bot.html)"
66.249.68.7 - - [18/Mar/2024:15:36:15 -0700] "GET / HTTP/1.1" 200 23389 "-" "Mozilla/5.0 (compatible; Googlebot/2.1; +http://www.google.com/bot.html)"
66.249.68.6 - - [18/Mar/2024:15:36:17 -0700] "GET /minisite/js/vendor/modernizr-2.6.2.min.js HTTP/1.1" 200 15414 "https://lebleuvilla.com/" "Mozilla/5.0 AppleWebKit/537.36 (KHTML, like Gecko; compatible; Googlebot/2.1; +http://www.google.com/bot.html) Chrome/122.0.6261.94 Safari/537.36"
66.249.68.8 - - [18/Mar/2024:15:36:18 -0700] "GET /minisite/js/plugins-min.js HTTP/1.1" 200 29285 "https://lebleuvilla.com/" "Mozilla/5.0 AppleWebKit/537.36 (KHTML, like Gecko; compatible; Googlebot/2.1; +http://www.google.com/bot.html) Chrome/122.0.6261.94 Safari/537.36"
66.249.68.6 - - [18/Mar/2024:15:36:18 -0700] "GET /minisite/quform/js/contactForm-min.js HTTP/1.1" 200 63061 "https://lebleuvilla.com/" "Mozilla/5.0 AppleWebKit/537.36 (KHTML, like Gecko; compatible; Googlebot/2.1; +http://www.google.com/bot.html) Chrome/122.0.6261.94 Safari/537.36"
164.152.28.33 - - [18/Mar/2024:15:38:33 -0700] "GET /assets/uploads/files/minisite/21d1-lebleu-villa-anguilla-rental-gardens.jpg HTTP/1.1" 200 789545 "-" "Mozilla/5.0 (X11; Ubuntu; Linux x86_64; rv:72.0) Gecko/20100101 Firefox/72.0"
66.249.68.7 - - [18/Mar/2024:15:41:14 -0700] "GET / HTTP/1.1" 200 23389 "-" "Mozilla/5.0 (compatible; Googlebot/2.1; +http://www.google.com/bot.html)"
66.249.68.6 - - [18/Mar/2024:15:41:16 -0700] "GET /minisite/js/vendor/modernizr-2.6.2.min.js HTTP/1.1" 200 15414 "https://lebleuvilla.com/" "Mozilla/5.0 AppleWebKit/537.36 (KHTML, like Gecko; compatible; Googlebot/2.1; +http://www.google.com/bot.html) Chrome/122.0.6261.94 Safari/537.36"
66.249.68.6 - - [18/Mar/2024:15:41:17 -0700] "GET /minisite/js/plugins-min.js HTTP/1.1" 200 29285 "https://lebleuvilla.com/" "Mozilla/5.0 AppleWebKit/537.36 (KHTML, like Gecko; compatible; Googlebot/2.1; +http://www.google.com/bot.html) Chrome/122.0.6261.94 Safari/537.36"
66.249.68.6 - - [18/Mar/2024:15:41:18 -0700] "GET /minisite/quform/js/contactForm-min.js HTTP/1.1" 200 63061 "https://lebleuvilla.com/" "Mozilla/5.0 AppleWebKit/537.36 (KHTML, like Gecko; compatible; Googlebot/2.1; +http://www.google.com/bot.html) Chrome/122.0.6261.94 Safari/537.36"
66.249.68.6 - - [18/Mar/2024:15:46:14 -0700] "GET / HTTP/1.1" 200 23389 "-" "Mozilla/5.0 (compatible; Googlebot/2.1; +http://www.google.com/bot.html)"
66.249.68.8 - - [18/Mar/2024:15:46:17 -0700] "GET /minisite/js/vendor/modernizr-2.6.2.min.js HTTP/1.1" 200 15414 "https://lebleuvilla.com/" "Mozilla/5.0 AppleWebKit/537.36 (KHTML, like Gecko; compatible; Googlebot/2.1; +http://www.google.com/bot.html) Chrome/122.0.6261.94 Safari/537.36"
66.249.68.6 - - [18/Mar/2024:15:46:18 -0700] "GET /minisite/quform/js/contactForm-min.js HTTP/1.1" 200 63061 "https://lebleuvilla.com/" "Mozilla/5.0 AppleWebKit/537.36 (KHTML, like Gecko; compatible; Googlebot/2.1; +http://www.google.com/bot.html) Chrome/122.0.6261.94 Safari/537.36"
66.249.68.6 - - [18/Mar/2024:15:46:18 -0700] "GET /minisite/js/plugins-min.js HTTP/1.1" 200 29285 "https://lebleuvilla.com/" "Mozilla/5.0 AppleWebKit/537.36 (KHTML, like Gecko; compatible; Googlebot/2.1; +http://www.google.com/bot.html) Chrome/122.0.6261.94 Safari/537.36"
208.66.74.241 - - [18/Mar/2024:15:56:59 -0700] "GET / HTTP/1.0" 200 23389 "https://lebleuvilla.com/" "Mozilla/5.0 (Windows NT 10.0; Win64; x64) AppleWebKit/537.36 (KHTML, like Gecko) Chrome/122.0.0.0 Safari/537.36"
208.66.74.241 - - [18/Mar/2024:15:57:00 -0700] "GET /contact HTTP/1.0" 200 19729 "https://lebleuvilla.com/contact" "Mozilla/5.0 (Windows NT 10.0; Win64; x64) AppleWebKit/537.36 (KHTML, like Gecko) Chrome/122.0.0.0 Safari/537.36"
64.43.126.233 - - [18/Mar/2024:16:05:11 -0700] "GET /contact HTTP/1.1" 200 19729 "-" "Mozilla/5.0 (X11; Linux x86_64) AppleWebKit/537.36 (KHTML, like Gecko) Chrome/114.0.0.0 Safari/537.36 OPR/89.0.4447.51"
64.43.126.233 - - [18/Mar/2024:16:05:13 -0700] "GET /contact/ HTTP/1.1" 200 19729 "https://lebleuvilla.com/contact" "Mozilla/5.0 (X11; Linux x86_64) AppleWebKit/537.36 (KHTML, like Gecko) Chrome/114.0.0.0 Safari/537.36 OPR/89.0.4447.51"
64.43.126.233 - - [18/Mar/2024:16:05:15 -0700] "GET / HTTP/1.1" 200 23389 "-" "Mozilla/5.0 (X11; Linux x86_64) AppleWebKit/537.36 (KHTML, like Gecko) Chrome/114.0.0.0 Safari/537.36 OPR/89.0.4447.51"
64.43.126.233 - - [18/Mar/2024:16:05:17 -0700] "GET /contact HTTP/1.1" 200 19729 "https://lebleuvilla.com/contact" "Mozilla/5.0 (X11; Linux x86_64) AppleWebKit/537.36 (KHTML, like Gecko) Chrome/114.0.0.0 Safari/537.36 OPR/89.0.4447.51"
216.244.66.237 - - [18/Mar/2024:16:08:18 -0700] "GET /robots.txt HTTP/1.1" 200 49 "-" "Mozilla/5.0 (compatible; DotBot/1.2; +https://opensiteexplorer.org/dotbot; help@moz.com)"
164.152.28.33 - - [18/Mar/2024:16:09:27 -0700] "GET /assets/uploads/files/minisite/a415-0b85-lebleu-villa-anguilla-rental-exterior.jpg HTTP/1.1" 200 459234 "-" "Mozilla/5.0 (X11; Ubuntu; Linux x86_64; rv:72.0) Gecko/20100101 Firefox/72.0"
216.244.66.237 - - [18/Mar/2024:16:15:43 -0700] "GET /344r7m.php HTTP/1.1" 301 242 "-" "Mozilla/5.0 (compatible; DotBot/1.2; +https://opensiteexplorer.org/dotbot; help@moz.com)"
109.125.100.97 - - [18/Mar/2024:16:28:10 -0700] "GET / HTTP/1.0" 200 23389 "https://lebleuvilla.com/" "Mozilla/5.0 (Windows NT 6.1; Win64; x64) AppleWebKit/537.36 (KHTML, like Gecko) Chrome/103.0.0.0 Safari/537.36"
109.125.100.97 - - [18/Mar/2024:16:28:12 -0700] "GET /contact HTTP/1.0" 200 19729 "https://lebleuvilla.com/contact" "Mozilla/5.0 (Windows NT 6.1; Win64; x64) AppleWebKit/537.36 (KHTML, like Gecko) Chrome/103.0.0.0 Safari/537.36"
114.119.136.76 - - [18/Mar/2024:16:35:48 -0700] "GET /assets/uploads/files/minisite/00032-browserconfig.xml HTTP/1.1" 200 246 "https://lebleuvilla.com/assets/uploads/files/minisite/" "Mozilla/5.0 (Linux; Android 7.0;) AppleWebKit/537.36 (KHTML, like Gecko) Mobile Safari/537.36 (compatible; PetalBot;+https://webmaster.petalsearch.com/site/petalbot)"
47.128.48.190 - - [18/Mar/2024:16:44:46 -0700] "GET /wordpress HTTP/1.1" 500 1188 "-" "Mozilla/5.0 (Linux; Android 5.0) AppleWebKit/537.36 (KHTML, like Gecko) Mobile Safari/537.36 (compatible; Bytespider; spider-feedback@bytedance.com)"
114.119.128.126 - - [18/Mar/2024:17:12:50 -0700] "GET /assets/uploads/files/minisite/6f1ac-safari-pinned-tab.svg HTTP/1.1" 200 871 "https://lebleuvilla.com/assets/uploads/files/minisite/" "Mozilla/5.0 (Linux; Android 7.0;) AppleWebKit/537.36 (KHTML, like Gecko) Mobile Safari/537.36 (compatible; PetalBot;+https://webmaster.petalsearch.com/site/petalbot)"
222.137.190.43 - - [18/Mar/2024:17:26:28 -0700] "GET /robots.txt HTTP/1.1" 200 49 "-" "Mozilla/5.0 (Windows NT 10.0; WOW64) AppleWebKit/537.36 (KHTML, like Gecko) Chrome/51.0.2569.114 Safari/537.36 QIHU 360SE"
66.249.68.6 - - [18/Mar/2024:17:38:06 -0700] "GET /robots.txt HTTP/1.1" 200 49 "-" "Mozilla/5.0 (compatible; Googlebot/2.1; +http://www.google.com/bot.html)"
66.249.68.8 - - [18/Mar/2024:17:38:07 -0700] "GET / HTTP/1.1" 200 23389 "-" "Mozilla/5.0 (compatible; Googlebot/2.1; +http://www.google.com/bot.html)"
66.249.68.7 - - [18/Mar/2024:17:38:09 -0700] "GET /minisite/js/vendor/modernizr-2.6.2.min.js HTTP/1.1" 200 15414 "https://lebleuvilla.com/" "Mozilla/5.0 AppleWebKit/537.36 (KHTML, like Gecko; compatible; Googlebot/2.1; +http://www.google.com/bot.html) Chrome/122.0.6261.94 Safari/537.36"
66.249.68.8 - - [18/Mar/2024:17:38:09 -0700] "GET /minisite/js/plugins-min.js HTTP/1.1" 200 29285 "https://lebleuvilla.com/" "Mozilla/5.0 AppleWebKit/537.36 (KHTML, like Gecko; compatible; Googlebot/2.1; +http://www.google.com/bot.html) Chrome/122.0.6261.94 Safari/537.36"
66.249.68.7 - - [18/Mar/2024:17:38:10 -0700] "GET /minisite/quform/js/contactForm-min.js HTTP/1.1" 200 63061 "https://lebleuvilla.com/" "Mozilla/5.0 AppleWebKit/537.36 (KHTML, like Gecko; compatible; Googlebot/2.1; +http://www.google.com/bot.html) Chrome/122.0.6261.94 Safari/537.36"
66.249.68.8 - - [18/Mar/2024:17:42:23 -0700] "GET / HTTP/1.1" 200 23389 "-" "Mozilla/5.0 (compatible; Googlebot/2.1; +http://www.google.com/bot.html)"
66.249.68.8 - - [18/Mar/2024:17:42:25 -0700] "GET /minisite/js/vendor/modernizr-2.6.2.min.js HTTP/1.1" 200 15414 "https://lebleuvilla.com/" "Mozilla/5.0 AppleWebKit/537.36 (KHTML, like Gecko; compatible; Googlebot/2.1; +http://www.google.com/bot.html) Chrome/122.0.6261.94 Safari/537.36"
66.249.68.6 - - [18/Mar/2024:17:42:26 -0700] "GET /minisite/js/plugins-min.js HTTP/1.1" 200 29285 "https://lebleuvilla.com/" "Mozilla/5.0 AppleWebKit/537.36 (KHTML, like Gecko; compatible; Googlebot/2.1; +http://www.google.com/bot.html) Chrome/122.0.6261.94 Safari/537.36"
66.249.68.8 - - [18/Mar/2024:17:42:26 -0700] "GET /minisite/quform/js/contactForm-min.js HTTP/1.1" 200 63061 "https://lebleuvilla.com/" "Mozilla/5.0 AppleWebKit/537.36 (KHTML, like Gecko; compatible; Googlebot/2.1; +http://www.google.com/bot.html) Chrome/122.0.6261.94 Safari/537.36"
166.104.110.233 - - [18/Mar/2024:17:58:33 -0700] "GET /assets/uploads/files/minisite/a5df-lebleu-villa-anguilla-rental-caribbean-terrace-view.jpg HTTP/1.1" 200 365976 "-" "Mozilla/5.0 (X11; Ubuntu; Linux x86_64; rv:72.0) Gecko/20100101 Firefox/72.0"
185.100.85.22 - - [18/Mar/2024:18:06:26 -0700] "GET / HTTP/1.0" 200 23389 "https://lebleuvilla.com/" "Mozilla/5.0 (Windows NT 6.3; Win64; x64) AppleWebKit/537.36 (KHTML, like Gecko) Chrome/103.0.5060.53 Safari/537.36"
185.100.85.22 - - [18/Mar/2024:18:06:29 -0700] "GET /contact HTTP/1.0" 200 19729 "https://lebleuvilla.com/contact" "Mozilla/5.0 (Windows NT 6.3; Win64; x64) AppleWebKit/537.36 (KHTML, like Gecko) Chrome/103.0.5060.53 Safari/537.36"
198.12.68.25 - - [18/Mar/2024:18:32:56 -0700] "GET /contact/ HTTP/1.1" 200 19729 "-" "Mozilla/5.0 (X11; Linux x86_64) AppleWebKit/537.36 (KHTML, like Gecko) Chrome/114.0.0.0 Safari/537.36 OPR/89.0.4447.51"
198.12.68.25 - - [18/Mar/2024:18:32:57 -0700] "GET /contact HTTP/1.1" 200 19729 "https://lebleuvilla.com/contact/" "Mozilla/5.0 (X11; Linux x86_64) AppleWebKit/537.36 (KHTML, like Gecko) Chrome/114.0.0.0 Safari/537.36 OPR/89.0.4447.51"
198.12.68.25 - - [18/Mar/2024:18:32:58 -0700] "GET / HTTP/1.1" 200 23389 "-" "Mozilla/5.0 (X11; Linux x86_64) AppleWebKit/537.36 (KHTML, like Gecko) Chrome/114.0.0.0 Safari/537.36 OPR/89.0.4447.51"
198.12.68.25 - - [18/Mar/2024:18:32:59 -0700] "GET /contact/ HTTP/1.1" 200 19729 "https://lebleuvilla.com/" "Mozilla/5.0 (X11; Linux x86_64) AppleWebKit/537.36 (KHTML, like Gecko) Chrome/114.0.0.0 Safari/537.36 OPR/89.0.4447.51"
198.12.68.25 - - [18/Mar/2024:18:33:01 -0700] "GET / HTTP/1.1" 200 23389 "https://lebleuvilla.com/" "Mozilla/5.0 (X11; Linux x86_64) AppleWebKit/537.36 (KHTML, like Gecko) Chrome/114.0.0.0 Safari/537.36 OPR/89.0.4447.51"
198.12.68.25 - - [18/Mar/2024:18:33:02 -0700] "GET /gallery HTTP/1.1" 200 13164 "https://lebleuvilla.com/" "Mozilla/5.0 (X11; Linux x86_64) AppleWebKit/537.36 (KHTML, like Gecko) Chrome/114.0.0.0 Safari/537.36 OPR/89.0.4447.51"
198.12.68.25 - - [18/Mar/2024:18:33:03 -0700] "GET /contact HTTP/1.1" 200 19729 "https://lebleuvilla.com/" "Mozilla/5.0 (X11; Linux x86_64) AppleWebKit/537.36 (KHTML, like Gecko) Chrome/114.0.0.0 Safari/537.36 OPR/89.0.4447.51"
198.12.68.25 - - [18/Mar/2024:18:33:05 -0700] "GET /rates HTTP/1.1" 200 39004 "https://lebleuvilla.com/" "Mozilla/5.0 (X11; Linux x86_64) AppleWebKit/537.36 (KHTML, like Gecko) Chrome/114.0.0.0 Safari/537.36 OPR/89.0.4447.51"
198.12.68.25 - - [18/Mar/2024:18:33:06 -0700] "GET /floorplans HTTP/1.1" 200 20557 "https://lebleuvilla.com/" "Mozilla/5.0 (X11; Linux x86_64) AppleWebKit/537.36 (KHTML, like Gecko) Chrome/114.0.0.0 Safari/537.36 OPR/89.0.4447.51"
198.12.68.25 - - [18/Mar/2024:18:33:07 -0700] "GET /availability HTTP/1.1" 200 21889 "https://lebleuvilla.com/" "Mozilla/5.0 (X11; Linux x86_64) AppleWebKit/537.36 (KHTML, like Gecko) Chrome/114.0.0.0 Safari/537.36 OPR/89.0.4447.51"
120.71.59.24 - - [18/Mar/2024:18:49:44 -0700] "GET / HTTP/1.1" 200 23389 "http://www.lebleuvilla.com" "Mozilla/5.0 (iPhone; CPU iPhone OS 13_2_3 like Mac OS X) AppleWebKit/605.1.15 (KHTML, like Gecko) Version/13.0.3 Mobile/15E148 Safari/604.1"
94.156.68.171 - - [18/Mar/2024:19:32:44 -0700] "GET /defaults.php HTTP/1.1" 500 1187 "www.google.com" "Mozlila/5.0 (Linux; Android 7.0; SM-G892A Bulid/NRD90M; wv) AppleWebKit/537.36 (KHTML, like Gecko) Version/4.0 Chrome/60.0.3112.107 Moblie Safari/537.36"
47.128.20.80 - - [18/Mar/2024:19:57:32 -0700] "GET /wp-includes/wlwmanifest.xml HTTP/1.1" 500 1190 "-" "Mozilla/5.0 (Linux; Android 5.0) AppleWebKit/537.36 (KHTML, like Gecko) Mobile Safari/537.36 (compatible; Bytespider; spider-feedback@bytedance.com)"
50.31.180.11 - - [18/Mar/2024:19:58:22 -0700] "GET /assets/uploads/files/minisite/a5df-lebleu-villa-anguilla-rental-caribbean-terrace-view.jpg HTTP/1.1" 200 365976 "-" "Mozilla/5.0 (X11; Ubuntu; Linux x86_64; rv:72.0) Gecko/20100101 Firefox/72.0"
176.31.115.13 - - [18/Mar/2024:20:11:39 -0700] "GET / HTTP/1.0" 200 23389 "https://lebleuvilla.com/" "Mozilla/5.0 (Windows NT 10.0; Win64; x64) AppleWebKit/537.36 (KHTML, like Gecko) Chrome/113.0.0.0 Safari/537.36"
176.31.115.13 - - [18/Mar/2024:20:11:40 -0700] "GET /contact HTTP/1.0" 200 19729 "https://lebleuvilla.com/contact" "Mozilla/5.0 (Windows NT 10.0; Win64; x64) AppleWebKit/537.36 (KHTML, like Gecko) Chrome/113.0.0.0 Safari/537.36"
172.203.163.52 - - [18/Mar/2024:20:49:11 -0700] "GET /assets/uploads/files/minisite/9b57-lebleu-villa-anguilla-rental-pooldeck-lounge.jpg HTTP/1.1" 200 348149 "-" "Mozilla/5.0 (Windows NT 10.0; Win64; x64) AppleWebKit/537.36 (KHTML, like Gecko) Chrome/103.0.0.0 Safari/537.36"
50.31.180.11 - - [18/Mar/2024:21:24:17 -0700] "GET /assets/uploads/files/minisite/ec68-lebleu-villa-petit-anguilla-rental-lounge.jpg HTTP/1.1" 200 252289 "-" "Mozilla/5.0 (X11; Ubuntu; Linux x86_64; rv:72.0) Gecko/20100101 Firefox/72.0"
195.191.219.131 - - [18/Mar/2024:21:31:05 -0700] "GET /robots.txt HTTP/1.1" 200 49 "-" "Mozilla/5.0 (compatible; MJ12bot/v1.4.8; http://mj12bot.com/)"
195.191.219.131 - - [18/Mar/2024:21:31:11 -0700] "GET / HTTP/1.1" 200 23389 "-" "Mozilla/5.0 (compatible; MJ12bot/v1.4.8; http://mj12bot.com/)"
195.191.219.131 - - [18/Mar/2024:21:31:19 -0700] "GET /robots.txt HTTP/1.1" 200 49 "-" "Mozilla/5.0 (compatible; MJ12bot/v1.4.8; http://mj12bot.com/)"
195.191.219.131 - - [18/Mar/2024:21:31:24 -0700] "GET / HTTP/1.1" 200 23389 "-" "Mozilla/5.0 (compatible; MJ12bot/v1.4.8; http://mj12bot.com/)"
50.31.180.11 - - [18/Mar/2024:21:45:07 -0700] "GET /assets/uploads/files/minisite/9226-lebleu-villa-anguilla-rental-bedroom2.jpg HTTP/1.1" 200 210635 "-" "Mozilla/5.0 (X11; Ubuntu; Linux x86_64; rv:72.0) Gecko/20100101 Firefox/72.0"
37.120.155.18 - - [18/Mar/2024:22:07:27 -0700] "GET / HTTP/1.0" 200 23389 "https://lebleuvilla.com/" "Mozilla/5.0 (Windows NT 6.3; WOW64) AppleWebKit/537.36 (KHTML, like Gecko) Chrome/103.0.5060.114 Safari/537.36"
114.119.128.126 - - [18/Mar/2024:22:09:24 -0700] "GET /floorplans HTTP/1.1" 200 20557 "http://propertiesinparadiseaxa.com/tmp/analog/lebleuvilla.propertiesinparadiseaxa.com/1.html" "Mozilla/5.0 (Linux; Android 7.0;) AppleWebKit/537.36 (KHTML, like Gecko) Mobile Safari/537.36 (compatible; PetalBot;+https://webmaster.petalsearch.com/site/petalbot)"
114.119.167.129 - - [18/Mar/2024:22:12:06 -0700] "GET /assets/uploads/files/minisite/https:/d2ma42g52r8agz.cloudfront.net/eyJidWNrZXQiOiJsYWN1cmUtYmFja29mZmljZSIsImtleSI6InBpcFwvbWluaXNpdGVcLzgxOWVhLWxlYmxldWxvZ28ucG5nIiwib3B0aW9ucyI6eyJwcm9ncmVzc2l2ZSI6dHJ1ZX0sImZvcm1hdCI6ImpwZyIsImVkaXRzIjp7InJlc2l6ZSI6eyJoZWlnaHQiOm51bGwsIndpZHRoIjpudWxsLCJmaXQiOiJjb3ZlciJ9fX0= HTTP/1.1" 500 1185 "https://lebleuvilla.com/rates" "Mozilla/5.0 (Linux; Android 7.0;) AppleWebKit/537.36 (KHTML, like Gecko) Mobile Safari/537.36 (compatible; PetalBot;+https://webmaster.petalsearch.com/site/petalbot)"
114.119.167.129 - - [18/Mar/2024:22:14:22 -0700] "GET /assets/uploads/files/minisite/007b5-footlogo.svg HTTP/1.1" 200 5651 "https://lebleuvilla.com/assets/uploads/files/minisite/" "Mozilla/5.0 (Linux; Android 7.0;) AppleWebKit/537.36 (KHTML, like Gecko) Mobile Safari/537.36 (compatible; PetalBot;+https://webmaster.petalsearch.com/site/petalbot)"
114.119.136.76 - - [18/Mar/2024:22:16:59 -0700] "GET /public/js/wind.js HTTP/1.1" 500 1185 "http://propertiesinparadiseaxa.com/tmp/analog/lebleuvilla.propertiesinparadiseaxa.com/1.html" "Mozilla/5.0 (Linux; Android 7.0;) AppleWebKit/537.36 (KHTML, like Gecko) Mobile Safari/537.36 (compatible; PetalBot;+https://webmaster.petalsearch.com/site/petalbot)"
5.42.65.47 - - [18/Mar/2024:22:17:09 -0700] "GET / HTTP/1.1" 200 23389 "-" "Mozilla/5.0 (Macintosh; Intel Mac OS X 10_15_7) AppleWebKit/537.36 (KHTML, like Gecko) Chrome/123.0.6312.46 Safari/537.36"
