217.247.243.244 - - [18/Mar/2024:05:11:37 -0700] "GET / HTTP/1.1" 500 - "-" "curl/7.54.0"
195.191.219.131 - - [18/Mar/2024:05:37:27 -0700] "GET /robots.txt HTTP/1.1" 200 49 "-" "Mozilla/5.0 (compatible; MJ12bot/v1.4.8; http://mj12bot.com/)"
195.191.219.131 - - [18/Mar/2024:05:37:30 -0700] "GET / HTTP/1.1" 200 23639 "-" "Mozilla/5.0 (compatible; MJ12bot/v1.4.8; http://mj12bot.com/)"
77.75.78.164 - - [18/Mar/2024:05:59:06 -0700] "GET /assets/uploads/files/minisite/6d04-tranquility-beach-anguilla-drone-11.jpg HTTP/1.1" 304 - "-" "Mozilla/5.0 (compatible; SeznamBot/4.0; +http://napoveda.seznam.cz/seznambot-intro/)"
77.75.78.164 - - [18/Mar/2024:06:19:00 -0700] "GET /assets/uploads/files/minisite/7f86-villa_anani_bedrm_42_b.jpg HTTP/1.1" 304 - "-" "Mozilla/5.0 (compatible; SeznamBot/4.0; +http://napoveda.seznam.cz/seznambot-intro/)"
114.119.141.191 - - [18/Mar/2024:06:29:26 -0700] "GET /assets/uploads/files/minisite HTTP/1.1" 301 266 "http://propertiesinparadiseaxa.com/tmp/analog/roundrockestate.propertiesinparadiseaxa.com/2.html" "Mozilla/5.0 (Linux; Android 7.0;) AppleWebKit/537.36 (KHTML, like Gecko) Mobile Safari/537.36 (compatible; PetalBot;+https://webmaster.petalsearch.com/site/petalbot)"
114.119.141.191 - - [18/Mar/2024:06:29:27 -0700] "GET /assets/uploads/files/minisite/ HTTP/1.1" 200 520536 "http://propertiesinparadiseaxa.com/tmp/analog/roundrockestate.propertiesinparadiseaxa.com/2.html" "Mozilla/5.0 (Linux; Android 7.0;) AppleWebKit/537.36 (KHTML, like Gecko) Mobile Safari/537.36 (compatible; PetalBot;+https://webmaster.petalsearch.com/site/petalbot)"
52.167.144.174 - - [18/Mar/2024:06:33:03 -0700] "GET / HTTP/1.1" 200 23639 "-" "Mozilla/5.0 AppleWebKit/537.36 (KHTML, like Gecko; compatible; bingbot/2.0; +http://www.bing.com/bingbot.htm) Chrome/116.0.1938.76 Safari/537.36"
52.167.144.174 - - [18/Mar/2024:06:34:03 -0700] "GET /minisite/css/miniSitesIndividual.min.css HTTP/1.1" 200 94 "-" "Mozilla/5.0 AppleWebKit/537.36 (KHTML, like Gecko; compatible; bingbot/2.0; +http://www.bing.com/bingbot.htm) Chrome/116.0.1938.76 Safari/537.36"
52.167.144.174 - - [18/Mar/2024:06:34:03 -0700] "GET /minisite/js/jquery-1.8.2.min.js HTTP/1.1" 200 93434 "-" "Mozilla/5.0 AppleWebKit/537.36 (KHTML, like Gecko; compatible; bingbot/2.0; +http://www.bing.com/bingbot.htm) Chrome/116.0.1938.76 Safari/537.36"
52.167.144.174 - - [18/Mar/2024:06:34:03 -0700] "GET /minisite/js/vendor/modernizr-2.6.2.min.js HTTP/1.1" 200 15414 "-" "Mozilla/5.0 AppleWebKit/537.36 (KHTML, like Gecko; compatible; bingbot/2.0; +http://www.bing.com/bingbot.htm) Chrome/116.0.1938.76 Safari/537.36"
52.167.144.174 - - [18/Mar/2024:06:34:04 -0700] "GET /minisite/js/plugins-min.js HTTP/1.1" 200 29285 "-" "Mozilla/5.0 AppleWebKit/537.36 (KHTML, like Gecko; compatible; bingbot/2.0; +http://www.bing.com/bingbot.htm) Chrome/116.0.1938.76 Safari/537.36"
52.167.144.174 - - [18/Mar/2024:06:34:04 -0700] "GET /minisite/quform/js/contactForm-min.js HTTP/1.1" 200 63061 "-" "Mozilla/5.0 AppleWebKit/537.36 (KHTML, like Gecko; compatible; bingbot/2.0; +http://www.bing.com/bingbot.htm) Chrome/116.0.1938.76 Safari/537.36"
40.77.167.64 - - [18/Mar/2024:06:34:07 -0700] "GET /minisite/css/sites/rr.miniSitesGlobal.min.css HTTP/1.1" 200 56520 "-" "Mozilla/5.0 AppleWebKit/537.36 (KHTML, like Gecko; compatible; bingbot/2.0; +http://www.bing.com/bingbot.htm) Chrome/116.0.1938.76 Safari/537.36"
52.167.144.229 - - [18/Mar/2024:06:34:12 -0700] "GET /minisite/img/global/aaaLogo.svg HTTP/1.1" 200 6562 "-" "Mozilla/5.0 AppleWebKit/537.36 (KHTML, like Gecko; compatible; bingbot/2.0; +http://www.bing.com/bingbot.htm) Chrome/116.0.1938.76 Safari/537.36"
52.167.144.229 - - [18/Mar/2024:06:34:13 -0700] "GET /minisite/js/jquery-3.1.1.min.js HTTP/1.1" 200 86708 "-" "Mozilla/5.0 AppleWebKit/537.36 (KHTML, like Gecko; compatible; bingbot/2.0; +http://www.bing.com/bingbot.htm) Chrome/116.0.1938.76 Safari/537.36"
102.217.120.106 - - [18/Mar/2024:06:48:12 -0700] "GET /wp-login.php HTTP/1.1" 500 1187 "-" "Mozilla/5.0 (Windows NT 10.0; WOW64; Trident/7.0; rv:11.0) like Gecko"
102.217.120.106 - - [18/Mar/2024:06:48:14 -0700] "GET /xmlrpc.php HTTP/1.1" 500 1185 "-" "Mozilla/5.0 (Windows NT 10.0; WOW64; Trident/7.0; rv:11.0) like Gecko"
102.217.120.106 - - [18/Mar/2024:06:48:17 -0700] "GET /wp-login.php HTTP/1.1" 500 1187 "-" "Mozilla/5.0 (Windows NT 10.0; WOW64; Trident/7.0; rv:11.0) like Gecko"
102.217.120.106 - - [18/Mar/2024:06:48:19 -0700] "GET /xmlrpc.php HTTP/1.1" 500 1185 "-" "Mozilla/5.0 (Windows NT 10.0; WOW64; Trident/7.0; rv:11.0) like Gecko"
114.119.131.33 - - [18/Mar/2024:06:49:10 -0700] "GET /robots.txt HTTP/1.1" 200 49 "-" "Mozilla/5.0 (compatible;PetalBot;+https://webmaster.petalsearch.com/site/petalbot)"
40.77.189.9 - - [18/Mar/2024:06:50:46 -0700] "GET /minisite/fonts/toronto/2BB7D1_0_0.woff HTTP/1.1" 200 29980 "https://roundrockestate.com/minisite/css/sites/rr.miniSitesGlobal.min.css" "Mozilla/5.0 AppleWebKit/537.36 (KHTML, like Gecko; compatible; bingbot/2.0; +http://www.bing.com/bingbot.htm) Chrome/112.0.0.0 Safari/537.36"
114.119.136.141 - - [18/Mar/2024:06:59:27 -0700] "GET /availability HTTP/1.1" 200 22283 "http://propertiesinparadiseaxa.com/tmp/analog/roundrockestate.propertiesinparadiseaxa.com/2.html" "Mozilla/5.0 (Linux; Android 7.0;) AppleWebKit/537.36 (KHTML, like Gecko) Mobile Safari/537.36 (compatible; PetalBot;+https://webmaster.petalsearch.com/site/petalbot)"
216.244.66.242 - - [18/Mar/2024:07:35:27 -0700] "GET /robots.txt HTTP/1.1" 200 49 "-" "Mozilla/5.0 (compatible; DotBot/1.2; +https://opensiteexplorer.org/dotbot; help@moz.com)"
216.244.66.242 - - [18/Mar/2024:07:43:33 -0700] "GET /1b19-4.jpg HTTP/1.1" 500 1185 "-" "Mozilla/5.0 (compatible; DotBot/1.2; +https://opensiteexplorer.org/dotbot; help@moz.com)"
77.75.78.164 - - [18/Mar/2024:08:36:22 -0700] "GET /assets/uploads/files/minisite/24cf-bedroom-1-side-view.jpg HTTP/1.1" 304 - "-" "Mozilla/5.0 (compatible; SeznamBot/4.0; +http://napoveda.seznam.cz/seznambot-intro/)"
216.244.66.242 - - [18/Mar/2024:08:37:44 -0700] "GET /robots.txt HTTP/1.1" 200 49 "-" "Mozilla/5.0 (compatible; DotBot/1.2; +https://opensiteexplorer.org/dotbot; help@moz.com)"
47.128.112.2 - - [18/Mar/2024:08:40:20 -0700] "GET /robots.txt HTTP/1.1" 200 49 "-" "Mozilla/5.0 (Linux; Android 5.0) AppleWebKit/537.36 (KHTML, like Gecko) Mobile Safari/537.36 (compatible; Bytespider; spider-feedback@bytedance.com)"
47.128.112.246 - - [18/Mar/2024:08:40:45 -0700] "GET /floorplans HTTP/1.1" 200 20573 "-" "Mozilla/5.0 (compatible; Bytespider; spider-feedback@bytedance.com) AppleWebKit/537.36 (KHTML, like Gecko) Chrome/70.0.0.0 Safari/537.36"
47.128.112.246 - - [18/Mar/2024:08:40:48 -0700] "GET /minisite/img/global/aaaLogo.svg HTTP/1.1" 200 6562 "https://roundrockestate.com/floorplans" "Mozilla/5.0 (compatible; Bytespider; spider-feedback@bytedance.com) AppleWebKit/537.36 (KHTML, like Gecko) Chrome/70.0.0.0 Safari/537.36"
47.128.112.246 - - [18/Mar/2024:08:40:55 -0700] "GET /quform/images/close.png HTTP/1.1" 200 1345 "https://roundrockestate.com/floorplans" "Mozilla/5.0 (compatible; Bytespider; spider-feedback@bytedance.com) AppleWebKit/537.36 (KHTML, like Gecko) Chrome/70.0.0.0 Safari/537.36"
47.128.112.246 - - [18/Mar/2024:08:40:55 -0700] "GET /quform/images/success.png HTTP/1.1" 200 1011 "https://roundrockestate.com/floorplans" "Mozilla/5.0 (compatible; Bytespider; spider-feedback@bytedance.com) AppleWebKit/537.36 (KHTML, like Gecko) Chrome/70.0.0.0 Safari/537.36"
47.128.112.246 - - [18/Mar/2024:08:40:55 -0700] "GET /quform/images/default-loading.gif HTTP/1.1" 200 - "https://roundrockestate.com/floorplans" "Mozilla/5.0 (compatible; Bytespider; spider-feedback@bytedance.com) AppleWebKit/537.36 (KHTML, like Gecko) Chrome/70.0.0.0 Safari/537.36"
47.128.112.246 - - [18/Mar/2024:08:40:55 -0700] "GET /quform/images/error.png HTTP/1.1" 200 353 "https://roundrockestate.com/floorplans" "Mozilla/5.0 (compatible; Bytespider; spider-feedback@bytedance.com) AppleWebKit/537.36 (KHTML, like Gecko) Chrome/70.0.0.0 Safari/537.36"
216.244.66.242 - - [18/Mar/2024:08:46:04 -0700] "GET /404.php HTTP/1.1" 500 1182 "-" "Mozilla/5.0 (compatible; DotBot/1.2; +https://opensiteexplorer.org/dotbot; help@moz.com)"
216.244.66.242 - - [18/Mar/2024:09:37:18 -0700] "GET /robots.txt HTTP/1.1" 200 49 "-" "Mozilla/5.0 (compatible; DotBot/1.2; +https://opensiteexplorer.org/dotbot; help@moz.com)"
66.249.79.234 - - [18/Mar/2024:09:41:04 -0700] "GET / HTTP/1.1" 200 23639 "-" "Mozilla/5.0 (compatible; Googlebot/2.1; +http://www.google.com/bot.html)"
66.249.79.234 - - [18/Mar/2024:09:41:07 -0700] "GET /minisite/js/vendor/modernizr-2.6.2.min.js HTTP/1.1" 200 15414 "https://roundrockestate.com/" "Mozilla/5.0 AppleWebKit/537.36 (KHTML, like Gecko; compatible; Googlebot/2.1; +http://www.google.com/bot.html) Chrome/122.0.6261.94 Safari/537.36"
66.249.79.234 - - [18/Mar/2024:09:41:07 -0700] "GET /minisite/quform/js/contactForm-min.js HTTP/1.1" 200 63061 "https://roundrockestate.com/" "Mozilla/5.0 AppleWebKit/537.36 (KHTML, like Gecko; compatible; Googlebot/2.1; +http://www.google.com/bot.html) Chrome/122.0.6261.94 Safari/537.36"
66.249.79.234 - - [18/Mar/2024:09:41:08 -0700] "GET /minisite/js/plugins-min.js HTTP/1.1" 200 29285 "https://roundrockestate.com/" "Mozilla/5.0 AppleWebKit/537.36 (KHTML, like Gecko; compatible; Googlebot/2.1; +http://www.google.com/bot.html) Chrome/122.0.6261.94 Safari/537.36"
216.244.66.242 - - [18/Mar/2024:09:44:37 -0700] "GET /00032-browserconfig.xml HTTP/1.1" 500 1198 "-" "Mozilla/5.0 (compatible; DotBot/1.2; +https://opensiteexplorer.org/dotbot; help@moz.com)"
216.244.66.242 - - [18/Mar/2024:09:44:47 -0700] "GET /dump/sxd.js HTTP/1.1" 500 1183 "-" "Mozilla/5.0 (compatible; DotBot/1.2; +https://opensiteexplorer.org/dotbot; help@moz.com)"
66.249.79.235 - - [18/Mar/2024:09:47:42 -0700] "GET / HTTP/1.1" 200 23639 "-" "Mozilla/5.0 (compatible; Googlebot/2.1; +http://www.google.com/bot.html)"
66.249.79.235 - - [18/Mar/2024:09:47:44 -0700] "GET /minisite/js/vendor/modernizr-2.6.2.min.js HTTP/1.1" 200 15414 "https://roundrockestate.com/" "Mozilla/5.0 AppleWebKit/537.36 (KHTML, like Gecko; compatible; Googlebot/2.1; +http://www.google.com/bot.html) Chrome/122.0.6261.94 Safari/537.36"
66.249.79.234 - - [18/Mar/2024:09:47:45 -0700] "GET /minisite/js/plugins-min.js HTTP/1.1" 200 29285 "https://roundrockestate.com/" "Mozilla/5.0 AppleWebKit/537.36 (KHTML, like Gecko; compatible; Googlebot/2.1; +http://www.google.com/bot.html) Chrome/122.0.6261.94 Safari/537.36"
66.249.79.235 - - [18/Mar/2024:09:47:45 -0700] "GET /minisite/quform/js/contactForm-min.js HTTP/1.1" 200 63061 "https://roundrockestate.com/" "Mozilla/5.0 AppleWebKit/537.36 (KHTML, like Gecko; compatible; Googlebot/2.1; +http://www.google.com/bot.html) Chrome/122.0.6261.94 Safari/537.36"
107.186.1.4 - - [18/Mar/2024:10:02:48 -0700] "GET /contact HTTP/1.1" 200 20099 "http://roundrockestate.com/contact" "Mozilla/5.0 (X11; Linux x86_64) AppleWebKit/537.36 (KHTML, like Gecko) Chrome/114.0.0.0 Safari/537.36 OPR/89.0.4447.51"
23.81.70.236 - - [18/Mar/2024:10:02:50 -0700] "GET /contact/ HTTP/1.1" 200 20099 "http://roundrockestate.com/contact" "Mozilla/5.0 (X11; Linux x86_64) AppleWebKit/537.36 (KHTML, like Gecko) Chrome/114.0.0.0 Safari/537.36 OPR/89.0.4447.51"
107.186.1.4 - - [18/Mar/2024:10:02:51 -0700] "GET / HTTP/1.1" 200 23639 "-" "Mozilla/5.0 (X11; Linux x86_64) AppleWebKit/537.36 (KHTML, like Gecko) Chrome/114.0.0.0 Safari/537.36 OPR/89.0.4447.51"
23.81.70.236 - - [18/Mar/2024:10:02:53 -0700] "GET /contact HTTP/1.1" 200 20099 "http://roundrockestate.com/contact" "Mozilla/5.0 (X11; Linux x86_64) AppleWebKit/537.36 (KHTML, like Gecko) Chrome/114.0.0.0 Safari/537.36 OPR/89.0.4447.51"
77.75.78.164 - - [18/Mar/2024:10:21:22 -0700] "GET /assets/uploads/files/minisite/346fe-shiloh-estate-floor-plans-1.jpg HTTP/1.1" 304 - "-" "Mozilla/5.0 (compatible; SeznamBot/4.0; +http://napoveda.seznam.cz/seznambot-intro/)"
43.163.6.124 - - [18/Mar/2024:10:29:03 -0700] "GET / HTTP/1.1" 200 23639 "http://roundrockestate.com" "Mozilla/5.0 (iPhone; CPU iPhone OS 13_2_3 like Mac OS X) AppleWebKit/605.1.15 (KHTML, like Gecko) Version/13.0.3 Mobile/15E148 Safari/604.1"
40.77.167.63 - - [18/Mar/2024:10:34:41 -0700] "GET / HTTP/1.1" 200 23639 "-" "Mozilla/5.0 AppleWebKit/537.36 (KHTML, like Gecko; compatible; bingbot/2.0; +http://www.bing.com/bingbot.htm) Chrome/116.0.1938.76 Safari/537.36"
77.75.78.164 - - [18/Mar/2024:10:38:31 -0700] "GET /assets/uploads/files/minisite/d995-d50_3645_kitchen_waves_villa.jpg HTTP/1.1" 304 - "-" "Mozilla/5.0 (compatible; SeznamBot/4.0; +http://napoveda.seznam.cz/seznambot-intro/)"
66.249.79.233 - - [18/Mar/2024:10:41:32 -0700] "GET / HTTP/1.1" 200 23639 "-" "Mozilla/5.0 (compatible; Googlebot/2.1; +http://www.google.com/bot.html)"
66.249.79.234 - - [18/Mar/2024:10:41:34 -0700] "GET /minisite/js/vendor/modernizr-2.6.2.min.js HTTP/1.1" 200 15414 "https://roundrockestate.com/" "Mozilla/5.0 AppleWebKit/537.36 (KHTML, like Gecko; compatible; Googlebot/2.1; +http://www.google.com/bot.html) Chrome/122.0.6261.94 Safari/537.36"
66.249.79.233 - - [18/Mar/2024:10:41:34 -0700] "GET /minisite/quform/js/contactForm-min.js HTTP/1.1" 200 63061 "https://roundrockestate.com/" "Mozilla/5.0 AppleWebKit/537.36 (KHTML, like Gecko; compatible; Googlebot/2.1; +http://www.google.com/bot.html) Chrome/122.0.6261.94 Safari/537.36"
66.249.79.234 - - [18/Mar/2024:10:41:35 -0700] "GET /minisite/js/plugins-min.js HTTP/1.1" 200 29285 "https://roundrockestate.com/" "Mozilla/5.0 AppleWebKit/537.36 (KHTML, like Gecko; compatible; Googlebot/2.1; +http://www.google.com/bot.html) Chrome/122.0.6261.94 Safari/537.36"
77.75.78.164 - - [18/Mar/2024:10:54:35 -0700] "GET /assets/uploads/files/minisite/f48d-shiloh_estate_kitchen.jpg HTTP/1.1" 304 - "-" "Mozilla/5.0 (compatible; SeznamBot/4.0; +http://napoveda.seznam.cz/seznambot-intro/)"
77.75.78.164 - - [18/Mar/2024:11:25:32 -0700] "GET /assets/uploads/files/minisite/ea55-villa-alkera-65.jpg HTTP/1.1" 304 - "-" "Mozilla/5.0 (compatible; SeznamBot/4.0; +http://napoveda.seznam.cz/seznambot-intro/)"
66.249.79.233 - - [18/Mar/2024:11:28:12 -0700] "GET / HTTP/1.1" 200 23639 "-" "Mozilla/5.0 (compatible; Googlebot/2.1; +http://www.google.com/bot.html)"
66.249.79.233 - - [18/Mar/2024:11:28:20 -0700] "GET /minisite/quform/js/contactForm-min.js HTTP/1.1" 200 63061 "https://roundrockestate.com/" "Mozilla/5.0 AppleWebKit/537.36 (KHTML, like Gecko; compatible; Googlebot/2.1; +http://www.google.com/bot.html) Chrome/122.0.6261.94 Safari/537.36"
66.249.79.234 - - [18/Mar/2024:11:28:21 -0700] "GET /minisite/js/plugins-min.js HTTP/1.1" 200 29285 "https://roundrockestate.com/" "Mozilla/5.0 AppleWebKit/537.36 (KHTML, like Gecko; compatible; Googlebot/2.1; +http://www.google.com/bot.html) Chrome/122.0.6261.94 Safari/537.36"
66.249.79.233 - - [18/Mar/2024:11:28:22 -0700] "GET /minisite/js/vendor/modernizr-2.6.2.min.js HTTP/1.1" 200 15414 "https://roundrockestate.com/" "Mozilla/5.0 AppleWebKit/537.36 (KHTML, like Gecko; compatible; Googlebot/2.1; +http://www.google.com/bot.html) Chrome/122.0.6261.94 Safari/537.36"
77.75.78.164 - - [18/Mar/2024:11:53:37 -0700] "GET /assets/uploads/files/minisite/96f6-frangipani_living_room.jpg HTTP/1.1" 304 - "-" "Mozilla/5.0 (compatible; SeznamBot/4.0; +http://napoveda.seznam.cz/seznambot-intro/)"
176.123.1.145 - - [18/Mar/2024:11:54:55 -0700] "GET / HTTP/1.1" 200 23639 "" "Mozilla/5.0 (Windows NT 10.0; Win64; x64) AppleWebKit/537.36 (KHTML, like Gecko) Chrome/116.0.0.0 Safari/537.36 OPR/102.0.0.0"
176.123.1.145 - - [18/Mar/2024:11:54:57 -0700] "GET /contact HTTP/1.1" 200 20099 "" "Mozilla/5.0 (Windows NT 10.0; Win64; x64) AppleWebKit/537.36 (KHTML, like Gecko) Chrome/116.0.0.0 Safari/537.36 OPR/102.0.0.0"
176.123.1.145 - - [18/Mar/2024:11:55:04 -0700] "GET /contact/ HTTP/1.1" 200 20099 "" "Mozilla/5.0 (Windows NT 10.0; Win64; x64) AppleWebKit/537.36 (KHTML, like Gecko) Chrome/116.0.0.0 Safari/537.36 OPR/102.0.0.0"
114.119.155.10 - - [18/Mar/2024:12:02:15 -0700] "GET /assets/uploads/files/minisite/1f56c-browserconfig.xml HTTP/1.1" 200 246 "https://roundrockestate.com/assets/uploads/files/minisite/?C=M%3BO%3DA" "Mozilla/5.0 (Linux; Android 7.0;) AppleWebKit/537.36 (KHTML, like Gecko) Mobile Safari/537.36 (compatible; PetalBot;+https://webmaster.petalsearch.com/site/petalbot)"
216.244.66.242 - - [18/Mar/2024:12:38:42 -0700] "GET /robots.txt HTTP/1.1" 200 49 "-" "Mozilla/5.0 (compatible; DotBot/1.2; +https://opensiteexplorer.org/dotbot; help@moz.com)"
66.249.79.235 - - [18/Mar/2024:12:41:01 -0700] "GET /ads.txt HTTP/1.1" 500 1182 "-" "Mozilla/5.0 (compatible; Googlebot/2.1; +http://www.google.com/bot.html)"
216.244.66.242 - - [18/Mar/2024:12:46:54 -0700] "GET /0a8e6-villa_sea_2nd.jpg HTTP/1.1" 500 1198 "-" "Mozilla/5.0 (compatible; DotBot/1.2; +https://opensiteexplorer.org/dotbot; help@moz.com)"
65.154.226.168 - - [18/Mar/2024:12:50:51 -0700] "GET / HTTP/1.1" 200 23639 "http://roundrockestate.com" "Mozilla/5.0 (Windows NT 10.0) AppleWebKit/537.36 (KHTML, like Gecko) Chrome/106.0.0.0 Safari/537.36"
54.64.7.191 - - [18/Mar/2024:12:58:11 -0700] "GET /dup-installer/main.installer.php HTTP/1.1" 500 1192 "http://roundrockestate.com/dup-installer/main.installer.php" "-"
66.249.79.233 - - [18/Mar/2024:13:10:55 -0700] "GET /ads.txt HTTP/1.1" 500 1182 "-" "Mozilla/5.0 (compatible; Googlebot/2.1; +http://www.google.com/bot.html)"
128.90.135.191 - - [18/Mar/2024:13:25:11 -0700] "HEAD /wordpress HTTP/1.1" 500 - "http://roundrockestate.com/wordpress" "Mozilla/5.0 (Windows NT 10.0; Win64; x64) AppleWebKit/537.36 (KHTML, like Gecko) Chrome/74.0.3729.169 Safari/537.36"
128.90.135.191 - - [18/Mar/2024:13:25:13 -0700] "HEAD / HTTP/1.1" 403 - "http://roundrockestate.com/" "Mozilla/5.0 (Windows NT 10.0; Win64; x64) AppleWebKit/537.36 (KHTML, like Gecko) Chrome/74.0.3729.169 Safari/537.36"
128.90.135.191 - - [18/Mar/2024:13:25:14 -0700] "HEAD /wp HTTP/1.1" 500 - "http://roundrockestate.com/wp" "Mozilla/5.0 (Windows NT 10.0; Win64; x64) AppleWebKit/537.36 (KHTML, like Gecko) Chrome/74.0.3729.169 Safari/537.36"
128.90.135.191 - - [18/Mar/2024:13:25:16 -0700] "HEAD /bc HTTP/1.1" 500 - "http://roundrockestate.com/bc" "Mozilla/5.0 (Windows NT 10.0; Win64; x64) AppleWebKit/537.36 (KHTML, like Gecko) Chrome/74.0.3729.169 Safari/537.36"
128.90.135.191 - - [18/Mar/2024:13:25:17 -0700] "HEAD /bk HTTP/1.1" 500 - "http://roundrockestate.com/bk" "Mozilla/5.0 (Windows NT 10.0; Win64; x64) AppleWebKit/537.36 (KHTML, like Gecko) Chrome/74.0.3729.169 Safari/537.36"
128.90.135.191 - - [18/Mar/2024:13:25:20 -0700] "HEAD /backup HTTP/1.1" 500 - "http://roundrockestate.com/backup" "Mozilla/5.0 (Windows NT 10.0; Win64; x64) AppleWebKit/537.36 (KHTML, like Gecko) Chrome/74.0.3729.169 Safari/537.36"
128.90.135.191 - - [18/Mar/2024:13:25:22 -0700] "HEAD /old HTTP/1.1" 500 - "http://roundrockestate.com/old" "Mozilla/5.0 (Windows NT 10.0; Win64; x64) AppleWebKit/537.36 (KHTML, like Gecko) Chrome/74.0.3729.169 Safari/537.36"
128.90.135.191 - - [18/Mar/2024:13:25:24 -0700] "HEAD /new HTTP/1.1" 500 - "http://roundrockestate.com/new" "Mozilla/5.0 (Windows NT 10.0; Win64; x64) AppleWebKit/537.36 (KHTML, like Gecko) Chrome/74.0.3729.169 Safari/537.36"
128.90.135.191 - - [18/Mar/2024:13:25:25 -0700] "HEAD /main HTTP/1.1" 500 - "http://roundrockestate.com/main" "Mozilla/5.0 (Windows NT 10.0; Win64; x64) AppleWebKit/537.36 (KHTML, like Gecko) Chrome/74.0.3729.169 Safari/537.36"
128.90.135.191 - - [18/Mar/2024:13:25:28 -0700] "HEAD /home HTTP/1.1" 500 - "http://roundrockestate.com/home" "Mozilla/5.0 (Windows NT 10.0; Win64; x64) AppleWebKit/537.36 (KHTML, like Gecko) Chrome/74.0.3729.169 Safari/537.36"
85.208.96.194 - - [18/Mar/2024:14:40:06 -0700] "GET /robots.txt HTTP/1.1" 200 49 "-" "Mozilla/5.0 (compatible; SemrushBot/7~bl; +http://www.semrush.com/bot.html)"
185.191.171.6 - - [18/Mar/2024:14:40:06 -0700] "GET /availability HTTP/1.1" 200 22283 "-" "Mozilla/5.0 (compatible; SemrushBot/7~bl; +http://www.semrush.com/bot.html)"
77.75.78.164 - - [18/Mar/2024:14:55:57 -0700] "GET /assets/uploads/files/minisite/9a79-beach_esacpe_living2.jpg HTTP/1.1" 304 - "-" "Mozilla/5.0 (compatible; SeznamBot/4.0; +http://napoveda.seznam.cz/seznambot-intro/)"
114.119.131.11 - - [18/Mar/2024:15:04:24 -0700] "GET /robots.txt HTTP/1.1" 200 49 "-" "Mozilla/5.0 (compatible;PetalBot;+https://webmaster.petalsearch.com/site/petalbot)"
66.249.79.234 - - [18/Mar/2024:15:51:14 -0700] "GET /robots.txt HTTP/1.1" 200 49 "-" "Mozilla/5.0 (compatible; Googlebot/2.1; +http://www.google.com/bot.html)"
66.249.79.233 - - [18/Mar/2024:15:51:14 -0700] "GET / HTTP/1.1" 200 23639 "-" "Mozilla/5.0 (compatible; Googlebot/2.1; +http://www.google.com/bot.html)"
66.249.79.234 - - [18/Mar/2024:15:51:17 -0700] "GET /minisite/js/plugins-min.js HTTP/1.1" 200 29285 "https://roundrockestate.com/" "Mozilla/5.0 AppleWebKit/537.36 (KHTML, like Gecko; compatible; Googlebot/2.1; +http://www.google.com/bot.html) Chrome/122.0.6261.94 Safari/537.36"
66.249.79.233 - - [18/Mar/2024:15:51:17 -0700] "GET /minisite/js/vendor/modernizr-2.6.2.min.js HTTP/1.1" 200 15414 "https://roundrockestate.com/" "Mozilla/5.0 AppleWebKit/537.36 (KHTML, like Gecko; compatible; Googlebot/2.1; +http://www.google.com/bot.html) Chrome/122.0.6261.94 Safari/537.36"
66.249.79.233 - - [18/Mar/2024:15:51:18 -0700] "GET /minisite/quform/js/contactForm-min.js HTTP/1.1" 200 63061 "https://roundrockestate.com/" "Mozilla/5.0 AppleWebKit/537.36 (KHTML, like Gecko; compatible; Googlebot/2.1; +http://www.google.com/bot.html) Chrome/122.0.6261.94 Safari/537.36"
77.75.78.164 - - [18/Mar/2024:15:57:58 -0700] "GET /assets/uploads/files/minisite/5e51-round-rock_2081.jpg HTTP/1.1" 304 - "-" "Mozilla/5.0 (compatible; SeznamBot/4.0; +http://napoveda.seznam.cz/seznambot-intro/)"
47.128.119.98 - - [18/Mar/2024:16:20:10 -0700] "GET /main HTTP/1.1" 500 1183 "-" "Mozilla/5.0 (Linux; Android 5.0) AppleWebKit/537.36 (KHTML, like Gecko) Mobile Safari/537.36 (compatible; Bytespider; spider-feedback@bytedance.com)"
114.119.155.10 - - [18/Mar/2024:16:20:32 -0700] "GET /favicon.ico HTTP/1.1" 500 1186 "http://propertiesinparadiseaxa.com/tmp/analog/ssl/roundrockestate.propertiesinparadiseaxa.com/9.html" "Mozilla/5.0 (Linux; Android 7.0;) AppleWebKit/537.36 (KHTML, like Gecko) Mobile Safari/537.36 (compatible; PetalBot;+https://webmaster.petalsearch.com/site/petalbot)"
77.75.78.164 - - [18/Mar/2024:16:38:02 -0700] "GET /assets/uploads/files/minisite/d99d-18.jpg HTTP/1.1" 304 - "-" "Mozilla/5.0 (compatible; SeznamBot/4.0; +http://napoveda.seznam.cz/seznambot-intro/)"
114.119.136.141 - - [18/Mar/2024:16:54:40 -0700] "GET /assets/uploads/files/minisite/?C=S%3BO%3DA HTTP/1.1" 200 690348 "https://roundrockestate.com/assets/uploads/files/minisite/?C=M%3BO%3DA" "Mozilla/5.0 (Linux; Android 7.0;) AppleWebKit/537.36 (KHTML, like Gecko) Mobile Safari/537.36 (compatible; PetalBot;+https://webmaster.petalsearch.com/site/petalbot)"
66.249.79.233 - - [18/Mar/2024:17:11:14 -0700] "GET / HTTP/1.1" 200 23639 "-" "Mozilla/5.0 (compatible; Googlebot/2.1; +http://www.google.com/bot.html)"
66.249.79.233 - - [18/Mar/2024:17:11:17 -0700] "GET /minisite/js/vendor/modernizr-2.6.2.min.js HTTP/1.1" 200 15414 "https://roundrockestate.com/" "Mozilla/5.0 AppleWebKit/537.36 (KHTML, like Gecko; compatible; Googlebot/2.1; +http://www.google.com/bot.html) Chrome/122.0.6261.94 Safari/537.36"
66.249.79.233 - - [18/Mar/2024:17:11:18 -0700] "GET /minisite/js/plugins-min.js HTTP/1.1" 200 29285 "https://roundrockestate.com/" "Mozilla/5.0 AppleWebKit/537.36 (KHTML, like Gecko; compatible; Googlebot/2.1; +http://www.google.com/bot.html) Chrome/122.0.6261.94 Safari/537.36"
66.249.79.234 - - [18/Mar/2024:17:11:19 -0700] "GET /minisite/quform/js/contactForm-min.js HTTP/1.1" 200 63061 "https://roundrockestate.com/" "Mozilla/5.0 AppleWebKit/537.36 (KHTML, like Gecko; compatible; Googlebot/2.1; +http://www.google.com/bot.html) Chrome/122.0.6261.94 Safari/537.36"
66.249.79.234 - - [18/Mar/2024:17:14:15 -0700] "GET / HTTP/1.1" 200 23639 "-" "Mozilla/5.0 (compatible; Googlebot/2.1; +http://www.google.com/bot.html)"
66.249.79.234 - - [18/Mar/2024:17:14:18 -0700] "GET /minisite/js/vendor/modernizr-2.6.2.min.js HTTP/1.1" 200 15414 "https://roundrockestate.com/" "Mozilla/5.0 AppleWebKit/537.36 (KHTML, like Gecko; compatible; Googlebot/2.1; +http://www.google.com/bot.html) Chrome/122.0.6261.94 Safari/537.36"
66.249.79.233 - - [18/Mar/2024:17:14:19 -0700] "GET /minisite/js/plugins-min.js HTTP/1.1" 200 29285 "https://roundrockestate.com/" "Mozilla/5.0 AppleWebKit/537.36 (KHTML, like Gecko; compatible; Googlebot/2.1; +http://www.google.com/bot.html) Chrome/122.0.6261.94 Safari/537.36"
66.249.79.234 - - [18/Mar/2024:17:14:19 -0700] "GET /minisite/quform/js/contactForm-min.js HTTP/1.1" 200 63061 "https://roundrockestate.com/" "Mozilla/5.0 AppleWebKit/537.36 (KHTML, like Gecko; compatible; Googlebot/2.1; +http://www.google.com/bot.html) Chrome/122.0.6261.94 Safari/537.36"
114.119.137.94 - - [18/Mar/2024:17:23:22 -0700] "GET / HTTP/1.1" 200 23639 "http://propertiesinparadiseaxa.com/tmp/analog/limindacoconutanguilla.propertiesinparadiseaxa.com/11.html" "Mozilla/5.0 (Linux; Android 7.0;) AppleWebKit/537.36 (KHTML, like Gecko) Mobile Safari/537.36 (compatible; PetalBot;+https://webmaster.petalsearch.com/site/petalbot)"
66.249.79.235 - - [18/Mar/2024:17:44:32 -0700] "GET / HTTP/1.1" 200 23639 "-" "Mozilla/5.0 (compatible; Googlebot/2.1; +http://www.google.com/bot.html)"
66.249.79.234 - - [18/Mar/2024:17:44:34 -0700] "GET /minisite/js/vendor/modernizr-2.6.2.min.js HTTP/1.1" 200 15414 "https://roundrockestate.com/" "Mozilla/5.0 AppleWebKit/537.36 (KHTML, like Gecko; compatible; Googlebot/2.1; +http://www.google.com/bot.html) Chrome/122.0.6261.94 Safari/537.36"
66.249.79.235 - - [18/Mar/2024:17:44:35 -0700] "GET /minisite/quform/js/contactForm-min.js HTTP/1.1" 200 63061 "https://roundrockestate.com/" "Mozilla/5.0 AppleWebKit/537.36 (KHTML, like Gecko; compatible; Googlebot/2.1; +http://www.google.com/bot.html) Chrome/122.0.6261.94 Safari/537.36"
66.249.79.234 - - [18/Mar/2024:17:44:35 -0700] "GET /minisite/js/plugins-min.js HTTP/1.1" 200 29285 "https://roundrockestate.com/" "Mozilla/5.0 AppleWebKit/537.36 (KHTML, like Gecko; compatible; Googlebot/2.1; +http://www.google.com/bot.html) Chrome/122.0.6261.94 Safari/537.36"
77.75.78.164 - - [18/Mar/2024:17:55:15 -0700] "GET /assets/uploads/files/minisite/e4f1-the-cottage_meadsbay_bedroom1c.jpg HTTP/1.1" 304 - "-" "Mozilla/5.0 (compatible; SeznamBot/4.0; +http://napoveda.seznam.cz/seznambot-intro/)"
66.249.79.234 - - [18/Mar/2024:18:12:29 -0700] "GET / HTTP/1.1" 200 23639 "-" "Mozilla/5.0 (compatible; Googlebot/2.1; +http://www.google.com/bot.html)"
66.249.79.234 - - [18/Mar/2024:18:12:31 -0700] "GET /minisite/js/vendor/modernizr-2.6.2.min.js HTTP/1.1" 200 15414 "https://roundrockestate.com/" "Mozilla/5.0 AppleWebKit/537.36 (KHTML, like Gecko; compatible; Googlebot/2.1; +http://www.google.com/bot.html) Chrome/122.0.6261.94 Safari/537.36"
66.249.79.234 - - [18/Mar/2024:18:12:32 -0700] "GET /minisite/js/plugins-min.js HTTP/1.1" 200 29285 "https://roundrockestate.com/" "Mozilla/5.0 AppleWebKit/537.36 (KHTML, like Gecko; compatible; Googlebot/2.1; +http://www.google.com/bot.html) Chrome/122.0.6261.94 Safari/537.36"
66.249.79.234 - - [18/Mar/2024:18:12:33 -0700] "GET /minisite/quform/js/contactForm-min.js HTTP/1.1" 200 63061 "https://roundrockestate.com/" "Mozilla/5.0 AppleWebKit/537.36 (KHTML, like Gecko; compatible; Googlebot/2.1; +http://www.google.com/bot.html) Chrome/122.0.6261.94 Safari/537.36"
54.85.255.74 - - [18/Mar/2024:18:55:33 -0700] "GET /robots.txt HTTP/1.1" 200 49 "http://roundrockestate.com/robots.txt" "claudebot"
54.85.255.74 - - [18/Mar/2024:18:55:34 -0700] "GET /contact HTTP/1.1" 200 20099 "http://roundrockestate.com/contact" "claudebot"
77.75.78.164 - - [18/Mar/2024:19:42:18 -0700] "GET /assets/uploads/files/minisite/346f-contactsheet-001.jpg HTTP/1.1" 304 - "-" "Mozilla/5.0 (compatible; SeznamBot/4.0; +http://napoveda.seznam.cz/seznambot-intro/)"
77.75.78.164 - - [18/Mar/2024:20:33:28 -0700] "GET /assets/uploads/files/minisite/95ca-shiloh_estate_villa_anguilla_dining.jpg HTTP/1.1" 304 - "-" "Mozilla/5.0 (compatible; SeznamBot/4.0; +http://napoveda.seznam.cz/seznambot-intro/)"
77.75.78.164 - - [18/Mar/2024:20:33:29 -0700] "GET /assets/uploads/files/minisite/f6a3-36.jpg HTTP/1.1" 304 - "-" "Mozilla/5.0 (compatible; SeznamBot/4.0; +http://napoveda.seznam.cz/seznambot-intro/)"
77.75.78.164 - - [18/Mar/2024:20:56:42 -0700] "GET /assets/uploads/files/minisite/2fef-odyssey-villa-living-room-63.jpg HTTP/1.1" 304 - "-" "Mozilla/5.0 (compatible; SeznamBot/4.0; +http://napoveda.seznam.cz/seznambot-intro/)"
77.75.78.164 - - [18/Mar/2024:21:23:32 -0700] "GET /assets/uploads/files/minisite/cf2b-long-bay-villas-sky-pool-deck-7.jpg HTTP/1.1" 304 - "-" "Mozilla/5.0 (compatible; SeznamBot/4.0; +http://napoveda.seznam.cz/seznambot-intro/)"
77.75.78.164 - - [18/Mar/2024:22:40:41 -0700] "GET /assets/uploads/files/minisite/418f-triton_villa__home_hero.jpg HTTP/1.1" 304 - "-" "Mozilla/5.0 (compatible; SeznamBot/4.0; +http://napoveda.seznam.cz/seznambot-intro/)"
100.25.40.11 - - [18/Mar/2024:22:42:46 -0700] "GET /robots.txt HTTP/1.1" 200 49 "http://roundrockestate.com/robots.txt" "claudebot"
100.25.40.11 - - [18/Mar/2024:22:42:48 -0700] "GET /gallery HTTP/1.1" 200 13156 "http://roundrockestate.com/gallery" "claudebot"
77.75.78.164 - - [18/Mar/2024:23:30:44 -0700] "GET /assets/uploads/files/minisite/16f4-tranquility-beach-anguilla-a-3bdr-10.jpg HTTP/1.1" 304 - "-" "Mozilla/5.0 (compatible; SeznamBot/4.0; +http://napoveda.seznam.cz/seznambot-intro/)"
85.208.96.212 - - [18/Mar/2024:23:40:00 -0700] "GET /robots.txt HTTP/1.1" 200 49 "-" "Mozilla/5.0 (compatible; SemrushBot/7~bl; +http://www.semrush.com/bot.html)"
185.191.171.11 - - [18/Mar/2024:23:40:02 -0700] "GET /contact HTTP/1.1" 200 20099 "-" "Mozilla/5.0 (compatible; SemrushBot/7~bl; +http://www.semrush.com/bot.html)"
66.249.79.233 - - [19/Mar/2024:00:06:58 -0700] "GET / HTTP/1.1" 200 23639 "-" "Mozilla/5.0 (compatible; Googlebot/2.1; +http://www.google.com/bot.html)"
66.249.79.235 - - [19/Mar/2024:00:07:01 -0700] "GET /minisite/js/vendor/modernizr-2.6.2.min.js HTTP/1.1" 200 15414 "https://roundrockestate.com/" "Mozilla/5.0 AppleWebKit/537.36 (KHTML, like Gecko; compatible; Googlebot/2.1; +http://www.google.com/bot.html) Chrome/122.0.6261.94 Safari/537.36"
66.249.79.234 - - [19/Mar/2024:00:07:02 -0700] "GET /minisite/js/plugins-min.js HTTP/1.1" 200 29285 "https://roundrockestate.com/" "Mozilla/5.0 AppleWebKit/537.36 (KHTML, like Gecko; compatible; Googlebot/2.1; +http://www.google.com/bot.html) Chrome/122.0.6261.94 Safari/537.36"
66.249.79.233 - - [19/Mar/2024:00:07:02 -0700] "GET /minisite/quform/js/contactForm-min.js HTTP/1.1" 200 63061 "https://roundrockestate.com/" "Mozilla/5.0 AppleWebKit/537.36 (KHTML, like Gecko; compatible; Googlebot/2.1; +http://www.google.com/bot.html) Chrome/122.0.6261.94 Safari/537.36"
216.244.66.242 - - [19/Mar/2024:00:11:40 -0700] "GET /robots.txt HTTP/1.1" 200 49 "-" "Mozilla/5.0 (compatible; DotBot/1.2; +https://opensiteexplorer.org/dotbot; help@moz.com)"
66.249.79.235 - - [19/Mar/2024:00:14:53 -0700] "GET / HTTP/1.1" 200 23639 "-" "Mozilla/5.0 (compatible; Googlebot/2.1; +http://www.google.com/bot.html)"
66.249.79.235 - - [19/Mar/2024:00:14:55 -0700] "GET /minisite/js/vendor/modernizr-2.6.2.min.js HTTP/1.1" 200 15414 "https://roundrockestate.com/" "Mozilla/5.0 AppleWebKit/537.36 (KHTML, like Gecko; compatible; Googlebot/2.1; +http://www.google.com/bot.html) Chrome/122.0.6261.94 Safari/537.36"
66.249.79.235 - - [19/Mar/2024:00:14:55 -0700] "GET /minisite/js/plugins-min.js HTTP/1.1" 200 29285 "https://roundrockestate.com/" "Mozilla/5.0 AppleWebKit/537.36 (KHTML, like Gecko; compatible; Googlebot/2.1; +http://www.google.com/bot.html) Chrome/122.0.6261.94 Safari/537.36"
66.249.79.235 - - [19/Mar/2024:00:14:56 -0700] "GET /minisite/quform/js/contactForm-min.js HTTP/1.1" 200 63061 "https://roundrockestate.com/" "Mozilla/5.0 AppleWebKit/537.36 (KHTML, like Gecko; compatible; Googlebot/2.1; +http://www.google.com/bot.html) Chrome/122.0.6261.94 Safari/537.36"
216.244.66.242 - - [19/Mar/2024:00:19:22 -0700] "GET /bkp/archive.zip HTTP/1.1" 500 1182 "-" "Mozilla/5.0 (compatible; DotBot/1.2; +https://opensiteexplorer.org/dotbot; help@moz.com)"
47.128.17.0 - - [19/Mar/2024:00:20:12 -0700] "GET /robots.txt HTTP/1.1" 200 49 "-" "Mozilla/5.0 (Linux; Android 5.0) AppleWebKit/537.36 (KHTML, like Gecko) Mobile Safari/537.36 (compatible; Bytespider; spider-feedback@bytedance.com)"
47.128.20.65 - - [19/Mar/2024:00:20:31 -0700] "GET /new HTTP/1.1" 500 1182 "-" "Mozilla/5.0 (Linux; Android 5.0) AppleWebKit/537.36 (KHTML, like Gecko) Mobile Safari/537.36 (compatible; Bytespider; spider-feedback@bytedance.com)"
77.75.78.164 - - [19/Mar/2024:00:40:58 -0700] "GET /assets/uploads/files/minisite/d19c-limin--da-coconut-villa-72_home.jpg HTTP/1.1" 304 - "-" "Mozilla/5.0 (compatible; SeznamBot/4.0; +http://napoveda.seznam.cz/seznambot-intro/)"
34.236.152.203 - - [19/Mar/2024:01:00:19 -0700] "GET /robots.txt HTTP/1.1" 200 49 "http://roundrockestate.com/robots.txt" "claudebot"
34.236.152.203 - - [19/Mar/2024:01:00:20 -0700] "GET /floorplans HTTP/1.1" 200 20573 "http://roundrockestate.com/floorplans" "claudebot"
198.235.24.38 - - [19/Mar/2024:01:15:10 -0700] "GET / HTTP/1.1" 500 - "-" "Expanse, a Palo Alto Networks company, searches across the global IPv4 space multiple times per day to identify customers' presences on the Internet. If you would like to be excluded from our scans, please send IP addresses/domains to: scaninfo@paloaltonetworks.com"
77.75.78.164 - - [19/Mar/2024:01:15:55 -0700] "GET /assets/uploads/files/minisite/562b-lbv-sand-villa-exterior-3.jpg HTTP/1.1" 304 - "-" "Mozilla/5.0 (compatible; SeznamBot/4.0; +http://napoveda.seznam.cz/seznambot-intro/)"
66.249.79.235 - - [19/Mar/2024:01:22:15 -0700] "GET / HTTP/1.1" 200 23639 "-" "Mozilla/5.0 (compatible; Googlebot/2.1; +http://www.google.com/bot.html)"
66.249.79.233 - - [19/Mar/2024:01:22:18 -0700] "GET /minisite/js/vendor/modernizr-2.6.2.min.js HTTP/1.1" 200 15414 "https://roundrockestate.com/" "Mozilla/5.0 AppleWebKit/537.36 (KHTML, like Gecko; compatible; Googlebot/2.1; +http://www.google.com/bot.html) Chrome/122.0.6261.94 Safari/537.36"
66.249.79.233 - - [19/Mar/2024:01:22:18 -0700] "GET /minisite/quform/js/contactForm-min.js HTTP/1.1" 200 63061 "https://roundrockestate.com/" "Mozilla/5.0 AppleWebKit/537.36 (KHTML, like Gecko; compatible; Googlebot/2.1; +http://www.google.com/bot.html) Chrome/122.0.6261.94 Safari/537.36"
66.249.79.233 - - [19/Mar/2024:01:22:19 -0700] "GET /minisite/js/plugins-min.js HTTP/1.1" 200 29285 "https://roundrockestate.com/" "Mozilla/5.0 AppleWebKit/537.36 (KHTML, like Gecko; compatible; Googlebot/2.1; +http://www.google.com/bot.html) Chrome/122.0.6261.94 Safari/537.36"
77.75.78.164 - - [19/Mar/2024:01:33:03 -0700] "GET /assets/uploads/files/minisite/0f28-cottagebed_santosha10.jpg HTTP/1.1" 304 - "-" "Mozilla/5.0 (compatible; SeznamBot/4.0; +http://napoveda.seznam.cz/seznambot-intro/)"
66.249.79.235 - - [19/Mar/2024:01:41:12 -0700] "GET / HTTP/1.1" 200 23639 "-" "Mozilla/5.0 (compatible; Googlebot/2.1; +http://www.google.com/bot.html)"
66.249.79.233 - - [19/Mar/2024:01:41:15 -0700] "GET /minisite/js/vendor/modernizr-2.6.2.min.js HTTP/1.1" 200 15414 "https://roundrockestate.com/" "Mozilla/5.0 AppleWebKit/537.36 (KHTML, like Gecko; compatible; Googlebot/2.1; +http://www.google.com/bot.html) Chrome/122.0.6261.94 Safari/537.36"
66.249.79.234 - - [19/Mar/2024:01:41:16 -0700] "GET /minisite/js/plugins-min.js HTTP/1.1" 200 29285 "https://roundrockestate.com/" "Mozilla/5.0 AppleWebKit/537.36 (KHTML, like Gecko; compatible; Googlebot/2.1; +http://www.google.com/bot.html) Chrome/122.0.6261.94 Safari/537.36"
66.249.79.233 - - [19/Mar/2024:01:41:16 -0700] "GET /minisite/quform/js/contactForm-min.js HTTP/1.1" 200 63061 "https://roundrockestate.com/" "Mozilla/5.0 AppleWebKit/537.36 (KHTML, like Gecko; compatible; Googlebot/2.1; +http://www.google.com/bot.html) Chrome/122.0.6261.94 Safari/537.36"
3.229.122.112 - - [19/Mar/2024:01:43:37 -0700] "GET /robots.txt HTTP/1.1" 200 49 "http://roundrockestate.com/robots.txt" "claudebot"
3.229.122.112 - - [19/Mar/2024:01:43:38 -0700] "GET /contact/ HTTP/1.1" 200 20099 "http://roundrockestate.com/contact/" "claudebot"
77.75.78.164 - - [19/Mar/2024:01:59:02 -0700] "GET /assets/uploads/files/minisite/0b5e4-80second_thirdfloor.png HTTP/1.1" 304 - "-" "Mozilla/5.0 (compatible; SeznamBot/4.0; +http://napoveda.seznam.cz/seznambot-intro/)"
216.244.66.242 - - [19/Mar/2024:02:03:59 -0700] "GET /robots.txt HTTP/1.1" 200 49 "-" "Mozilla/5.0 (compatible; DotBot/1.2; +https://opensiteexplorer.org/dotbot; help@moz.com)"
35.175.127.247 - - [19/Mar/2024:02:06:27 -0700] "GET / HTTP/1.1" 200 23639 "-" "msnbot-media/1.1 ( http://search.msn.com/msnbot.htm)"
35.175.127.247 - - [19/Mar/2024:02:07:51 -0700] "GET /minisite/quform/js/contactForm-min.js HTTP/1.1" 200 63061 "-" "Mozilla/5.0 (X11; Linux x86_64) AppleWebKit/538.1 (KHTML, like Gecko) QupZilla/1.9.0 Safari/538.1"
35.175.127.247 - - [19/Mar/2024:02:07:51 -0700] "GET /minisite/js/vendor/modernizr-2.6.2.min.js HTTP/1.1" 200 15414 "-" "Mozilla/5.0 (Linux; Android 7.0; Nexus 9 Build/NRD90R) AppleWebKit/537.36 (KHTML, like Gecko) Chrome/53.0.2785.124 Safari/537.36"
35.175.127.247 - - [19/Mar/2024:02:07:51 -0700] "GET /minisite/js/plugins-min.js HTTP/1.1" 200 29285 "-" "Mozilla/5.0 (compatible; MSIE 9.0; Windows NT 6.1; Trident/5.0; XBLWP7; ZuneWP7) UCBrowser/2.9.0.263"
35.175.127.247 - - [19/Mar/2024:02:07:51 -0700] "GET /minisite/js/jquery-1.8.2.min.js HTTP/1.1" 200 93434 "-" "Mozilla/5.0 (Windows NT 6.3; Win64; x64) AppleWebKit/537.36 (KHTML, like Gecko) Chrome/83.0.4103.106 Safari/537.36"
35.175.127.247 - - [19/Mar/2024:02:07:51 -0700] "GET /minisite/js/jquery-3.1.1.min.js HTTP/1.1" 200 86708 "-" "Mozilla/5.0 (PlayBook; U; RIM Tablet OS 2.1.0; en-US) AppleWebKit/536.2+ (KHTML like Gecko) Version/7.2.1.0 Safari/536.2+"
35.175.127.247 - - [19/Mar/2024:02:07:51 -0700] "GET //ajax.googleapis.com/ajax/libs/jquery/3.1.1/jquery.min.js HTTP/1.1" 500 1194 "-" "Mozilla/5.0 (Macintosh; Intel Mac OS X 10_15_0) AppleWebKit/537.36 (KHTML, like Gecko) Chrome/100.0.4896.127 Safari/537.36"
35.175.127.247 - - [19/Mar/2024:02:07:51 -0700] "GET //www.google-analytics.com/analytics.js HTTP/1.1" 500 1199 "-" "Mozilla/5.0 (Macintosh; Intel Mac OS X 1083) AppleWebKit/537.36 (KHTML like Gecko) Chrome/28.0.1469.0 Safari/537.36"
35.175.127.247 - - [19/Mar/2024:02:07:51 -0700] "GET //ajax.googleapis.com/ajax/libs/jquery/1.8.2/jquery.min.js HTTP/1.1" 500 1194 "-" "Mozilla/5.0 (Windows NT 10.0; Win64; x64) AppleWebKit/537.36 (KHTML, like Gecko) Chrome/74.0.3729.169 Safari/537.36"
35.175.127.247 - - [19/Mar/2024:02:07:53 -0700] "GET /tracking.js HTTP/1.1" 500 1186 "-" "SEC-SGHE900/1.0 NetFront/3.2 Profile/MIDP-2.0 Configuration/CLDC-1.1 Opera/8.01 (J2ME/MIDP; Opera Mini/2.0.4509/1378; nl; U; ssr)"
216.244.66.242 - - [19/Mar/2024:02:11:26 -0700] "GET /0823a-santosha_home1.jpg HTTP/1.1" 500 1199 "-" "Mozilla/5.0 (compatible; DotBot/1.2; +https://opensiteexplorer.org/dotbot; help@moz.com)"
114.119.150.29 - - [19/Mar/2024:02:31:25 -0700] "GET /robots.txt HTTP/1.1" 200 49 "-" "Mozilla/5.0 (compatible;PetalBot;+https://webmaster.petalsearch.com/site/petalbot)"
128.90.129.81 - - [19/Mar/2024:02:38:43 -0700] "HEAD /wordpress HTTP/1.1" 500 - "http://roundrockestate.com/wordpress" "Mozilla/5.0 (Windows NT 10.0; Win64; x64) AppleWebKit/537.36 (KHTML, like Gecko) Chrome/74.0.3729.169 Safari/537.36"
128.90.129.81 - - [19/Mar/2024:02:38:45 -0700] "HEAD / HTTP/1.1" 403 - "http://roundrockestate.com/" "Mozilla/5.0 (Windows NT 10.0; Win64; x64) AppleWebKit/537.36 (KHTML, like Gecko) Chrome/74.0.3729.169 Safari/537.36"
128.90.129.81 - - [19/Mar/2024:02:38:46 -0700] "HEAD /wp HTTP/1.1" 500 - "http://roundrockestate.com/wp" "Mozilla/5.0 (Windows NT 10.0; Win64; x64) AppleWebKit/537.36 (KHTML, like Gecko) Chrome/74.0.3729.169 Safari/537.36"
128.90.129.81 - - [19/Mar/2024:02:38:47 -0700] "HEAD /bc HTTP/1.1" 500 - "http://roundrockestate.com/bc" "Mozilla/5.0 (Windows NT 10.0; Win64; x64) AppleWebKit/537.36 (KHTML, like Gecko) Chrome/74.0.3729.169 Safari/537.36"
128.90.129.81 - - [19/Mar/2024:02:38:49 -0700] "HEAD /bk HTTP/1.1" 500 - "http://roundrockestate.com/bk" "Mozilla/5.0 (Windows NT 10.0; Win64; x64) AppleWebKit/537.36 (KHTML, like Gecko) Chrome/74.0.3729.169 Safari/537.36"
128.90.129.81 - - [19/Mar/2024:02:38:51 -0700] "HEAD /backup HTTP/1.1" 500 - "http://roundrockestate.com/backup" "Mozilla/5.0 (Windows NT 10.0; Win64; x64) AppleWebKit/537.36 (KHTML, like Gecko) Chrome/74.0.3729.169 Safari/537.36"
128.90.129.81 - - [19/Mar/2024:02:38:53 -0700] "HEAD /old HTTP/1.1" 500 - "http://roundrockestate.com/old" "Mozilla/5.0 (Windows NT 10.0; Win64; x64) AppleWebKit/537.36 (KHTML, like Gecko) Chrome/74.0.3729.169 Safari/537.36"
128.90.129.81 - - [19/Mar/2024:02:38:55 -0700] "HEAD /new HTTP/1.1" 500 - "http://roundrockestate.com/new" "Mozilla/5.0 (Windows NT 10.0; Win64; x64) AppleWebKit/537.36 (KHTML, like Gecko) Chrome/74.0.3729.169 Safari/537.36"
128.90.129.81 - - [19/Mar/2024:02:38:57 -0700] "HEAD /main HTTP/1.1" 500 - "http://roundrockestate.com/main" "Mozilla/5.0 (Windows NT 10.0; Win64; x64) AppleWebKit/537.36 (KHTML, like Gecko) Chrome/74.0.3729.169 Safari/537.36"
128.90.129.81 - - [19/Mar/2024:02:39:00 -0700] "HEAD /home HTTP/1.1" 500 - "http://roundrockestate.com/home" "Mozilla/5.0 (Windows NT 10.0; Win64; x64) AppleWebKit/537.36 (KHTML, like Gecko) Chrome/74.0.3729.169 Safari/537.36"
54.235.6.60 - - [19/Mar/2024:02:53:57 -0700] "GET /robots.txt HTTP/1.1" 200 49 "http://roundrockestate.com/robots.txt" "claudebot"
54.235.6.60 - - [19/Mar/2024:02:53:58 -0700] "GET /rates HTTP/1.1" 200 36595 "http://roundrockestate.com/rates" "claudebot"
216.244.66.242 - - [19/Mar/2024:03:57:09 -0700] "GET /robots.txt HTTP/1.1" 200 49 "-" "Mozilla/5.0 (compatible; DotBot/1.2; +https://opensiteexplorer.org/dotbot; help@moz.com)"
216.244.66.242 - - [19/Mar/2024:04:03:43 -0700] "GET /dump/archive.zip HTTP/1.1" 500 1183 "-" "Mozilla/5.0 (compatible; DotBot/1.2; +https://opensiteexplorer.org/dotbot; help@moz.com)"
54.36.148.20 - - [19/Mar/2024:04:11:17 -0700] "GET /robots.txt HTTP/1.1" 200 49 "-" "Mozilla/5.0 (compatible; AhrefsBot/7.0; +http://ahrefs.com/robot/)"
51.222.253.3 - - [19/Mar/2024:04:11:18 -0700] "GET /contact HTTP/1.1" 200 20099 "-" "Mozilla/5.0 (compatible; AhrefsBot/7.0; +http://ahrefs.com/robot/)"
77.75.78.164 - - [19/Mar/2024:04:14:19 -0700] "GET /robots.txt HTTP/1.1" 200 49 "-" "Mozilla/5.0 (compatible; SeznamBot/4.0; +http://napoveda.seznam.cz/seznambot-intro/)"
77.75.78.164 - - [19/Mar/2024:04:14:19 -0700] "GET /assets/uploads/files/minisite/ef04-round-rock_villa-bedroom_1995.jpg HTTP/1.1" 304 - "-" "Mozilla/5.0 (compatible; SeznamBot/4.0; +http://napoveda.seznam.cz/seznambot-intro/)"